{"id":9124,"date":"2023-05-19T11:53:48","date_gmt":"2023-05-19T09:53:48","guid":{"rendered":"https:\/\/semmelweis.hu\/tdk\/?page_id=9124"},"modified":"2025-07-10T11:54:59","modified_gmt":"2025-07-10T09:54:59","slug":"rektori-palyazat-ortopedia-klinika-2023-2024","status":"publish","type":"page","link":"https:\/\/semmelweis.hu\/tdk\/rektori-palyazat\/rektori-palyazat-meghirdetett-temak\/rektori-palyazat-ortopedia-klinika-2023-2024\/","title":{"rendered":"Ortop\u00e9diai Klinika &#8211; Rektori p\u00e1ly\u00e1zat"},"content":{"rendered":"<h4><strong>Rektori p\u00e1ly\u00e1zat Ortop\u00e9dia Klinika 2025\/2026<\/strong><\/h4>\n<table style=\"border-collapse: collapse;width: 100%;height: 66px\">\n<tbody>\n<tr style=\"height: 33px\">\n<td style=\"width: 50%;height: 33px\"><strong>Rektori p\u00e1ly\u00e1zat c\u00edme<\/strong><\/td>\n<td style=\"width: 50%;height: 33px\"><strong>T\u00e9mavezet\u0151<\/strong><\/td>\n<\/tr>\n<tr style=\"height: 33px\">\n<td style=\"width: 50%;height: 33px\">Nagyfok\u00fa csonthi\u00e1nyos cs\u00edp\u0151rev\u00edzi\u00f3k 3d nyomtat\u00e1s alap\u00fa megtervez\u00e9se<\/td>\n<td style=\"width: 50%;height: 33px\">Dr. Bejek Zolt\u00e1n egyetemi docens<\/td>\n<\/tr>\n<tr>\n<td style=\"width: 50%\">Kajak-Kenu sportol\u00f3k mozg\u00e1smint\u00e1j\u00e1nak\u00a0biomechanikai vizsg\u00e1lata<\/td>\n<td style=\"width: 50%\">Dr. Bejek Zolt\u00e1n PhD<\/td>\n<\/tr>\n<tr>\n<td style=\"width: 50%\">A velesz\u00fcletett dongal\u00e1b deformit\u00e1s kezel\u00e9se a Ponseti m\u00f3dszer szerint<\/td>\n<td style=\"width: 50%\">Dr. Szab\u00f3 Mikl\u00f3s K\u00e1roly, klinikai f\u0151orvos\u00a0<\/td>\n<\/tr>\n<tr>\n<td style=\"width: 50%\">Cs\u00edp\u0151rev\u00edzi\u00f3s\u00a0m\u0171t\u00e9tek sz\u00f6v\u0151dm\u00e9nyei \u00e9s prognosztikus faktorai<\/td>\n<td style=\"width: 50%\">Dr. Bejek Zolt\u00e1n PhD egyetemi docens; Dr. Szil\u00e1gyi G\u00e1bor PhD-hallgat\u00f3<\/td>\n<\/tr>\n<tr>\n<td style=\"width: 50%\">3D modellez\u00e9s alap\u00fa csontvastags\u00e1g m\u00e9r\u00e9s nagyfok\u00fa acetabularis csonthi\u00e1ny eset\u00e9n<\/td>\n<td style=\"width: 50%\">Dr. Bejek Zolt\u00e1n PhD egyetemi docens<\/td>\n<\/tr>\n<tr>\n<td style=\"width: 50%\">Tapasztalataink a nat\u00edv v\u00e1ll\u00edz\u00fcletet \u00e9s \u00edz\u00fclet k\u00f6r\u00fcli r\u00e9gi\u00f3kat is \u00e9rint\u0151 szeptikus folyamatok ell\u00e1t\u00e1s\u00e1val<\/td>\n<td style=\"width: 50%\">Dr. Sallai Imre egyetemi tan\u00e1rseg\u00e9d<\/td>\n<\/tr>\n<tr>\n<td style=\"width: 50%\">A Laterjet m\u0171t\u00e9t k\u00f6z\u00e9p \u00e9s hossz\u00fat\u00e1v\u00fa ut\u00e1nk\u00f6vet\u00e9se<\/td>\n<td style=\"width: 50%\">Dr. Skaliczki G\u00e1bor PhD, egyetemi adjunktus, Dr. Vir\u00e1g-Tulassay Eszter<\/td>\n<\/tr>\n<tr>\n<td style=\"width: 50%\">Az els\u0151 el\u00fcls\u0151 v\u00e1llficam kezel\u00e9si lehet\u00e9sginek \u00f6sszehasonl\u00edt\u00e1sa<\/td>\n<td style=\"width: 50%\">Dr. Skaliczki G\u00e1bor PhD, egyetemi adjunktus, Dr. Vir\u00e1g-Tulassay Eszter<\/td>\n<\/tr>\n<\/tbody>\n<\/table>\n","protected":false},"excerpt":{"rendered":"<p>Rektori p\u00e1ly\u00e1zat Ortop\u00e9dia Klinika 2025\/2026 Rektori p\u00e1ly\u00e1zat c\u00edme T\u00e9mavezet\u0151 Nagyfok\u00fa csonthi\u00e1nyos cs\u00edp\u0151rev\u00edzi\u00f3k 3d nyomtat\u00e1s alap\u00fa megtervez\u00e9se Dr. Bejek Zolt\u00e1n egyetemi docens Kajak-Kenu sportol\u00f3k mozg\u00e1smint\u00e1j\u00e1nak\u00a0biomechanikai vizsg\u00e1lata Dr. Bejek Zolt\u00e1n PhD A velesz\u00fcletett dongal\u00e1b deformit\u00e1s kezel\u00e9se a Ponseti m\u00f3dszer szerint Dr. Szab\u00f3 Mikl\u00f3s K\u00e1roly, klinikai f\u0151orvos\u00a0 Cs\u00edp\u0151rev\u00edzi\u00f3s\u00a0m\u0171t\u00e9tek sz\u00f6v\u0151dm\u00e9nyei \u00e9s prognosztikus faktorai Dr. Bejek Zolt\u00e1n PhD egyetemi docens; &hellip;<\/p>\n","protected":false},"author":101596,"featured_media":0,"parent":9092,"menu_order":0,"comment_status":"closed","ping_status":"closed","template":"","meta":{"_acf_changed":false,"footnotes":""},"categories":[],"tags":[99],"class_list":["post-9124","page","type-page","status-publish","hentry","tag-aok-rektori-palyazat"],"acf":[],"publishpress_future_action":{"enabled":false,"date":"1970-01-01 01:00:00","action":"","terms":[],"taxonomy":"","browser_timezone_offset":0},"_links":{"self":[{"href":"https:\/\/semmelweis.hu\/tdk\/wp-json\/wp\/v2\/pages\/9124","targetHints":{"allow":["GET"]}}],"collection":[{"href":"https:\/\/semmelweis.hu\/tdk\/wp-json\/wp\/v2\/pages"}],"about":[{"href":"https:\/\/semmelweis.hu\/tdk\/wp-json\/wp\/v2\/types\/page"}],"author":[{"embeddable":true,"href":"https:\/\/semmelweis.hu\/tdk\/wp-json\/wp\/v2\/users\/101596"}],"replies":[{"embeddable":true,"href":"https:\/\/semmelweis.hu\/tdk\/wp-json\/wp\/v2\/comments?post=9124"}],"version-history":[{"count":10,"href":"https:\/\/semmelweis.hu\/tdk\/wp-json\/wp\/v2\/pages\/9124\/revisions"}],"predecessor-version":[{"id":11456,"href":"https:\/\/semmelweis.hu\/tdk\/wp-json\/wp\/v2\/pages\/9124\/revisions\/11456"}],"up":[{"embeddable":true,"href":"https:\/\/semmelweis.hu\/tdk\/wp-json\/wp\/v2\/pages\/9092"}],"wp:attachment":[{"href":"https:\/\/semmelweis.hu\/tdk\/wp-json\/wp\/v2\/media?parent=9124"}],"wp:term":[{"taxonomy":"category","embeddable":true,"href":"https:\/\/semmelweis.hu\/tdk\/wp-json\/wp\/v2\/categories?post=9124"},{"taxonomy":"post_tag","embeddable":true,"href":"https:\/\/semmelweis.hu\/tdk\/wp-json\/wp\/v2\/tags?post=9124"}],"curies":[{"name":"wp","href":"https:\/\/api.w.org\/{rel}","templated":true}]}}