{"id":9117,"date":"2023-05-19T09:22:47","date_gmt":"2023-05-19T07:22:47","guid":{"rendered":"https:\/\/semmelweis.hu\/tdk\/?page_id=9117"},"modified":"2025-07-10T12:49:41","modified_gmt":"2025-07-10T10:49:41","slug":"bor-nemikortani-es-boronkologiai-klinika-rektori-palyazat","status":"publish","type":"page","link":"https:\/\/semmelweis.hu\/tdk\/rektori-palyazat\/rektori-palyazat-meghirdetett-temak\/bor-nemikortani-es-boronkologiai-klinika-rektori-palyazat\/","title":{"rendered":"B\u0151r-, Nemik\u00f3rtani \u00e9s B\u0151ronkol\u00f3giai Klinika &#8211; Rektori p\u00e1ly\u00e1zat"},"content":{"rendered":"<h3>Rektori p\u00e1ly\u00e1zat B\u0151r-, Nemik\u00f3rtani \u00e9s B\u0151ronkol\u00f3giai Klinika 2025\/2026<\/h3>\n<table style=\"width: 71.1224%;height: 3645px\" width=\"648\">\n<tbody>\n<tr>\n<td style=\"width: 67.4538%\" width=\"438\"><strong>Rektori p\u00e1lyamunka c\u00edme<\/strong><\/td>\n<td style=\"width: 32.3409%\" width=\"210\"><strong>T\u00e9mavezet\u0151 neve (fokozattal)<\/strong><\/td>\n<\/tr>\n<tr>\n<td style=\"width: 67.4538%\" width=\"438\">A melanoma malignum agressz\u00edv \u00e9s kev\u00e9sb\u00e9 agressz\u00edv klinikai t\u00edpusainak \u00f6sszehasonl\u00edt\u00f3 elemz\u00e9se proteomikai mint\u00e1k alapj\u00e1n<\/td>\n<td style=\"width: 32.3409%\" width=\"210\">Prof. Holl\u00f3 P\u00e9ter<\/td>\n<\/tr>\n<tr>\n<td style=\"width: 67.4538%\" width=\"438\">Neoadjuv\u00e1ns kezel\u00e9sek a nagy rizik\u00f3j\u00fa melanoma ell\u00e1s\u00e1ban<\/td>\n<td style=\"width: 32.3409%\" width=\"210\">Prof. Holl\u00f3 P\u00e9ter<\/td>\n<\/tr>\n<tr>\n<td style=\"width: 67.4538%\" width=\"438\">Kardiovaszkul\u00e1ris \u00e9s m\u00e1s t\u00e1rsbetegs\u00e9gekkel \u00f6sszef\u00fcgg\u0151 markerek vizsg\u00e1lata k\u00f6z\u00e9ps\u00falyos-s\u00falyos pikkelys\u00f6m\u00f6r\u00f6s betegekben<\/td>\n<td style=\"width: 32.3409%\" width=\"210\">Prof. Holl\u00f3 P\u00e9ter<\/td>\n<\/tr>\n<tr>\n<td style=\"width: 67.4538%\" width=\"438\">Neurofibromat\u00f3zis multimod\u00e1lis elemz\u00e9se<\/td>\n<td style=\"width: 32.3409%\" width=\"210\">Dr. Medvecz M\u00e1rta PhD<\/td>\n<\/tr>\n<tr>\n<td style=\"width: 67.4538%\" width=\"438\">\u00daj kontakt allerg\u00e9nek az epicutan tesztsorban<\/td>\n<td style=\"width: 32.3409%\" width=\"210\">Dr. P\u00f3nyai Gy\u00f6rgyi PhD<\/td>\n<\/tr>\n<tr>\n<td style=\"width: 67.4538%\" width=\"438\">K\u00fcl\u00f6nf\u00e9le b\u0151rbetegs\u00e9gekhez t\u00e1rsul\u00f3 kontakt szenzibiliz\u00e1ci\u00f3<\/td>\n<td style=\"width: 32.3409%\" width=\"210\">Dr. P\u00f3nyai Gy\u00f6rgyi PhD<\/td>\n<\/tr>\n<tr>\n<td style=\"width: 67.4538%\" width=\"438\">Oralis allergia szindroma<\/td>\n<td style=\"width: 32.3409%\" width=\"210\">Dr. P\u00f3nyai Gy\u00f6rgyi PhD<\/td>\n<\/tr>\n<tr>\n<td style=\"width: 67.4538%\" width=\"438\">Biol\u00f3giai ter\u00e1pi\u00e1k at\u00f3pi\u00e1ban<\/td>\n<td style=\"width: 32.3409%\" width=\"210\">Dr. P\u00f3nyai Gy\u00f6rgyi PhD<\/td>\n<\/tr>\n<tr>\n<td style=\"width: 67.4538%\" width=\"438\">Feln\u0151ttkori at\u00f3pia jellegzetess\u00e9gei<\/td>\n<td style=\"width: 32.3409%\" width=\"210\">Dr. P\u00f3nyai Gy\u00f6rgyi PhD<\/td>\n<\/tr>\n<tr>\n<td style=\"width: 67.4538%\" width=\"438\">Ill\u00f3olaj kontakt szenzibiliz\u00e1ci\u00f3<\/td>\n<td style=\"width: 32.3409%\" width=\"210\">Dr. P\u00f3nyai Gy\u00f6rgyi PhD<\/td>\n<\/tr>\n<tr>\n<td style=\"width: 67.4538%\" width=\"438\">Illatanyag szenzibiliz\u00e1ci\u00f3 aktualit\u00e1sai<\/td>\n<td style=\"width: 32.3409%\" width=\"210\">Dr. P\u00f3nyai Gy\u00f6rgyi PhD<\/td>\n<\/tr>\n<tr>\n<td style=\"width: 67.4538%\" width=\"438\">Arci dermatitisok \u00e9s kontakt szenzibiliz\u00e1ci\u00f3<\/td>\n<td style=\"width: 32.3409%\" width=\"210\">Dr. P\u00f3nyai Gy\u00f6rgyi PhD<\/td>\n<\/tr>\n<tr>\n<td style=\"width: 67.4538%\" width=\"438\">Kontakt szenzibiliz\u00e1ci\u00f3 gyermekkorban<\/td>\n<td style=\"width: 32.3409%\" width=\"210\">Dr. P\u00f3nyai Gy\u00f6rgyi PhD<\/td>\n<\/tr>\n<tr>\n<td style=\"width: 67.4538%\" width=\"438\">Rosacea \u00e9s kontakt szenzibiliz\u00e1ci\u00f3<\/td>\n<td style=\"width: 32.3409%\" width=\"210\">Dr. P\u00f3nyai Gy\u00f6rgyi PhD<\/td>\n<\/tr>\n<tr>\n<td style=\"width: 67.4538%\" width=\"438\">Biol\u00f3giai ter\u00e1pi\u00e1k adverz hat\u00e1sai<\/td>\n<td style=\"width: 32.3409%\" width=\"210\">Dr. P\u00f3nyai Gy\u00f6rgyi PhD<\/td>\n<\/tr>\n<tr>\n<td style=\"width: 67.4538%\" width=\"438\">A f\u00e9m szenzibiliz\u00e1ci\u00f3 aktualit\u00e1sai<\/td>\n<td style=\"width: 32.3409%\" width=\"210\">Dr. P\u00f3nyai Gy\u00f6rgyi PhD<\/td>\n<\/tr>\n<tr>\n<td style=\"width: 67.4538%\" width=\"438\">Lok\u00e1lis szteroid szenzibiliz\u00e1ci\u00f3<\/td>\n<td style=\"width: 32.3409%\" width=\"210\">Dr. P\u00f3nyai Gy\u00f6rgyi PhD<\/td>\n<\/tr>\n<tr>\n<td style=\"width: 67.4538%\" width=\"438\">Kozmetikai beavatkoz\u00e1sok allergol\u00f3giai adverz hat\u00e1sai<\/td>\n<td style=\"width: 32.3409%\" width=\"210\">Dr. P\u00f3nyai Gy\u00f6rgyi PhD<\/td>\n<\/tr>\n<tr>\n<td style=\"width: 67.4538%\" width=\"438\">Chronikus urticaria omalizumab kezel\u00e9s\u00e9vel szerzett tapasztalataink<\/td>\n<td style=\"width: 32.3409%\" width=\"210\">Dr. Hidv\u00e9gi Bernadett PhD<\/td>\n<\/tr>\n<tr>\n<td style=\"width: 67.4538%\" width=\"438\">Pityriasis rubra pilaris patomechanizmus, klinikai form\u00e1k, kezel\u00e9s<\/td>\n<td style=\"width: 32.3409%\" width=\"210\">Dr. Hidv\u00e9gi Bernadett PhD<\/td>\n<\/tr>\n<tr>\n<td style=\"width: 67.4538%\" width=\"438\">Cutan lupus erythematodes ritk\u00e1bb form\u00e1i \u00e9s kezel\u00e9s\u00fck<\/td>\n<td style=\"width: 32.3409%\" width=\"210\">Dr. Hidv\u00e9gi Bernadett PhD<\/td>\n<\/tr>\n<tr>\n<td style=\"width: 67.4538%\" width=\"438\">Immunter\u00e1pi\u00e1ra kedvez\u0151 illetve kedvez\u0151tlen v\u00e1lszt ad\u00f3 melanom\u00e1s betegek \u00f6sszehasonl\u00edt\u00e1sa<\/td>\n<td style=\"width: 32.3409%\" width=\"210\">Dr. T\u00f3th Veronika PhD<\/td>\n<\/tr>\n<tr>\n<td style=\"width: 67.4538%\" width=\"438\">T\u00f6bbedvonalbeli kezel\u00e9st kap\u00f3 melanom\u00e1s betegek vizsg\u00e1lat<\/td>\n<td style=\"width: 32.3409%\" width=\"210\">Dr. T\u00f3th Veronika PhD<\/td>\n<\/tr>\n<tr>\n<td style=\"width: 67.4538%\" width=\"438\">Immun- \u00e9s lokoregion\u00e1lis kezel\u00e9sben r\u00e9szes\u00fcl\u0151 melanom\u00e1 betegek k\u00f3rlefoly\u00e1sa<\/td>\n<td style=\"width: 32.3409%\" width=\"210\">Dr. T\u00f3th Veronika PhD<\/td>\n<\/tr>\n<tr>\n<td style=\"width: 67.4538%\" width=\"438\">Eszt\u00e9tikai beavatkoz\u00e1son \u00e1tes\u0151 p\u00e1ciensek \u00e9letmin\u0151s\u00e9g\u00e9nek vizsg\u00e1lata<\/td>\n<td style=\"width: 32.3409%\" width=\"210\">Dr. Kem\u00e9ny Lajos PhD<\/td>\n<\/tr>\n<tr>\n<td style=\"width: 67.4538%\" width=\"438\">Patogenetikai komponensek g\u00e1tl\u00e1s\u00e1nak hat\u00e1sa dermatitis herpetiformisban<\/td>\n<td style=\"width: 32.3409%\">Prof. S\u00e1rdy Mikl\u00f3s<\/td>\n<\/tr>\n<tr>\n<td style=\"width: 67.4538%\" width=\"438\">A Syk g\u00e1tl\u00f3k hat\u00e1sa bullosus pemphigoidban<\/td>\n<td style=\"width: 32.3409%\">Prof. S\u00e1rdy Mikl\u00f3s<\/td>\n<\/tr>\n<tr>\n<td style=\"width: 67.4538%\" width=\"438\">Neutrophilic dermatoses in inflammatory bowel disease<\/td>\n<td style=\"width: 32.3409%\">Prof. S\u00e1rdy Mikl\u00f3s<\/td>\n<\/tr>\n<tr>\n<td style=\"width: 67.4538%\" width=\"438\">Melanomdiagnostik mithilfe dermatoskopischer Bildanalyse k\u00fcnstlicher Intelligenz<\/td>\n<td style=\"width: 32.3409%\">Prof. S\u00e1rdy Mikl\u00f3s<\/td>\n<\/tr>\n<tr>\n<td style=\"width: 67.4538%\" width=\"438\">Patogenetikai komponensek g\u00e1tl\u00e1s\u00e1nak hat\u00e1sa bullosus pemphigoidban<\/td>\n<td style=\"width: 32.3409%\">Prof. S\u00e1rdy Mikl\u00f3s<\/td>\n<\/tr>\n<tr>\n<td style=\"width: 67.4538%\" width=\"438\">Az alopecia areata klinikuma \u00e9s kezel\u00e9se<\/td>\n<td style=\"width: 32.3409%\">Prof. S\u00e1rdy Mikl\u00f3s<\/td>\n<\/tr>\n<tr>\n<td style=\"width: 67.4538%\" width=\"438\">A lichen sclerosus et atrophicus klinikuma \u00e9s kezel\u00e9se<\/td>\n<td style=\"width: 32.3409%\">Prof. S\u00e1rdy Mikl\u00f3s<\/td>\n<\/tr>\n<tr>\n<td style=\"width: 67.4538%\" width=\"438\">A JAK-g\u00e1tl\u00f3k haszn\u00e1lata a b\u0151rgy\u00f3gy\u00e1szatban<\/td>\n<td style=\"width: 32.3409%\">Prof. S\u00e1rdy Mikl\u00f3s<\/td>\n<\/tr>\n<tr>\n<td style=\"width: 67.4538%\" width=\"438\">Clinical features and treatment of alopecia areata<\/td>\n<td style=\"width: 32.3409%\">Prof. S\u00e1rdy Mikl\u00f3s<\/td>\n<\/tr>\n<tr>\n<td style=\"width: 67.4538%\" width=\"438\">Clinical features and treatment of lichen sclerosus et atrophicus<\/td>\n<td style=\"width: 32.3409%\">Prof. S\u00e1rdy Mikl\u00f3s<\/td>\n<\/tr>\n<tr>\n<td style=\"width: 67.4538%\" width=\"438\">Use of JAK inhibitors in dermatology<\/td>\n<td style=\"width: 32.3409%\">Prof. S\u00e1rdy Mikl\u00f3s<\/td>\n<\/tr>\n<tr>\n<td style=\"width: 67.4538%\" width=\"438\">Klinische Eigenschaften und Behandlung von Alopecia areata<\/td>\n<td style=\"width: 32.3409%\">Prof. S\u00e1rdy Mikl\u00f3s<\/td>\n<\/tr>\n<tr>\n<td style=\"width: 67.4538%\" width=\"438\">Klinische Eigenschaften und Behandlung von Lichen sclerosus et atrophicus<\/td>\n<td style=\"width: 32.3409%\">Prof. S\u00e1rdy Mikl\u00f3s<\/td>\n<\/tr>\n<tr>\n<td style=\"width: 67.4538%\" width=\"438\">Einsatz von JAK-Inhibitoren in der Dermatologie<\/td>\n<td style=\"width: 32.3409%\">Prof. S\u00e1rdy Mikl\u00f3s<\/td>\n<\/tr>\n<tr>\n<td style=\"width: 67.4538%\" width=\"438\">B\u0151rgy\u00f3gy\u00e1szati k\u00e9palkot\u00e1s<\/td>\n<td style=\"width: 32.3409%\">Dr. Kiss Norbert PhD<\/td>\n<\/tr>\n<tr>\n<td style=\"width: 67.4538%\" width=\"438\">Innovat\u00edv technol\u00f3gi\u00e1k a b\u0151ronkol\u00f3gia ter\u00fclet\u00e9n<\/td>\n<td style=\"width: 32.3409%\">Dr. Kiss Norbert PhD<\/td>\n<\/tr>\n<tr>\n<td style=\"width: 67.4538%\" width=\"438\">A b\u0151r \u00e9s b\u00e9l mikrobiom vizsg\u00e1lata kr\u00f3nikus b\u0151rbetegs\u00e9gekben<\/td>\n<td style=\"width: 32.3409%\">Dr. Kiss Norbert PhD<\/td>\n<\/tr>\n<tr>\n<td style=\"width: 67.4538%\" width=\"438\">Pszichodermatol\u00f3gia<\/td>\n<td style=\"width: 32.3409%\">Dr. Kiss Norbert PhD<\/td>\n<\/tr>\n<tr>\n<td style=\"width: 67.4538%\" width=\"438\">Modern ter\u00e1pi\u00e1s lehet\u0151s\u00e9gek a dermatol\u00f3gia ter\u00fclet\u00e9n<\/td>\n<td style=\"width: 32.3409%\">Dr. Kiss Norbert PhD<\/td>\n<\/tr>\n<tr>\n<td style=\"width: 67.4538%\" width=\"438\">Neurosyphilis epidemiol\u00f3giai \u00e9s klinikai vonatkoz\u00e1sinak vizsg\u00e1lata<\/td>\n<td style=\"width: 32.3409%\">Dr. T\u00f3th B\u00e9la PhD<\/td>\n<\/tr>\n<tr>\n<td style=\"width: 67.4538%\" width=\"438\">Cutan lymphom\u00e1k<\/td>\n<td style=\"width: 32.3409%\">Dr. Szakonyi J\u00f3zsef<\/td>\n<\/tr>\n<tr>\n<td style=\"width: 67.4538%\" width=\"438\">A j\u00f3 \u00e9s a rossz hat\u00e1r\u00e1n: alacsony malignit\u00e1s\u00fa cutan lymphom\u00e1k<\/td>\n<td style=\"width: 32.3409%\">Dr. Szakonyi J\u00f3zsef<\/td>\n<\/tr>\n<tr>\n<td style=\"width: 67.4538%\" width=\"438\">A folliculotrop mycosis fungoides<\/td>\n<td style=\"width: 32.3409%\">Dr. Szakonyi J\u00f3zsef<\/td>\n<\/tr>\n<tr>\n<td style=\"width: 67.4538%\" width=\"438\">CD30 poz. lymphoproliferat\u00edv k\u00f3rk\u00e9pek \u00e9s kezel\u00e9s\u00fck<\/td>\n<td style=\"width: 32.3409%\">Dr. Szakonyi J\u00f3zsef<\/td>\n<\/tr>\n<tr>\n<td style=\"width: 67.4538%\" width=\"438\">Fel\u00fcleti radioter\u00e1pia szerepe cutan lymphom\u00e1k kezel\u00e9s\u00e9ben<\/td>\n<td style=\"width: 32.3409%\">Dr. Szakonyi J\u00f3zsef<\/td>\n<\/tr>\n<tr>\n<td style=\"width: 67.4538%\" width=\"438\">Erythroderm\u00e1val j\u00e1r\u00f3 lymphoproliferat\u00edv megbeteged\u00e9sek<\/td>\n<td style=\"width: 32.3409%\">Dr. Szakonyi J\u00f3zsef<\/td>\n<\/tr>\n<tr>\n<td style=\"width: 67.4538%\" width=\"438\">Basaliom\u00e1k nem seb\u00e9szi kezel\u00e9se<\/td>\n<td style=\"width: 32.3409%\">Dr. Szakonyi J\u00f3zsef<\/td>\n<\/tr>\n<tr>\n<td style=\"width: 67.4538%\" width=\"438\">Laph\u00e1mr\u00e1k \u00e9s el\u0151\u00e1llapotainak nem seb\u00e9szi kezel\u00e9se<\/td>\n<td style=\"width: 32.3409%\">Dr. Szakonyi J\u00f3zsef<\/td>\n<\/tr>\n<tr>\n<td style=\"width: 67.4538%\" width=\"438\">Lentigo maligna nem seb\u00e9szi kezel\u00e9se<\/td>\n<td style=\"width: 32.3409%\">Dr. Szakonyi J\u00f3zsef<\/td>\n<\/tr>\n<tr>\n<td style=\"width: 67.4538%\" width=\"438\">Cutaneous Lymphomas<\/td>\n<td style=\"width: 32.3409%\">Dr. Szakonyi J\u00f3zsef<\/td>\n<\/tr>\n<tr>\n<td style=\"width: 67.4538%\" width=\"438\">On the Border of Good and Evil: Low-Grade Cutaneous Lymphomas<\/td>\n<td style=\"width: 32.3409%\">Dr. Szakonyi J\u00f3zsef<\/td>\n<\/tr>\n<tr>\n<td style=\"width: 67.4538%\" width=\"438\">Folliculotropic Mycosis Fungoides<\/td>\n<td style=\"width: 32.3409%\">Dr. Szakonyi J\u00f3zsef<\/td>\n<\/tr>\n<tr>\n<td style=\"width: 67.4538%\" width=\"438\">CD30 Positive Lymphoproliferative Disorders and Their Treatment<\/td>\n<td style=\"width: 32.3409%\">Dr. Szakonyi J\u00f3zsef<\/td>\n<\/tr>\n<tr>\n<td style=\"width: 67.4538%\" width=\"438\">The Role of Superficial Radiotherapy in the Treatment of Cutaneous Lymphomas<\/td>\n<td style=\"width: 32.3409%\">Dr. Szakonyi J\u00f3zsef<\/td>\n<\/tr>\n<tr>\n<td style=\"width: 67.4538%\" width=\"438\">Lymphoproliferative Diseases with Erythroderma<\/td>\n<td style=\"width: 32.3409%\">Dr. Szakonyi J\u00f3zsef<\/td>\n<\/tr>\n<tr>\n<td style=\"width: 67.4538%\" width=\"438\">Non-Surgical Treatment of Basal Cell Carcinoma<\/td>\n<td style=\"width: 32.3409%\">Dr. Szakonyi J\u00f3zsef<\/td>\n<\/tr>\n<tr>\n<td style=\"width: 67.4538%\" width=\"438\">Non-Surgical Treatment of Squamous Cell Carcinoma and Its Precursors<\/td>\n<td style=\"width: 32.3409%\">Dr. Szakonyi J\u00f3zsef<\/td>\n<\/tr>\n<tr>\n<td style=\"width: 67.4538%\" width=\"438\">Non-Surgical Treatment of Lentigo Maligna<\/td>\n<td style=\"width: 32.3409%\">Dr. Szakonyi J\u00f3zsef<\/td>\n<\/tr>\n<tr>\n<td style=\"width: 67.4538%\" width=\"438\">Kutane Lymphome<\/td>\n<td style=\"width: 32.3409%\">Dr. Szakonyi J\u00f3zsef<\/td>\n<\/tr>\n<tr>\n<td style=\"width: 67.4538%\" width=\"438\">An der Grenze zwischen Gut und B\u00f6se: Niedrig maligne kutane Lymphome<\/td>\n<td style=\"width: 32.3409%\">Dr. Szakonyi J\u00f3zsef<\/td>\n<\/tr>\n<tr>\n<td style=\"width: 67.4538%\" width=\"438\">Follikulotrope Mycosis fungoides<\/td>\n<td style=\"width: 32.3409%\">Dr. Szakonyi J\u00f3zsef<\/td>\n<\/tr>\n<tr>\n<td style=\"width: 67.4538%\" width=\"438\">CD30 positive lymphoproliferative Erkrankungen und deren Behandlung<\/td>\n<td style=\"width: 32.3409%\">Dr. Szakonyi J\u00f3zsef<\/td>\n<\/tr>\n<tr>\n<td style=\"width: 67.4538%\" width=\"438\">Die Rolle der oberfl\u00e4chlichen Strahlentherapie bei der Behandlung kutaner Lymphome<\/td>\n<td style=\"width: 32.3409%\">Dr. Szakonyi J\u00f3zsef<\/td>\n<\/tr>\n<tr>\n<td style=\"width: 67.4538%\" width=\"438\">Lymphoproliferative Erkrankungen mit Erythrodermie<\/td>\n<td style=\"width: 32.3409%\">Dr. Szakonyi J\u00f3zsef<\/td>\n<\/tr>\n<tr>\n<td style=\"width: 67.4538%\" width=\"438\">Nicht-chirurgische Behandlung von Basaliomen<\/td>\n<td style=\"width: 32.3409%\">Dr. Szakonyi J\u00f3zsef<\/td>\n<\/tr>\n<tr>\n<td style=\"width: 67.4538%\" width=\"438\">Nicht-chirurgische Behandlung von Plattenepithelkarzinomen und deren Vorstufen<\/td>\n<td style=\"width: 32.3409%\">Dr. Szakonyi J\u00f3zsef<\/td>\n<\/tr>\n<tr>\n<td style=\"width: 67.4538%\" width=\"438\">Nicht-chirurgische Behandlung von Lentigo maligna<\/td>\n<td style=\"width: 32.3409%\">Dr. Szakonyi J\u00f3zsef<\/td>\n<\/tr>\n<tr>\n<td style=\"width: 67.4538%\">Lymphogranuloma venerum epidemiol\u00f3giai \u00e9s klinikai vonatkoz\u00e1sainak vizsg\u00e1lata<\/td>\n<td style=\"width: 32.3409%\">Dr. F\u00e9s\u0171s Luca, <br \/>\nDr. B\u00e1nv\u00f6lgyi Andr\u00e1s<\/td>\n<\/tr>\n<tr>\n<td style=\"width: 67.4538%\">Terhess\u00e9gi \u00e9s connatalis syphilis epidemiol\u00f3giai \u00e9s klinikai vonatkoz\u00e1sa<\/td>\n<td style=\"width: 32.3409%\">Dr. Cakir Ugur, egyetemi tan\u00e1rseg\u00e9d<\/td>\n<\/tr>\n<tr>\n<td style=\"width: 67.4538%\" width=\"239\">\n<p>A pigment\u00e1ci\u00f3 szerepe a ferropt\u00f3zis szab\u00e1lyoz\u00e1s\u00e1ban melan\u00f3m\u00e1ban<\/p>\n<\/td>\n<td style=\"width: 32.3409%\">Dr. Kem\u00e9ny Lajos PhD<\/td>\n<\/tr>\n<\/tbody>\n<\/table>\n","protected":false},"excerpt":{"rendered":"<p>Rektori p\u00e1ly\u00e1zat B\u0151r-, Nemik\u00f3rtani \u00e9s B\u0151ronkol\u00f3giai Klinika 2025\/2026 Rektori p\u00e1lyamunka c\u00edme T\u00e9mavezet\u0151 neve (fokozattal) A melanoma malignum agressz\u00edv \u00e9s kev\u00e9sb\u00e9 agressz\u00edv klinikai t\u00edpusainak \u00f6sszehasonl\u00edt\u00f3 elemz\u00e9se proteomikai mint\u00e1k alapj\u00e1n Prof. Holl\u00f3 P\u00e9ter Neoadjuv\u00e1ns kezel\u00e9sek a nagy rizik\u00f3j\u00fa melanoma ell\u00e1s\u00e1ban Prof. Holl\u00f3 P\u00e9ter Kardiovaszkul\u00e1ris \u00e9s m\u00e1s t\u00e1rsbetegs\u00e9gekkel \u00f6sszef\u00fcgg\u0151 markerek vizsg\u00e1lata k\u00f6z\u00e9ps\u00falyos-s\u00falyos pikkelys\u00f6m\u00f6r\u00f6s betegekben Prof. Holl\u00f3 P\u00e9ter Neurofibromat\u00f3zis &hellip;<\/p>\n","protected":false},"author":101596,"featured_media":0,"parent":9092,"menu_order":0,"comment_status":"closed","ping_status":"closed","template":"","meta":{"_acf_changed":false,"footnotes":""},"categories":[],"tags":[99],"class_list":["post-9117","page","type-page","status-publish","hentry","tag-aok-rektori-palyazat"],"acf":[],"publishpress_future_action":{"enabled":false,"date":"1970-01-01 01:00:00","action":"","terms":[],"taxonomy":"","browser_timezone_offset":0},"_links":{"self":[{"href":"https:\/\/semmelweis.hu\/tdk\/wp-json\/wp\/v2\/pages\/9117","targetHints":{"allow":["GET"]}}],"collection":[{"href":"https:\/\/semmelweis.hu\/tdk\/wp-json\/wp\/v2\/pages"}],"about":[{"href":"https:\/\/semmelweis.hu\/tdk\/wp-json\/wp\/v2\/types\/page"}],"author":[{"embeddable":true,"href":"https:\/\/semmelweis.hu\/tdk\/wp-json\/wp\/v2\/users\/101596"}],"replies":[{"embeddable":true,"href":"https:\/\/semmelweis.hu\/tdk\/wp-json\/wp\/v2\/comments?post=9117"}],"version-history":[{"count":12,"href":"https:\/\/semmelweis.hu\/tdk\/wp-json\/wp\/v2\/pages\/9117\/revisions"}],"predecessor-version":[{"id":11462,"href":"https:\/\/semmelweis.hu\/tdk\/wp-json\/wp\/v2\/pages\/9117\/revisions\/11462"}],"up":[{"embeddable":true,"href":"https:\/\/semmelweis.hu\/tdk\/wp-json\/wp\/v2\/pages\/9092"}],"wp:attachment":[{"href":"https:\/\/semmelweis.hu\/tdk\/wp-json\/wp\/v2\/media?parent=9117"}],"wp:term":[{"taxonomy":"category","embeddable":true,"href":"https:\/\/semmelweis.hu\/tdk\/wp-json\/wp\/v2\/categories?post=9117"},{"taxonomy":"post_tag","embeddable":true,"href":"https:\/\/semmelweis.hu\/tdk\/wp-json\/wp\/v2\/tags?post=9117"}],"curies":[{"name":"wp","href":"https:\/\/api.w.org\/{rel}","templated":true}]}}