{"id":8803,"date":"2023-01-24T08:25:19","date_gmt":"2023-01-24T07:25:19","guid":{"rendered":"https:\/\/semmelweis.hu\/tdk\/?page_id=8803"},"modified":"2024-08-15T08:54:54","modified_gmt":"2024-08-15T06:54:54","slug":"department-of-languages-for-specific-purposes","status":"publish","type":"page","link":"https:\/\/semmelweis.hu\/tdk\/en\/steps-to-pursue-research-as-a-student\/topics-and-supervisors\/department-of-languages-for-specific-purposes\/","title":{"rendered":"Department of Languages for Specific Purposes"},"content":{"rendered":"<h3>TDK topics of the Department of Languages for Specific Purposes 2022\/2023 academic year<\/h3>\n<p>&nbsp;<\/p>\n<table style=\"border-collapse: collapse;width: 100%;height: 132px\">\n<tbody>\n<tr style=\"height: 33px\">\n<td style=\"width: 50%;height: 33px\"><strong>List of topics<\/strong><\/td>\n<td style=\"width: 50%;height: 33px\"><strong>Supervisors<\/strong><\/td>\n<\/tr>\n<tr style=\"height: 33px\">\n<td style=\"width: 50%;height: 33px\">Terminological investigationof medical documentation related to injuries<\/td>\n<td style=\"width: 50%;height: 33px\">Katalin Fogarasi Ph.D., Associate Professor, Semmelweis University Department of Languages for Specific Purposes<br \/>\nZolt\u00e1n Patonai M.D., Ph.D., Assistant Professor, University of P\u00e9cs<br \/>\nClinical Center, Department of Traumatology and Hand Surgery<\/td>\n<\/tr>\n<tr style=\"height: 33px\">\n<td style=\"width: 50%;height: 33px\">Investigation of verbally discloseddiagnoses from the perspective of terminology and conversation analysis<\/td>\n<td style=\"width: 50%;height: 33px\">Katalin Fogarasi Ph.D., Associate Professor, Semmelweis University, Department of Languages for Specific Purposes<br \/>\nAnik\u00f3 K\u0151halmi Hambuchn\u00e9 Ph.D., Senior Lecturer, University of P\u00e9cs, Medical School, Department of Languages for Biomedical Purposes and Communication<\/td>\n<\/tr>\n<tr>\n<td style=\"width: 50%\">Terminological investigation of blunt force injuries in clinical reports<\/td>\n<td style=\"width: 50%\">Katalin Fogarasi Ph.D., Associate Professor, Semmelweis University, Department of Languages for Specific Purposes<br \/>\nConsultant: Zolt\u00e1n Patonai M.D., Ph.D., Assistant Lecturer, University of P\u00e9cs<br \/>\nClinical Center, Department of Traumatology and Hand Surgery<\/td>\n<\/tr>\n<tr>\n<td style=\"width: 50%\">Relevance of the international anatomical nomenclature in the denomination of lesions affecting the limbs<\/td>\n<td style=\"width: 50%\">\n<table>\n<tbody>\n<tr>\n<td>\n<p>Andrea Barta Ph.D., Senior Lecturer Semmelweis University, Department of Languages for Specific Purposes<\/p>\n<p>\u00c9va Katalin Varga Ph.D., Senior Lecturer, Semmelweis University Department of Languages for Specific Purposes<\/p>\n<p>Katalin Kocsis M.D., Ph.D., Senior Lecturer, Semmelweis University, Department of Anatomy, Histology and Embryology<\/p>\n<\/td>\n<\/tr>\n<\/tbody>\n<\/table>\n<p>Consultant: Zolt\u00e1n Patonai M.D, Ph.D., Assistant Professor, University of P\u00e9cs, Clinical Center, Department of Traumatology and Hand Surgery<\/td>\n<\/tr>\n<tr>\n<td style=\"width: 50%\">Contrastive terminological and pharmacological investigation of the practical use of drug names on Hungarian, German and Austrian magistral recipes in Hungary, Germany and Austria\u00a0<\/td>\n<td style=\"width: 50%\">\n<p>Katalin Fogarasi Ph.D., Associate Professor, Semmelweis University, Department of Languages for Specific Purposes<\/p>\n<p>\u00c9va Katalin Varga Ph.D., Senior Lecturer, Semmelweis University, Department of Languages for Specific Purposes<\/p>\n<p>\u00c1gnes Alberti Dr. Pharm., Ph.D. Associate Professor, Semmelweis University, Faculty of Pharmacy, Department of Pharmacognosy Imre Boldizs\u00e1r Dr. Pharm,. PhD., Associate Professor, Semmelweis University, Faculty of Pharmacy, Department of Pharmacognosy<\/p>\n<\/td>\n<\/tr>\n<tr>\n<td style=\"width: 50%\">Contrastive terminological and pharmaceutical investigation of Hungarian, German and Austrian magistral recipes<\/td>\n<td style=\"width: 50%\">\n<p>Katalin Fogarasi Ph.D., Associate Professor, Semmelweis University, Department of Languages for Specific Purposes<\/p>\n<p>\u00c9va Katalin Varga Ph.D., Senior Lecturer, Semmelweis University, Department of Languages for Specific Purposes L\u00edvia Budai Dr. Pharm, Ph.D., Assistant Professor, Semmelweis University, Faculty of Pharmacy, Department of Pharmacology and Pharmacotherapy<\/p>\n<\/td>\n<\/tr>\n<\/tbody>\n<\/table>\n","protected":false},"excerpt":{"rendered":"<p>TDK topics of the Department of Languages for Specific Purposes 2022\/2023 academic year &nbsp; List of topics Supervisors Terminological investigationof medical documentation related to injuries Katalin Fogarasi Ph.D., Associate Professor, Semmelweis University Department of Languages for Specific Purposes Zolt\u00e1n Patonai M.D., Ph.D., Assistant Professor, University of P\u00e9cs Clinical Center, Department of Traumatology and Hand Surgery &hellip;<\/p>\n","protected":false},"author":101596,"featured_media":0,"parent":4996,"menu_order":0,"comment_status":"closed","ping_status":"closed","template":"","meta":{"_acf_changed":false,"footnotes":""},"categories":[],"tags":[],"class_list":["post-8803","page","type-page","status-publish","hentry"],"acf":[],"publishpress_future_action":{"enabled":false,"date":"1970-01-01 01:00:00","action":"","terms":[],"taxonomy":"","browser_timezone_offset":0},"_links":{"self":[{"href":"https:\/\/semmelweis.hu\/tdk\/wp-json\/wp\/v2\/pages\/8803","targetHints":{"allow":["GET"]}}],"collection":[{"href":"https:\/\/semmelweis.hu\/tdk\/wp-json\/wp\/v2\/pages"}],"about":[{"href":"https:\/\/semmelweis.hu\/tdk\/wp-json\/wp\/v2\/types\/page"}],"author":[{"embeddable":true,"href":"https:\/\/semmelweis.hu\/tdk\/wp-json\/wp\/v2\/users\/101596"}],"replies":[{"embeddable":true,"href":"https:\/\/semmelweis.hu\/tdk\/wp-json\/wp\/v2\/comments?post=8803"}],"version-history":[{"count":2,"href":"https:\/\/semmelweis.hu\/tdk\/wp-json\/wp\/v2\/pages\/8803\/revisions"}],"predecessor-version":[{"id":8805,"href":"https:\/\/semmelweis.hu\/tdk\/wp-json\/wp\/v2\/pages\/8803\/revisions\/8805"}],"up":[{"embeddable":true,"href":"https:\/\/semmelweis.hu\/tdk\/wp-json\/wp\/v2\/pages\/4996"}],"wp:attachment":[{"href":"https:\/\/semmelweis.hu\/tdk\/wp-json\/wp\/v2\/media?parent=8803"}],"wp:term":[{"taxonomy":"category","embeddable":true,"href":"https:\/\/semmelweis.hu\/tdk\/wp-json\/wp\/v2\/categories?post=8803"},{"taxonomy":"post_tag","embeddable":true,"href":"https:\/\/semmelweis.hu\/tdk\/wp-json\/wp\/v2\/tags?post=8803"}],"curies":[{"name":"wp","href":"https:\/\/api.w.org\/{rel}","templated":true}]}}