{"id":8413,"date":"2022-06-17T08:46:33","date_gmt":"2022-06-17T06:46:33","guid":{"rendered":"https:\/\/semmelweis.hu\/tdk\/?page_id=8413"},"modified":"2024-10-14T13:08:25","modified_gmt":"2024-10-14T11:08:25","slug":"belgyogyaszati-es-hematologiai-klinika","status":"publish","type":"page","link":"https:\/\/semmelweis.hu\/tdk\/tdk-temak-es-temavezetok\/aok\/belgyogyaszati-es-hematologiai-klinika\/","title":{"rendered":"Belgy\u00f3gy\u00e1szati \u00e9s Hematol\u00f3giai Klinika"},"content":{"rendered":"<h3>Belgy\u00f3gy\u00e1szati \u00e9s Hematol\u00f3giai Klinika TDK t\u00e9m\u00e1k<\/h3>\n<table style=\"border-collapse: collapse;width: 100%;height: 1131px\">\n<tbody>\n<tr style=\"height: 29px\">\n<td style=\"width: 62.449%;height: 29px\" width=\"415\"><strong>TDK-munka c\u00edme<\/strong><\/td>\n<td style=\"width: 37.415%;height: 29px\" width=\"249\"><strong>T\u00e9mavezet\u0151 neve (fokozattal)<\/strong><\/td>\n<\/tr>\n<tr style=\"height: 29px\">\n<td style=\"width: 62.449%;height: 29px\" width=\"415\">A trombotikus mikroangiop\u00e1ti\u00e1k etiopatogenezis\u00e9nek vizsg\u00e1lata<\/td>\n<td style=\"width: 37.415%;height: 29px\" width=\"249\">Proh\u00e1szka Zolt\u00e1n, DSc<\/td>\n<\/tr>\n<tr style=\"height: 29px\">\n<td style=\"width: 62.449%;height: 29px\" width=\"415\">\u00daj genetikai vari\u00e1ci\u00f3k azonos\u00edt\u00e1sa at\u00edpusos hemolitikus ur\u00e9mi\u00e1s szindr\u00f3m\u00e1ban<\/td>\n<td style=\"width: 37.415%;height: 29px\" width=\"249\">Proh\u00e1szka Zolt\u00e1n, DSc, Szil\u00e1gyi \u00c1gnes, PhD<\/td>\n<\/tr>\n<tr style=\"height: 29px\">\n<td style=\"width: 62.449%;height: 29px\" width=\"415\">Az \u00e9rpermeabilit\u00e1s szab\u00e1lyoz\u00e1s\u00e1nak vizsg\u00e1lata endothel sejtes moddeleken<\/td>\n<td style=\"width: 37.415%;height: 29px\" width=\"249\">Cervenak L\u00e1szl\u00f3, PhD<\/td>\n<\/tr>\n<tr style=\"height: 29px\">\n<td style=\"width: 62.449%;height: 29px\" width=\"415\">A D vitamin szerep\u00e9nek vizsg\u00e1lata HANO-ban<\/td>\n<td style=\"width: 37.415%;height: 29px\" width=\"249\">Farkas Henriette, DSc, Varga Lilian, PhD<\/td>\n<\/tr>\n<tr style=\"height: 29px\">\n<td style=\"width: 62.449%;height: 29px\" width=\"415\">Myeloma multiplexes betegek korai \u00e9s halasztott \u0151ssejt \u00e1t\u00fcltet\u00e9si eredm\u00e9nyeinek \u00f6sszehasonl\u00edt\u00e1sa<\/td>\n<td style=\"width: 37.415%;height: 29px\" width=\"249\">Varga Gergely<\/td>\n<\/tr>\n<tr style=\"height: 29px\">\n<td style=\"width: 62.449%;height: 29px\" width=\"415\">K\u00f6rnyezeti t\u00e9nyez\u0151k \u00e9s rizik\u00f3faktorok szerepe diabetes mellitusban<\/td>\n<td style=\"width: 37.415%;height: 29px\" width=\"249\">Sipter Emese, PhD, Hossz\u00fafalusi N\u00f3ra, PhD<\/td>\n<\/tr>\n<tr style=\"height: 29px\">\n<td style=\"width: 62.449%;height: 29px\" width=\"415\">Az elektromos kardiverzi\u00f3 siker\u00e9nek prediktorai pitvari ritmuszavarban szenved\u0151 betegekben.\u00a0<\/td>\n<td style=\"width: 37.415%;height: 29px\" width=\"249\">Pozsonyi Zolt\u00e1n<\/td>\n<\/tr>\n<tr style=\"height: 29px\">\n<td style=\"width: 62.449%;height: 29px\" width=\"415\">A felsz\u00edni EKG szerepe a cardialis reszinkroniz\u00e1ci\u00f3s ther\u00e1pi\u00e1ra t\u00f6rt\u00e9n\u0151 jobb betegkiv\u00e1laszt\u00e1sban<\/td>\n<td style=\"width: 37.415%;height: 29px\" width=\"249\">Vereckei Andr\u00e1s, PhD<\/td>\n<\/tr>\n<tr style=\"height: 29px\">\n<td style=\"width: 62.449%;height: 29px\" width=\"415\">C1 inhib\u00edtor funkci\u00f3k vizsg\u00e1lata<\/td>\n<td style=\"width: 37.415%;height: 29px\" width=\"249\">Varga Lilian, PhD<\/td>\n<\/tr>\n<tr style=\"height: 29px\">\n<td style=\"width: 62.449%;height: 29px\" width=\"415\">Az allergi\u00e1s k\u00f3rk\u00e9pek el\u0151fordul\u00e1s\u00e1nak vizsg\u00e1lata HANO-ban<\/td>\n<td style=\"width: 37.415%;height: 29px\" width=\"249\">Farkas Henriette, DSc, Varga Lilian, PhD<\/td>\n<\/tr>\n<tr style=\"height: 29px\">\n<td style=\"width: 62.449%;height: 29px\" width=\"415\">A szerzett C1-inhibitor hi\u00e1nyos betegek k\u00f6vet\u00e9ses vizsg\u00e1lata<\/td>\n<td style=\"width: 37.415%;height: 29px\" width=\"249\">Farkas Henriette, DSc, Varga Lilian, PhD<\/td>\n<\/tr>\n<tr style=\"height: 29px\">\n<td style=\"width: 62.449%;height: 29px\" width=\"415\">A HANO-s rohamok kiv\u00e1lt\u00e1s\u00e1ban szerepet j\u00e1tsz\u00f3 t\u00e9nyez\u0151k vizsg\u00e1lata<\/td>\n<td style=\"width: 37.415%;height: 29px\" width=\"249\">Farkas Henriette, DSc, Varga Lilian, PhD<\/td>\n<\/tr>\n<tr style=\"height: 29px\">\n<td style=\"width: 62.449%;height: 29px\" width=\"415\">A komplement MASP1 endothelsejtekre gyakorlot hat\u00e1s\u00e1nak transzkriptomikai vizsg\u00e1lata<\/td>\n<td style=\"width: 37.415%;height: 29px\" width=\"249\">Cervenak L\u00e1szl\u00f3, PhD<\/td>\n<\/tr>\n<tr style=\"height: 29px\">\n<td style=\"width: 62.449%;height: 29px\" width=\"415\">Bevacizumabbak kezelt metastaticus colorectalis carcinomas betegek hemoszt\u00e1zis vizsg\u00e1lata<\/td>\n<td style=\"width: 37.415%;height: 29px\" width=\"249\">Horv\u00e1th Anna PhD<\/td>\n<\/tr>\n<tr style=\"height: 29px\">\n<td style=\"width: 62.449%;height: 29px\" width=\"415\">A bradykinin medi\u00e1lta idiop\u00e1ti\u00e1s angio\u00f6d\u00e9m\u00e1k vizsg\u00e1lata<\/td>\n<td style=\"width: 37.415%;height: 29px\" width=\"249\">Farkas Henriette, DSc<\/td>\n<\/tr>\n<tr style=\"height: 29px\">\n<td style=\"width: 62.449%;height: 29px\" width=\"415\">C1 inhib\u00edtor \u00e9s szerin prote\u00e1zok komplexeinek mennyis\u00e9gi vizsg\u00e1lata\u00a0<\/td>\n<td style=\"width: 37.415%;height: 29px\" width=\"249\">Cervenak L\u00e1szl\u00f3, PhD, Kajd\u00e1csi Erika PhD<\/td>\n<\/tr>\n<tr style=\"height: 29px\">\n<td style=\"width: 62.449%;height: 29px\" width=\"415\">Kemoter\u00e1pi\u00e1s kezel\u00e9st kap\u00f3 CRC betegek &#8222;Activity Tracker&#8221;-rel k\u00f6vetett vizsg\u00e1lata.<\/td>\n<td style=\"width: 37.415%;height: 29px\" width=\"249\">Horv\u00e1th Anna PhD<\/td>\n<\/tr>\n<tr style=\"height: 29px\">\n<td style=\"width: 62.449%;height: 29px\" width=\"415\">Mastocytosis regiszter<\/td>\n<td style=\"width: 37.415%;height: 29px\" width=\"249\">V\u00e1rkonyi Judit<\/td>\n<\/tr>\n<tr style=\"height: 29px\">\n<td style=\"width: 62.449%;height: 29px\" width=\"415\">Akut leuk\u00e9mi\u00e1k kimenetel\u00e9nek vizsg\u00e1lata<\/td>\n<td style=\"width: 37.415%;height: 29px\" width=\"249\">Szombath Gergely<\/td>\n<\/tr>\n<tr style=\"height: 29px\">\n<td style=\"width: 62.449%;height: 29px\" width=\"415\">T\u00e1rsul\u00f3 betegs\u00e9gek felm\u00e9r\u00e9se C1-INH-HAE-ban<\/td>\n<td style=\"width: 37.415%;height: 29px\" width=\"249\">Farkas Henriette, DSc<\/td>\n<\/tr>\n<tr style=\"height: 29px\">\n<td style=\"width: 62.449%;height: 29px\" width=\"415\">Quality of life felm\u00e9r\u00e9se feln\u0151tt C1-INH-HAE betegekben<\/td>\n<td style=\"width: 37.415%;height: 29px\" width=\"249\">Farkas Henriette, DSc<\/td>\n<\/tr>\n<tr style=\"height: 29px\">\n<td style=\"width: 62.449%;height: 29px\" width=\"415\">Fejf\u00e1j\u00e1s felm\u00e9r\u00e9se C1-INH-HAE-ban<\/td>\n<td style=\"width: 37.415%;height: 29px\" width=\"249\">Farkas Henriette, DSc<\/td>\n<\/tr>\n<tr style=\"height: 29px\">\n<td style=\"width: 62.449%;height: 29px\" width=\"415\">A mikrobiom vizsg\u00e1lata C1-INH-HAE-ban<\/td>\n<td style=\"width: 37.415%;height: 29px\" width=\"249\">Farkas Henriette, DSc<\/td>\n<\/tr>\n<tr style=\"height: 29px\">\n<td style=\"width: 62.449%;height: 29px\" width=\"415\">Erythema marginatum klinikai param\u00e9tereinek vizsg\u00e1lata<\/td>\n<td style=\"width: 37.415%;height: 29px\" width=\"249\">Farkas Henriette, DSc<\/td>\n<\/tr>\n<tr style=\"height: 29px\">\n<td style=\"width: 62.449%;height: 29px\" width=\"415\">Erythema marginatum sor\u00e1n t\u00f6rt\u00e9n\u0151 kezel\u00e9s hat\u00e1soss\u00e1g\u00e1nak felm\u00e9r\u00e9se<\/td>\n<td style=\"width: 37.415%;height: 29px\" width=\"249\">Farkas Henriette, DSc<\/td>\n<\/tr>\n<tr style=\"height: 29px\">\n<td style=\"width: 62.449%;height: 29px\" width=\"415\">Kil\u00e9legzett leveg\u0151 vizsg\u00e1lata C1-INH-HAE betegekben<\/td>\n<td style=\"width: 37.415%;height: 29px\" width=\"249\">Farkas Henriette, DSc<\/td>\n<\/tr>\n<tr style=\"height: 29px\">\n<td style=\"width: 62.449%;height: 29px\" width=\"415\">Szexu\u00e1lhoromonok felm\u00e9r\u00e9se C1-INH-HAE betegekben<\/td>\n<td style=\"width: 37.415%;height: 29px\" width=\"249\">Farkas Henriette, DSc<\/td>\n<\/tr>\n<tr style=\"height: 29px\">\n<td style=\"width: 62.449%;height: 29px\" width=\"415\">Endorfin szintek m\u00e9r\u00e9se C1-INH-HAE-ban<\/td>\n<td style=\"width: 37.415%;height: 29px\" width=\"249\">Farkas Henriette, DSc<\/td>\n<\/tr>\n<tr style=\"height: 29px\">\n<td style=\"width: 62.449%;height: 29px\" width=\"415\">\u00d6ninjekci\u00f3z\u00e1s sikeress\u00e9g\u00e9nek felm\u00e9r\u00e9se C1-INH-HAE-ban<\/td>\n<td style=\"width: 37.415%;height: 29px\" width=\"249\">Farkas Henriette, DSc<\/td>\n<\/tr>\n<tr style=\"height: 29px\">\n<td style=\"width: 62.449%;height: 29px\" width=\"415\">H\u00fagysav \u00e9s XII-es faktor vizsg\u00e1lata C1-INH-HAE betegekben<\/td>\n<td style=\"width: 37.415%;height: 29px\" width=\"249\">Farkas Henriette, DSc<\/td>\n<\/tr>\n<tr style=\"height: 29px\">\n<td style=\"width: 62.449%;height: 29px\" width=\"415\">Inzulin kezel\u00e9s I-es t\u00edpus\u00fa diabet\u00e9teszben<\/td>\n<td style=\"width: 37.415%;height: 29px\" width=\"249\">Hossz\u00fafalusi N\u00f3ra<\/td>\n<\/tr>\n<tr style=\"height: 29px\">\n<td style=\"width: 62.449%;height: 29px\">Gyullad\u00e1s \u00e9s komplementrendszer vizsg\u00e1lata 2-es t\u00edpus\u00fa cukorbetegekben<\/td>\n<td style=\"width: 37.415%;height: 29px\">Dr. Sipter Emese PhD<\/td>\n<\/tr>\n<tr style=\"height: 29px\">\n<td style=\"width: 62.449%;height: 29px\">V\u00e1ltoz\u00e1sok a k\u00f6nny\u0171l\u00e1nc amyloidosis kezel\u00e9si eredm\u00e9nyeiben<\/td>\n<td style=\"width: 37.415%;height: 29px\">Dr. Varga Gergely PhD<\/td>\n<\/tr>\n<tr style=\"height: 29px\">\n<td style=\"width: 62.449%;height: 29px\"><strong>Infektol\u00f3giai Tansz\u00e9ki Csoport<\/strong><\/td>\n<td style=\"width: 37.415%;height: 29px\">\u00a0<\/td>\n<\/tr>\n<tr style=\"height: 29px\">\n<td style=\"width: 62.449%;height: 29px\" width=\"601\">\u00daj utak a kritikus \u00e1llapot\u00fa \u00e9s immunkompromitt\u00e1lt feln\u0151ttek s\u00falyos fert\u0151z\u00e9seinek ell\u00e1t\u00e1s\u00e1ban<\/td>\n<td style=\"width: 37.415%;height: 29px\" width=\"195\">Dr. Szab\u00f3 B\u00e1lint Gergely, PhD<\/td>\n<\/tr>\n<tr style=\"height: 29px\">\n<td style=\"width: 62.449%;height: 29px\">HIV \u00e9s opportunista infekci\u00f3k<\/td>\n<td style=\"width: 37.415%;height: 29px\">Dr. Lakatos Botond PhD<\/td>\n<\/tr>\n<tr style=\"height: 29px\">\n<td style=\"width: 62.449%;height: 29px\">Tr\u00f3pusi betegs\u00e9gek: megel\u0151z\u00e9s, diagnosztika \u00e9s kezel\u00e9s<\/td>\n<td style=\"width: 37.415%;height: 29px\">Dr. Lakatos Botond PhD<\/td>\n<\/tr>\n<tr style=\"height: 29px\">\n<td style=\"width: 62.449%;height: 29px\" width=\"549\">K\u00f6z\u00f6ns\u00e9ges kevert immunhi\u00e1nyos betegek k\u00f6r\u00e9ben v\u00e9gzett vizsg\u00e1latok<\/td>\n<td style=\"width: 37.415%;height: 29px\" width=\"361\">Dr. God Vera<\/td>\n<\/tr>\n<\/tbody>\n<\/table>\n<p>&nbsp;<\/p>\n","protected":false},"excerpt":{"rendered":"<p>Belgy\u00f3gy\u00e1szati \u00e9s Hematol\u00f3giai Klinika TDK t\u00e9m\u00e1k TDK-munka c\u00edme T\u00e9mavezet\u0151 neve (fokozattal) A trombotikus mikroangiop\u00e1ti\u00e1k etiopatogenezis\u00e9nek vizsg\u00e1lata Proh\u00e1szka Zolt\u00e1n, DSc \u00daj genetikai vari\u00e1ci\u00f3k azonos\u00edt\u00e1sa at\u00edpusos hemolitikus ur\u00e9mi\u00e1s szindr\u00f3m\u00e1ban Proh\u00e1szka Zolt\u00e1n, DSc, Szil\u00e1gyi \u00c1gnes, PhD Az \u00e9rpermeabilit\u00e1s szab\u00e1lyoz\u00e1s\u00e1nak vizsg\u00e1lata endothel sejtes moddeleken Cervenak L\u00e1szl\u00f3, PhD A D vitamin szerep\u00e9nek vizsg\u00e1lata HANO-ban Farkas Henriette, DSc, Varga Lilian, PhD &hellip;<\/p>\n","protected":false},"author":101596,"featured_media":0,"parent":10054,"menu_order":0,"comment_status":"closed","ping_status":"closed","template":"","meta":{"_acf_changed":false,"footnotes":""},"categories":[],"tags":[],"class_list":["post-8413","page","type-page","status-publish","hentry"],"acf":[],"publishpress_future_action":{"enabled":false,"date":"1970-01-01 01:00:00","action":"","terms":[],"taxonomy":"","browser_timezone_offset":0},"_links":{"self":[{"href":"https:\/\/semmelweis.hu\/tdk\/wp-json\/wp\/v2\/pages\/8413","targetHints":{"allow":["GET"]}}],"collection":[{"href":"https:\/\/semmelweis.hu\/tdk\/wp-json\/wp\/v2\/pages"}],"about":[{"href":"https:\/\/semmelweis.hu\/tdk\/wp-json\/wp\/v2\/types\/page"}],"author":[{"embeddable":true,"href":"https:\/\/semmelweis.hu\/tdk\/wp-json\/wp\/v2\/users\/101596"}],"replies":[{"embeddable":true,"href":"https:\/\/semmelweis.hu\/tdk\/wp-json\/wp\/v2\/comments?post=8413"}],"version-history":[{"count":7,"href":"https:\/\/semmelweis.hu\/tdk\/wp-json\/wp\/v2\/pages\/8413\/revisions"}],"predecessor-version":[{"id":11287,"href":"https:\/\/semmelweis.hu\/tdk\/wp-json\/wp\/v2\/pages\/8413\/revisions\/11287"}],"up":[{"embeddable":true,"href":"https:\/\/semmelweis.hu\/tdk\/wp-json\/wp\/v2\/pages\/10054"}],"wp:attachment":[{"href":"https:\/\/semmelweis.hu\/tdk\/wp-json\/wp\/v2\/media?parent=8413"}],"wp:term":[{"taxonomy":"category","embeddable":true,"href":"https:\/\/semmelweis.hu\/tdk\/wp-json\/wp\/v2\/categories?post=8413"},{"taxonomy":"post_tag","embeddable":true,"href":"https:\/\/semmelweis.hu\/tdk\/wp-json\/wp\/v2\/tags?post=8413"}],"curies":[{"name":"wp","href":"https:\/\/api.w.org\/{rel}","templated":true}]}}