{"id":7461,"date":"2021-09-29T08:31:04","date_gmt":"2021-09-29T06:31:04","guid":{"rendered":"https:\/\/semmelweis.hu\/tdk\/?page_id=7461"},"modified":"2024-05-08T13:09:39","modified_gmt":"2024-05-08T11:09:39","slug":"bajcsy-zsilinszky-korhaz-sebeszeti-osztaly","status":"publish","type":"page","link":"https:\/\/semmelweis.hu\/tdk\/tdk-temak-es-temavezetok\/kulso-intezetek\/bajcsy-zsilinszky-korhaz-sebeszeti-osztaly\/","title":{"rendered":"Bajcsy-Zsilinszky K\u00f3rh\u00e1z, Seb\u00e9szeti Oszt\u00e1ly"},"content":{"rendered":"<h1>Bajcsy-Zsilinszky K\u00f3rh\u00e1z, Seb\u00e9szeti Oszt\u00e1ly TDK t\u00e9ma 2021\/2022<\/h1>\n<table style=\"border-collapse: collapse; width: 100.004%;\">\n<tbody>\n<tr>\n<td style=\"width: 62.6332%;\"><strong>TDK t\u00e9ma<\/strong><\/td>\n<td style=\"width: 37.688%;\"><strong>T\u00e9mavezet\u0151 fokozattal<\/strong><\/td>\n<\/tr>\n<tr>\n<td style=\"width: 62.6332%;\">A COVID-19 vil\u00e1gj\u00e1rv\u00e1ny hat\u00e1s\u00e1ra az\u00a0oszt\u00e1lyunkon zajl\u00f3\u00a0akut seb\u00e9szeti ell\u00e1t\u00e1sban bek\u00f6vetkezett v\u00e1ltoz\u00e1sok vizsg\u00e1lata<\/td>\n<td style=\"width: 37.688%;\">Dr. Juh\u00e1sz Mikl\u00f3s, Dr. M\u00e1ndi Mikl\u00f3s<\/td>\n<\/tr>\n<\/tbody>\n<\/table>\n","protected":false},"excerpt":{"rendered":"<p>Bajcsy-Zsilinszky K\u00f3rh\u00e1z, Seb\u00e9szeti Oszt\u00e1ly TDK t\u00e9ma 2021\/2022<\/p>\n<p>TDK t\u00e9ma<br \/>\nT\u00e9mavezet\u0151 fokozattal<\/p>\n<p>A COVID-19 vil\u00e1gj\u00e1rv\u00e1ny hat\u00e1s\u00e1ra az\u00a0oszt\u00e1lyunkon zajl\u00f3\u00a0akut seb\u00e9szeti ell\u00e1t\u00e1sban bek\u00f6vetkezett v\u00e1ltoz\u00e1sok vizsg\u00e1lata<br \/>\nDr. Juh\u00e1sz Mikl\u00f3s, Dr. M\u00e1ndi Mikl\u00f3s<\/p>\n","protected":false},"author":101596,"featured_media":0,"parent":10063,"menu_order":5,"comment_status":"closed","ping_status":"closed","template":"","meta":{"_acf_changed":false,"footnotes":""},"categories":[],"tags":[],"class_list":["post-7461","page","type-page","status-publish","hentry"],"acf":[],"publishpress_future_action":{"enabled":false,"date":"1970-01-01 01:00:00","action":"","terms":[],"taxonomy":"","browser_timezone_offset":0},"_links":{"self":[{"href":"https:\/\/semmelweis.hu\/tdk\/wp-json\/wp\/v2\/pages\/7461","targetHints":{"allow":["GET"]}}],"collection":[{"href":"https:\/\/semmelweis.hu\/tdk\/wp-json\/wp\/v2\/pages"}],"about":[{"href":"https:\/\/semmelweis.hu\/tdk\/wp-json\/wp\/v2\/types\/page"}],"author":[{"embeddable":true,"href":"https:\/\/semmelweis.hu\/tdk\/wp-json\/wp\/v2\/users\/101596"}],"replies":[{"embeddable":true,"href":"https:\/\/semmelweis.hu\/tdk\/wp-json\/wp\/v2\/comments?post=7461"}],"version-history":[{"count":2,"href":"https:\/\/semmelweis.hu\/tdk\/wp-json\/wp\/v2\/pages\/7461\/revisions"}],"predecessor-version":[{"id":10045,"href":"https:\/\/semmelweis.hu\/tdk\/wp-json\/wp\/v2\/pages\/7461\/revisions\/10045"}],"up":[{"embeddable":true,"href":"https:\/\/semmelweis.hu\/tdk\/wp-json\/wp\/v2\/pages\/10063"}],"wp:attachment":[{"href":"https:\/\/semmelweis.hu\/tdk\/wp-json\/wp\/v2\/media?parent=7461"}],"wp:term":[{"taxonomy":"category","embeddable":true,"href":"https:\/\/semmelweis.hu\/tdk\/wp-json\/wp\/v2\/categories?post=7461"},{"taxonomy":"post_tag","embeddable":true,"href":"https:\/\/semmelweis.hu\/tdk\/wp-json\/wp\/v2\/tags?post=7461"}],"curies":[{"name":"wp","href":"https:\/\/api.w.org\/{rel}","templated":true}]}}