{"id":7199,"date":"2021-06-07T09:02:23","date_gmt":"2021-06-07T07:02:23","guid":{"rendered":"https:\/\/semmelweis.hu\/tdk\/?page_id=7199"},"modified":"2025-07-18T13:51:29","modified_gmt":"2025-07-18T11:51:29","slug":"traumatologiai-tanszek","status":"publish","type":"page","link":"https:\/\/semmelweis.hu\/tdk\/rektori-palyazat\/rektori-palyazat-meghirdetett-temak\/traumatologiai-tanszek\/","title":{"rendered":"Traumatol\u00f3giai Tansz\u00e9k &#8211; Rektori p\u00e1ly\u00e1zat"},"content":{"rendered":"<h1>Traumatol\u00f3giai Tansz\u00e9k Rektori p\u00e1ly\u00e1zat 2025\/2026<\/h1>\n<table style=\"border-collapse: collapse;width: 100%\">\n<tbody>\n<tr>\n<td style=\"width: 66.2585%\" width=\"458\"><strong>Rektori p\u00e1lyamunka c\u00edme 2021\/2022<\/strong><\/td>\n<td style=\"width: 33.6054%\" width=\"197\"><strong>T\u00e9mavezet\u0151 neve (fokozattal)<\/strong><\/td>\n<\/tr>\n<tr>\n<td style=\"width: 66.2585%\">Gyermekkori csukl\u00f3t\u00e1ji t\u00f6r\u00e9sek kezel\u00e9se felsz\u00edv\u00f3d\u00f3 implant\u00e1tummal<\/td>\n<td style=\"width: 33.6054%\">Dr. Varga Marcell PhD<\/td>\n<\/tr>\n<tr>\n<td style=\"width: 66.2585%\">Instabil porotikus gerinct\u00f6r\u00e9sek t\u00fal\u00e9l\u00e9s\u00e9t befoly\u00e1sol\u00f3 t\u00e9nyez\u0151k\u00a0<\/td>\n<td style=\"width: 33.6054%\">Dr. Viola \u00c1rp\u00e1d PhD<\/td>\n<\/tr>\n<tr>\n<td style=\"width: 66.2585%\" width=\"722\">Keresztszalag p\u00f3tl\u00e1sra felhaszn\u00e1lhat\u00f3 \u00edn allograftok biomechanikai elemz\u00e9se k\u00fcl\u00f6nb\u00f6z\u0151 steriliz\u00e1l\u00e1si elj\u00e1r\u00e1sok ut\u00e1n\u00a0<\/td>\n<td style=\"width: 33.6054%\" width=\"197\">Dr. Pap K\u00e1roly PhD<\/td>\n<\/tr>\n<\/tbody>\n<\/table>\n","protected":false},"excerpt":{"rendered":"<p>Traumatol\u00f3giai Tansz\u00e9k Rektori p\u00e1ly\u00e1zat 2025\/2026<\/p>\n<p>Rektori p\u00e1lyamunka c\u00edme 2021\/2022<br \/>\nT\u00e9mavezet\u0151 neve (fokozattal)<\/p>\n<p>Gyermekkori csukl\u00f3t\u00e1ji t\u00f6r\u00e9sek kezel\u00e9se felsz\u00edv\u00f3d\u00f3 implant\u00e1tummal<br \/>\nDr. Varga Marcell PhD<\/p>\n<p>Instabil porotikus gerinct\u00f6r\u00e9sek t\u00fal\u00e9l\u00e9s\u00e9t befoly\u00e1sol\u00f3 t\u00e9nyez\u0151k\u00a0<br \/>\nDr. Viola \u00c1rp\u00e1d PhD<\/p>\n<p>Keresztszalag p\u00f3tl\u00e1sra felhaszn\u00e1lhat\u00f3 \u00edn allograftok biomechanikai elemz\u00e9se k\u00fcl\u00f6nb\u00f6z\u0151 steriliz\u00e1l\u00e1si elj\u00e1r\u00e1sok ut\u00e1n\u00a0<br \/>\nDr. Pap K\u00e1roly PhD<\/p>\n","protected":false},"author":101596,"featured_media":0,"parent":9092,"menu_order":0,"comment_status":"closed","ping_status":"closed","template":"","meta":{"_acf_changed":false,"footnotes":""},"categories":[],"tags":[99],"class_list":["post-7199","page","type-page","status-publish","hentry","tag-aok-rektori-palyazat"],"acf":[],"publishpress_future_action":{"enabled":false,"date":"1970-01-01 01:00:00","action":"","terms":[],"taxonomy":"","browser_timezone_offset":0},"_links":{"self":[{"href":"https:\/\/semmelweis.hu\/tdk\/wp-json\/wp\/v2\/pages\/7199","targetHints":{"allow":["GET"]}}],"collection":[{"href":"https:\/\/semmelweis.hu\/tdk\/wp-json\/wp\/v2\/pages"}],"about":[{"href":"https:\/\/semmelweis.hu\/tdk\/wp-json\/wp\/v2\/types\/page"}],"author":[{"embeddable":true,"href":"https:\/\/semmelweis.hu\/tdk\/wp-json\/wp\/v2\/users\/101596"}],"replies":[{"embeddable":true,"href":"https:\/\/semmelweis.hu\/tdk\/wp-json\/wp\/v2\/comments?post=7199"}],"version-history":[{"count":7,"href":"https:\/\/semmelweis.hu\/tdk\/wp-json\/wp\/v2\/pages\/7199\/revisions"}],"predecessor-version":[{"id":11542,"href":"https:\/\/semmelweis.hu\/tdk\/wp-json\/wp\/v2\/pages\/7199\/revisions\/11542"}],"up":[{"embeddable":true,"href":"https:\/\/semmelweis.hu\/tdk\/wp-json\/wp\/v2\/pages\/9092"}],"wp:attachment":[{"href":"https:\/\/semmelweis.hu\/tdk\/wp-json\/wp\/v2\/media?parent=7199"}],"wp:term":[{"taxonomy":"category","embeddable":true,"href":"https:\/\/semmelweis.hu\/tdk\/wp-json\/wp\/v2\/categories?post=7199"},{"taxonomy":"post_tag","embeddable":true,"href":"https:\/\/semmelweis.hu\/tdk\/wp-json\/wp\/v2\/tags?post=7199"}],"curies":[{"name":"wp","href":"https:\/\/api.w.org\/{rel}","templated":true}]}}