{"id":6861,"date":"2021-04-09T13:35:46","date_gmt":"2021-04-09T11:35:46","guid":{"rendered":"https:\/\/semmelweis.hu\/tdk\/?page_id=6861"},"modified":"2024-06-18T12:52:25","modified_gmt":"2024-06-18T10:52:25","slug":"35-otdk-eredmenyek","status":"publish","type":"page","link":"https:\/\/semmelweis.hu\/tdk\/tudomanyos-diakkori-konferenciak\/orszagos-tdk-konferencia\/korabbi-otdk-konferenciak\/35-otdk-eredmenyek\/","title":{"rendered":"35. OTDK Konferencia (SZEGED &#8211; 2021)"},"content":{"rendered":"<p>Sz\u00edvb\u0151l gratul\u00e1lunk minden r\u00e9sztvev\u0151nek \u00e9s a d\u00edjazottnak!<\/p>\n<p><a href=\"http:\/\/otdk2021.med.u-szeged.hu\/download\/OTDK_Kiadvany_2021_v8.pdf\">35. OTDK El\u0151ad\u00e1skivonatok<\/a><\/p>\n<p><a href=\"https:\/\/semmelweis.hu\/tdk\/files\/2021\/04\/Eredmenyek_OTDK_2021.pdf\">Eredm\u00e9nyek 35. OTDK 2021<\/a><\/p>\n<p>&nbsp;<\/p>\n<p>&nbsp;<\/p>\n","protected":false},"excerpt":{"rendered":"<p>Sz\u00edvb\u0151l gratul\u00e1lunk minden r\u00e9sztvev\u0151nek \u00e9s a d\u00edjazottnak!<br \/>\n<a href=\"http:\/\/otdk2021.med.u-szeged.hu\/download\/OTDK_Kiadvany_2021_v8.pdf\">35. OTDK El\u0151ad\u00e1skivonatok<\/a><br \/>\n<a href=\"https:\/\/semmelweis.hu\/tdk\/files\/2021\/04\/Eredmenyek_OTDK_2021.pdf\">Eredm\u00e9nyek 35. OTDK 2021<\/a><br \/>\n&nbsp;<br \/>\n&nbsp;<\/p>\n","protected":false},"author":101596,"featured_media":0,"parent":4181,"menu_order":0,"comment_status":"closed","ping_status":"closed","template":"","meta":{"_acf_changed":false,"footnotes":""},"categories":[],"tags":[],"class_list":["post-6861","page","type-page","status-publish","hentry"],"acf":[],"publishpress_future_action":{"enabled":false,"date":"1970-01-01 01:00:00","action":"","terms":[],"taxonomy":"","browser_timezone_offset":0},"_links":{"self":[{"href":"https:\/\/semmelweis.hu\/tdk\/wp-json\/wp\/v2\/pages\/6861","targetHints":{"allow":["GET"]}}],"collection":[{"href":"https:\/\/semmelweis.hu\/tdk\/wp-json\/wp\/v2\/pages"}],"about":[{"href":"https:\/\/semmelweis.hu\/tdk\/wp-json\/wp\/v2\/types\/page"}],"author":[{"embeddable":true,"href":"https:\/\/semmelweis.hu\/tdk\/wp-json\/wp\/v2\/users\/101596"}],"replies":[{"embeddable":true,"href":"https:\/\/semmelweis.hu\/tdk\/wp-json\/wp\/v2\/comments?post=6861"}],"version-history":[{"count":6,"href":"https:\/\/semmelweis.hu\/tdk\/wp-json\/wp\/v2\/pages\/6861\/revisions"}],"predecessor-version":[{"id":10672,"href":"https:\/\/semmelweis.hu\/tdk\/wp-json\/wp\/v2\/pages\/6861\/revisions\/10672"}],"up":[{"embeddable":true,"href":"https:\/\/semmelweis.hu\/tdk\/wp-json\/wp\/v2\/pages\/4181"}],"wp:attachment":[{"href":"https:\/\/semmelweis.hu\/tdk\/wp-json\/wp\/v2\/media?parent=6861"}],"wp:term":[{"taxonomy":"category","embeddable":true,"href":"https:\/\/semmelweis.hu\/tdk\/wp-json\/wp\/v2\/categories?post=6861"},{"taxonomy":"post_tag","embeddable":true,"href":"https:\/\/semmelweis.hu\/tdk\/wp-json\/wp\/v2\/tags?post=6861"}],"curies":[{"name":"wp","href":"https:\/\/api.w.org\/{rel}","templated":true}]}}