{"id":6415,"date":"2020-12-02T10:27:39","date_gmt":"2020-12-02T09:27:39","guid":{"rendered":"https:\/\/semmelweis.hu\/tdk\/?page_id=6415"},"modified":"2024-06-07T13:58:09","modified_gmt":"2024-06-07T11:58:09","slug":"endokrinologia-tanszek-tdk-temak","status":"publish","type":"page","link":"https:\/\/semmelweis.hu\/tdk\/tdk-temak-es-temavezetok\/aok\/endokrinologia-tanszek-tdk-temak\/","title":{"rendered":"Endokrinol\u00f3giai Tansz\u00e9k"},"content":{"rendered":"<table style=\"width: 99.2658%;height: 579px\" width=\"1151\">\n<tbody>\n<tr style=\"height: 30px\">\n<td style=\"width: 36.3732%;height: 30px;text-align: center\" width=\"743\"><strong>TDK-munka c\u00edme<\/strong><\/td>\n<td style=\"width: 31.7155%;height: 30px;text-align: center\" width=\"408\"><strong>T\u00e9mavezet\u0151 neve (fokozattal)<\/strong><\/td>\n<\/tr>\n<tr style=\"height: 57px\">\n<td style=\"width: 36.3732%;height: 57px\">Nem-k\u00f3dol\u00f3 RNS biomarkerek vizsg\u00e1lata mell\u00e9kvese \u00e9s neuroendokrin daganatokban<\/td>\n<td style=\"width: 31.7155%;height: 57px\" width=\"408\">Dr. Igaz P\u00e9ter (MTA doktora)<\/td>\n<\/tr>\n<tr style=\"height: 57px\">\n<td style=\"width: 36.3732%;height: 57px\">Oszteodenzitometria \u00e9s egy\u00e9b csontvizsg\u00e1l\u00f3 elj\u00e1r\u00e1sok<\/td>\n<td style=\"width: 31.7155%;height: 57px\">Dr. Horv\u00e1th Csaba (MTA doktora)<\/td>\n<\/tr>\n<tr style=\"height: 30px\">\n<td style=\"width: 36.3732%;height: 30px\">A csontmin\u0151s\u00e9g vizsg\u00e1lata ultrahangm\u00f3dszerrel<\/td>\n<td style=\"width: 31.7155%;height: 30px\">Dr. Horv\u00e1th Csaba (MTA doktora)<\/td>\n<\/tr>\n<tr style=\"height: 57px\">\n<td style=\"width: 36.3732%;height: 57px\">A csont t\u00f6r\u00e9kenys\u00e9g t\u00e9nyez\u0151i, vizsg\u00e1lata \u00e9s befoly\u00e1sol\u00e1sa<\/td>\n<td style=\"width: 31.7155%;height: 57px\">Dr. Horv\u00e1th Csaba (MTA doktora)<\/td>\n<\/tr>\n<tr style=\"height: 30px\">\n<td style=\"width: 36.3732%;height: 30px\">Szekunder oszteopor\u00f3zisok<\/td>\n<td style=\"width: 31.7155%;height: 30px\">Dr. Horv\u00e1th Csaba (MTA doktora)<\/td>\n<\/tr>\n<tr style=\"height: 57px\">\n<td style=\"width: 36.3732%;height: 57px\">\u00a0A kalcium vesek\u0151betegs\u00e9g k\u00f3rsz\u00e1rmaz\u00e1sa \u00e9s kezel\u00e9se<\/td>\n<td style=\"width: 31.7155%;height: 57px\">Dr. Horv\u00e1th Csaba (MTA doktora)<\/td>\n<\/tr>\n<tr style=\"height: 30px\">\n<td style=\"width: 36.3732%;height: 30px\">A test\u00f6sszet\u00e9tel vizsg\u00e1lata<\/td>\n<td style=\"width: 31.7155%;height: 30px\">Dr. Horv\u00e1th Csaba (MTA doktora)<\/td>\n<\/tr>\n<tr style=\"height: 57px\">\n<td style=\"width: 36.3732%;height: 57px\">Akromeg\u00e1li\u00e1s betegek csontanyacsere \u00e9s test\u00f6sszet\u00e9tel vizsg\u00e1lata<\/td>\n<td style=\"width: 31.7155%;height: 57px\">Dr. Horv\u00e1th Csaba (MTA doktora), Dr.M\u00e9sz\u00e1ros Szilvia (PhD)<\/td>\n<\/tr>\n<tr style=\"height: 57px\">\n<td style=\"width: 36.3732%;height: 57px\">A testo\u0308sszete\u0301tel vizsga\u0301lata egy- e\u0301s ke\u0301tpete\u0301j\u0171 ikerpa\u0301rokon<\/td>\n<td style=\"width: 31.7155%;height: 57px\" width=\"408\">Dr.M\u00e9sz\u00e1ros Szilvia (PhD)<\/td>\n<\/tr>\n<tr style=\"height: 57px\">\n<td style=\"width: 36.3732%;height: 57px\">\u00a0A denzitometria \u00faj t\u00edpus\u00fa alkalmaz\u00e1sai endokrin k\u00f3r\u00e1llapotokban<\/td>\n<td style=\"width: 31.7155%;height: 57px\" width=\"408\">Dr.M\u00e9sz\u00e1ros Szilvia (PhD)<\/td>\n<\/tr>\n<tr style=\"height: 30px\">\n<td style=\"width: 36.3732%;height: 30px\">Williams-szindr\u00f3ma feln\u0151ttkorban<\/td>\n<td style=\"width: 31.7155%;height: 30px\" width=\"408\">Dr.Reismann P\u00e9ter (PhD)<\/td>\n<\/tr>\n<tr style=\"height: 30px\">\n<td style=\"width: 36.3732%;height: 30px\">Phenylketonuria feln\u0151ttkorban\u00a0<\/td>\n<td style=\"width: 31.7155%;height: 30px\" width=\"408\">Dr.Reismann P\u00e9ter (PhD), Dr. Sum\u00e1nszki Csaba<\/td>\n<\/tr>\n<\/tbody>\n<\/table>\n","protected":false},"excerpt":{"rendered":"<p>TDK-munka c\u00edme T\u00e9mavezet\u0151 neve (fokozattal) Nem-k\u00f3dol\u00f3 RNS biomarkerek vizsg\u00e1lata mell\u00e9kvese \u00e9s neuroendokrin daganatokban Dr. Igaz P\u00e9ter (MTA doktora) Oszteodenzitometria \u00e9s egy\u00e9b csontvizsg\u00e1l\u00f3 elj\u00e1r\u00e1sok Dr. Horv\u00e1th Csaba (MTA doktora) A csontmin\u0151s\u00e9g vizsg\u00e1lata ultrahangm\u00f3dszerrel Dr. Horv\u00e1th Csaba (MTA doktora) A csont t\u00f6r\u00e9kenys\u00e9g t\u00e9nyez\u0151i, vizsg\u00e1lata \u00e9s befoly\u00e1sol\u00e1sa Dr. Horv\u00e1th Csaba (MTA doktora) Szekunder oszteopor\u00f3zisok Dr. Horv\u00e1th Csaba (MTA &hellip;<\/p>\n","protected":false},"author":101596,"featured_media":0,"parent":10054,"menu_order":0,"comment_status":"closed","ping_status":"closed","template":"","meta":{"_acf_changed":false,"footnotes":""},"categories":[],"tags":[],"class_list":["post-6415","page","type-page","status-publish","hentry"],"acf":[],"publishpress_future_action":{"enabled":false,"date":"1970-01-01 01:00:00","action":"","terms":[],"taxonomy":"","browser_timezone_offset":0},"_links":{"self":[{"href":"https:\/\/semmelweis.hu\/tdk\/wp-json\/wp\/v2\/pages\/6415","targetHints":{"allow":["GET"]}}],"collection":[{"href":"https:\/\/semmelweis.hu\/tdk\/wp-json\/wp\/v2\/pages"}],"about":[{"href":"https:\/\/semmelweis.hu\/tdk\/wp-json\/wp\/v2\/types\/page"}],"author":[{"embeddable":true,"href":"https:\/\/semmelweis.hu\/tdk\/wp-json\/wp\/v2\/users\/101596"}],"replies":[{"embeddable":true,"href":"https:\/\/semmelweis.hu\/tdk\/wp-json\/wp\/v2\/comments?post=6415"}],"version-history":[{"count":6,"href":"https:\/\/semmelweis.hu\/tdk\/wp-json\/wp\/v2\/pages\/6415\/revisions"}],"predecessor-version":[{"id":10533,"href":"https:\/\/semmelweis.hu\/tdk\/wp-json\/wp\/v2\/pages\/6415\/revisions\/10533"}],"up":[{"embeddable":true,"href":"https:\/\/semmelweis.hu\/tdk\/wp-json\/wp\/v2\/pages\/10054"}],"wp:attachment":[{"href":"https:\/\/semmelweis.hu\/tdk\/wp-json\/wp\/v2\/media?parent=6415"}],"wp:term":[{"taxonomy":"category","embeddable":true,"href":"https:\/\/semmelweis.hu\/tdk\/wp-json\/wp\/v2\/categories?post=6415"},{"taxonomy":"post_tag","embeddable":true,"href":"https:\/\/semmelweis.hu\/tdk\/wp-json\/wp\/v2\/tags?post=6415"}],"curies":[{"name":"wp","href":"https:\/\/api.w.org\/{rel}","templated":true}]}}

Endokrinológiai Tanszék

<table style="width: 99.2658%;height: 579px" width="1151">
<tbody>
<tr style="height: 30px">
<td style="width: 36.3732%;height: 30px;text-align: center" width="743"><strong>TDK-munka címe</strong></td>
<td style="width: 31.7155%;height: 30px;text-align: center" width="408"><strong>Témavezető neve (fokozattal)</strong></td>
</tr>
<tr style="height: 57px">
<td style="width: 36.3732%;height: 57px">Nem-kódoló RNS biomarkerek vizsgálata mellékvese és neuroendokrin daganatokban</td>
<td style="width: 31.7155%;height: 57px" width="408">Dr. Igaz Péter (MTA doktora)</td>
</tr>
<tr style="height: 57px">
<td style="width: 36.3732%;height: 57px">Oszteodenzitometria és egyéb csontvizsgáló eljárások</td>
<td style="width: 31.7155%;height: 57px">Dr. Horváth Csaba (MTA doktora)</td>
</tr>
<tr style="height: 30px">
<td style="width: 36.3732%;height: 30px">A csontminőség vizsgálata ultrahangmódszerrel</td>
<td style="width: 31.7155%;height: 30px">Dr. Horváth Csaba (MTA doktora)</td>
</tr>
<tr style="height: 57px">
<td style="width: 36.3732%;height: 57px">A csont törékenység tényezői, vizsgálata és befolyásolása</td>
<td style="width: 31.7155%;height: 57px">Dr. Horváth Csaba (MTA doktora)</td>
</tr>
<tr style="height: 30px">
<td style="width: 36.3732%;height: 30px">Szekunder oszteoporózisok</td>
<td style="width: 31.7155%;height: 30px">Dr. Horváth Csaba (MTA doktora)</td>
</tr>
<tr style="height: 57px">
<td style="width: 36.3732%;height: 57px"> A kalcium vesekőbetegség kórszármazása és kezelése</td>
<td style="width: 31.7155%;height: 57px">Dr. Horváth Csaba (MTA doktora)</td>
</tr>
<tr style="height: 30px">
<td style="width: 36.3732%;height: 30px">A testösszetétel vizsgálata</td>
<td style="width: 31.7155%;height: 30px">Dr. Horváth Csaba (MTA doktora)</td>
</tr>
<tr style="height: 57px">
<td style="width: 36.3732%;height: 57px">Akromegáliás betegek csontanyacsere és testösszetétel vizsgálata</td>
<td style="width: 31.7155%;height: 57px">Dr. Horváth Csaba (MTA doktora), Dr.Mészáros Szilvia (PhD)</td>
</tr>
<tr style="height: 57px">
<td style="width: 36.3732%;height: 57px">A testösszetétel vizsgálata egy- és kétpetéjű ikerpárokon</td>
<td style="width: 31.7155%;height: 57px" width="408">Dr.Mészáros Szilvia (PhD)</td>
</tr>
<tr style="height: 57px">
<td style="width: 36.3732%;height: 57px"> A denzitometria új típusú alkalmazásai endokrin kórállapotokban</td>
<td style="width: 31.7155%;height: 57px" width="408">Dr.Mészáros Szilvia (PhD)</td>
</tr>
<tr style="height: 30px">
<td style="width: 36.3732%;height: 30px">Williams-szindróma felnőttkorban</td>
<td style="width: 31.7155%;height: 30px" width="408">Dr.Reismann Péter (PhD)</td>
</tr>
<tr style="height: 30px">
<td style="width: 36.3732%;height: 30px">Phenylketonuria felnőttkorban </td>
<td style="width: 31.7155%;height: 30px" width="408">Dr.Reismann Péter (PhD), Dr. Sumánszki Csaba</td>
</tr>
</tbody>
</table>

<p>TDK-munka címe Témavezető neve (fokozattal) Nem-kódoló RNS biomarkerek vizsgálata mellékvese és neuroendokrin daganatokban Dr. Igaz Péter (MTA doktora) Oszteodenzitometria és egyéb csontvizsgáló eljárások Dr. Horváth Csaba (MTA doktora) A csontminőség vizsgálata ultrahangmódszerrel Dr. Horváth Csaba (MTA doktora) A csont törékenység tényezői, vizsgálata és befolyásolása Dr. Horváth Csaba (MTA doktora) Szekunder oszteoporózisok Dr. Horváth Csaba (MTA &hellip;</p>
