{"id":5162,"date":"2019-11-04T17:10:05","date_gmt":"2019-11-04T16:10:05","guid":{"rendered":"http:\/\/semmelweis.hu\/tdk\/?page_id=5162"},"modified":"2026-02-16T16:53:42","modified_gmt":"2026-02-16T15:53:42","slug":"invitation","status":"publish","type":"page","link":"https:\/\/semmelweis.hu\/tdk\/en\/conferences\/semmelweis-international-students-conference\/invitation\/","title":{"rendered":"Invitation &amp; General Information"},"content":{"rendered":"<p><img loading=\"lazy\" decoding=\"async\" src=\"https:\/\/semmelweis.hu\/tdk\/files\/2026\/02\/tdk_fb_post_enu_20260204.png\" alt=\"Logo\" width=\"1227\" height=\"382\" \/><\/p>\n<p style=\"text-align: center\"><strong>SEMMELWEIS INTERNATIONAL STUDENTS\u2019 <\/strong><strong>CONFERENCE<\/strong><\/p>\n<p style=\"text-align: center\"><strong>2026<\/strong><\/p>\n<p><strong>Results of the International Students&#8217; Conference:<\/strong><\/p>\n<p>Congratulations to all participants!<\/p>\n<p><a href=\"https:\/\/semmelweis.hu\/tdk\/files\/2026\/02\/International-Students-Scientific-Conference-Results-2026.pdf\" target=\"_blank\" rel=\"noopener\">International Students&#8217; Scientific Conference Results 2026.<\/a><\/p>\n<p>&nbsp;<\/p>\n<hr \/>\n<p style=\"text-align: center\">The Students\u2019 Scientific Association of Semmelweis University invites abstracts for submission to the annual Semmelweis International Students\u2019 Conference. This year the Conference will be held exclusively online on the<\/p>\n<p style=\"text-align: center\"><strong>Zoom platform<\/strong><\/p>\n<p style=\"text-align: center\"><strong>on the 11th (Wednesday) of February 2026<\/strong><\/p>\n<p style=\"text-align: center\">Abstract submission: <a href=\"https:\/\/forms.office.com\/e\/kBFuRhcdmm\" target=\"_blank\" rel=\"noopener\">LINK<\/a><\/p>\n<p style=\"text-align: center\">Abstract submission deadline: 30.11.2025 11:59 PM<\/p>\n<p style=\"text-align: center\">The abstracts will be available in the <a href=\"https:\/\/www.semmelweiskiado.hu\/termek\/2258\/orvoskepzes\/2026-ci-evfolyam-11-444\" target=\"_blank\" rel=\"noopener\"><em>Orvosk\u00e9pz\u00e9s<\/em><\/a> journal.\u00a0<\/p>\n<hr \/>\n<p style=\"text-align: center\"><strong>International Student\u2019s Conference time schedule:<\/strong><\/p>\n<p style=\"text-align: center\"><strong>Date: 11 February (Wednesday) 2026 <br \/>\nOpening ceremony starts: 08:30 \u2013 09:00<\/strong><\/p>\n<p style=\"text-align: center\"><strong>Zoom link to join the opening ceremony:<br \/>\n<\/strong><a href=\"https:\/\/semmelweis.zoom.us\/j\/92117411672\">https:\/\/semmelweis.zoom.us\/j\/92117411672<\/a><\/p>\n<p style=\"text-align: center\"><strong>\u00a0<\/strong><\/p>\n<p style=\"text-align: center\">The conference session schedule and their Zoom links:<\/p>\n<p style=\"text-align: center\">Basic Sciences: 9:30 &#8211; 11:15<br \/>\n<u><a href=\"https:\/\/semmelweis.zoom.us\/j\/99304060233\">https:\/\/semmelweis.zoom.us\/j\/99304060233<\/a><\/u><\/p>\n<p style=\"text-align: center\">Clinical Sciences: A: 9:30 &#8211; 11:15<br \/>\n<u><a href=\"https:\/\/semmelweis.zoom.us\/j\/91395724850\">https:\/\/semmelweis.zoom.us\/j\/91395724850<\/a><\/u><\/p>\n<p style=\"text-align: center\">Clinical Sciences: B: 9:30 \u2013 11:00<br \/>\n<u><a href=\"https:\/\/semmelweis.zoom.us\/j\/94440230040\">https:\/\/semmelweis.zoom.us\/j\/94440230040<\/a><\/u><\/p>\n<p style=\"text-align: center\">Clinical Sciences: C: 9:30 \u2013 11:15<br \/>\n<u><a href=\"https:\/\/semmelweis.zoom.us\/j\/94406728891\">https:\/\/semmelweis.zoom.us\/j\/94406728891<\/a><\/u><\/p>\n<p style=\"text-align: center\">Clinical Sciences: D: 9:30 \u2013 11:00\u00a0<br \/>\n<u><a href=\"https:\/\/semmelweis.zoom.us\/j\/99057375960\">https:\/\/semmelweis.zoom.us\/j\/99057375960<\/a><\/u><\/p>\n<p style=\"text-align: center\">\u00a0<\/p>\n<p style=\"text-align: center\"><strong>Closing event of the conference: 12:30\u201312:45<\/strong><\/p>\n<p style=\"text-align: center\"><strong>Zoom link for the closing event:<\/strong>\u00a0<br \/>\n<span style=\"font-style: inherit;font-weight: inherit\"><a href=\"https:\/\/semmelweis.zoom.us\/j\/92007621102\">https:\/\/semmelweis.zoom.us\/j\/92007621102<\/a><\/span><\/p>\n<hr \/>\n<p>The Organizers reserve their rights to make changes to the event program.<\/p>\n<p><strong>General requirements for the submission of abstracts <\/strong><\/p>\n<ul>\n<li>Abstracts in every topics of medicine are welcome.<\/li>\n<li>All abstracts must be original work, containing applied methods and details of numerical results, up to 2400 characters (including spaces)<\/li>\n<li>Abstract contains: Introduction, Aim, Methods, Results, Conclusions sections, clearly indicated<\/li>\n<li>All abstracts may have two authors maximum<\/li>\n<li>Doctoral students may not be (co)authors, except for people enrolled in MD-PhD programs, who are still undergraduates.<\/li>\n<li>Case reports will not be accepted.<\/li>\n<\/ul>\n<p><strong>\u00a0<\/strong><\/p>\n<p><strong>All abstracts will undergo a preliminary review of a scientific committee<\/strong> selected by the Secretary of Students\u2019 Scientific Association. E-mail feedback will be given about the decision of the scientific committee. The title of all accepted abstracts will be uploaded to the website after the decision.<\/p>\n<p>Abstracts will be grouped by topics. Please indicate the topic most suitable to your abstract at submission. Please note that this does not guarantee that your abstract will be grouped within this topic in the final program<\/p>\n<p>&nbsp;<\/p>\n<p><strong>The official language of the conference is English.<\/strong><\/p>\n<p>&nbsp;<\/p>\n<p>Participants from Semmelweis University are not allowed to submit an abstract on the same topic submitted to the annual students\u2019 conference of the university.<\/p>\n<p><strong>\u00a0<\/strong><\/p>\n<p><strong>Presentation format <\/strong><\/p>\n<p>The time limit for a presentation is 10 minutes that is followed by a 5-minute-long discussion<\/p>\n<p><strong>\u00a0<\/strong><\/p>\n<p><strong>Students are required to be present during their whole section.<br \/>\n<\/strong><\/p>\n<p>&nbsp;<\/p>\n<p><strong>Abstract submission procedure:<\/strong><\/p>\n<ul>\n<li>Do not resubmit your abstract for any reason other than a submission error<\/li>\n<li>Once your abstract has been submitted no further changes are possible<\/li>\n<li>Abstract acceptance notification will be sent to all presenting authors<\/li>\n<li>It is the responsibility of the presenting author to ensure accuracy of content, spelling and presentation, as abstracts will be published exactly as submitted<\/li>\n<\/ul>\n<p>&nbsp;<\/p>\n<p><strong>Abstract formatting instructions <\/strong><\/p>\n<ul>\n<li>Only standard abbreviations may be used in the text and they must be defined in brackets, just after the full word or phrase the first time it is typed.<\/li>\n<li>Non-proprietary (generic) names should be used the first time a drug is mentioned and the proprietary name should be underlined.<\/li>\n<li>The abstract text should not exceed 2400 characters (including spaces).<\/li>\n<li>Please do not use localized signs like \u00e4, \u00e6 or \u00e7!<\/li>\n<li>Please do not paste tables<\/li>\n<li>Do not include references, but the abstract has to contain the specification of methods and results.<\/li>\n<\/ul>\n<p>&nbsp;<\/p>\n<p><strong>Registration fee <\/strong><\/p>\n<p>Registration for the conference is free<\/p>\n<p>&nbsp;<\/p>\n<p>2025 abstracts: <a href=\"https:\/\/www.semmelweiskiado.hu\/termek\/2079\/orvoskepzes\/2025-c-evfolyam-11-380\" target=\"_blank\" rel=\"noopener\">link<\/a>; results: <a href=\"https:\/\/semmelweis.hu\/tdk\/files\/2025\/02\/ENG_Closing-2025.pdf\" target=\"_blank\" rel=\"noopener\">link<\/a><\/p>\n<p><em><span style=\"font-size: 10pt\" data-olk-copy-source=\"MessageBody\">The event is part of the project RRF-2.1.2-21-2022-00010 Development of Practical Medical Education at Semmelweis University, which is implemented as a non-repayable grant under the RECOVERY AND RESILIENCE FACILITY (RRF), on behalf of the Government of Hungary and with the support of the European Union.<\/span><\/em><\/p>\n","protected":false},"excerpt":{"rendered":"<p>SEMMELWEIS INTERNATIONAL STUDENTS\u2019 CONFERENCE 2026 Results of the International Students&#8217; Conference: Congratulations to all participants! <a href=\"https:\/\/semmelweis.hu\/tdk\/files\/2026\/02\/International-Students-Scientific-Conference-Results-2026.pdf\" target=\"_blank\" rel=\"noopener\">International Students&#8217; Scientific Conference Results 2026.<\/a> &nbsp; The Students\u2019 Scientific Association of Semmelweis University invites abstracts for submission to the annual Semmelweis International Students\u2019 Conference. This year the Conference will be held exclusively online on the Zoom platform on the 11th (Wednesday) of February 2026 Abstract &hellip;<\/p>\n","protected":false},"author":101600,"featured_media":0,"parent":5160,"menu_order":2,"comment_status":"closed","ping_status":"closed","template":"","meta":{"_acf_changed":false,"footnotes":""},"categories":[],"tags":[],"class_list":["post-5162","page","type-page","status-publish","hentry"],"acf":[],"publishpress_future_action":{"enabled":false,"date":"1970-01-01 01:00:00","action":"","terms":[],"taxonomy":"","browser_timezone_offset":0},"_links":{"self":[{"href":"https:\/\/semmelweis.hu\/tdk\/wp-json\/wp\/v2\/pages\/5162","targetHints":{"allow":["GET"]}}],"collection":[{"href":"https:\/\/semmelweis.hu\/tdk\/wp-json\/wp\/v2\/pages"}],"about":[{"href":"https:\/\/semmelweis.hu\/tdk\/wp-json\/wp\/v2\/types\/page"}],"author":[{"embeddable":true,"href":"https:\/\/semmelweis.hu\/tdk\/wp-json\/wp\/v2\/users\/101600"}],"replies":[{"embeddable":true,"href":"https:\/\/semmelweis.hu\/tdk\/wp-json\/wp\/v2\/comments?post=5162"}],"version-history":[{"count":14,"href":"https:\/\/semmelweis.hu\/tdk\/wp-json\/wp\/v2\/pages\/5162\/revisions"}],"predecessor-version":[{"id":11768,"href":"https:\/\/semmelweis.hu\/tdk\/wp-json\/wp\/v2\/pages\/5162\/revisions\/11768"}],"up":[{"embeddable":true,"href":"https:\/\/semmelweis.hu\/tdk\/wp-json\/wp\/v2\/pages\/5160"}],"wp:attachment":[{"href":"https:\/\/semmelweis.hu\/tdk\/wp-json\/wp\/v2\/media?parent=5162"}],"wp:term":[{"taxonomy":"category","embeddable":true,"href":"https:\/\/semmelweis.hu\/tdk\/wp-json\/wp\/v2\/categories?post=5162"},{"taxonomy":"post_tag","embeddable":true,"href":"https:\/\/semmelweis.hu\/tdk\/wp-json\/wp\/v2\/tags?post=5162"}],"curies":[{"name":"wp","href":"https:\/\/api.w.org\/{rel}","templated":true}]}}