{"id":4924,"date":"2019-09-22T16:09:48","date_gmt":"2019-09-22T14:09:48","guid":{"rendered":"http:\/\/semmelweis.hu\/tdk\/?page_id=4924"},"modified":"2020-06-09T12:05:00","modified_gmt":"2020-06-09T10:05:00","slug":"creditpoints","status":"publish","type":"page","link":"https:\/\/semmelweis.hu\/tdk\/en\/steps-to-pursue-research-as-a-student\/creditpoints\/","title":{"rendered":"Creditpoints"},"content":{"rendered":"<p><strong>TDK work can be rewarded with 1-5 creditpoints at the Semmelweis University<\/strong><\/p>\n<p><strong>TDK work (1 credit) <\/strong>\u00a0can be awarded for regular and active scientific work, which decision is courtesy of the head of department, considering the opinion of the supervisor.<\/p>\n<p><strong>More credit points can be awarded:<\/strong><\/p>\n<p><strong>\u201eTDK Konferencia III<\/strong>.\u201d (<strong>2 credits)<\/strong>\u00a0are given to a student, for participation at the Annual TDK Conference or submit the Rectorial Competition.<\/p>\n<p><strong>\u201eTDK Konferencia I-II<\/strong>.\u201d (<strong>3 credits)<\/strong>\u00a0can be awarded for 1st, 2nd, 3rd prize at the Annual TDK Conference or 1st, 2nd, 3rd prize or praised at the Rectorial Competition, for participation at the OTDK Conference,<\/p>\n<p><strong>\u201eOTDK Konferencia \u00e9s publik\u00e1ci\u00f3<\/strong>\u201d<strong> (4 credits)<\/strong>\u00a0are given for 1-3rd prizes at the OTDK Conference, or for publishing as a first author in an international journal with impact factor.<\/p>\n<p>The extra creditpoints can only be asked for in the semester, when the achievement was done.<\/p>\n","protected":false},"excerpt":{"rendered":"<p>TDK work can be rewarded with 1-5 creditpoints at the Semmelweis University TDK work (1 credit) \u00a0can be awarded for regular and active scientific work, which decision is courtesy of the head of department, considering the opinion of the supervisor. More credit points can be awarded: \u201eTDK Konferencia III.\u201d (2 credits)\u00a0are given to a student, &hellip;<\/p>\n","protected":false},"author":101600,"featured_media":0,"parent":4872,"menu_order":3,"comment_status":"closed","ping_status":"closed","template":"","meta":{"_acf_changed":false,"footnotes":""},"categories":[],"tags":[],"class_list":["post-4924","page","type-page","status-publish","hentry"],"acf":[],"publishpress_future_action":{"enabled":false,"date":"1970-01-01 01:00:00","action":"","terms":[],"taxonomy":"","browser_timezone_offset":0},"_links":{"self":[{"href":"https:\/\/semmelweis.hu\/tdk\/wp-json\/wp\/v2\/pages\/4924","targetHints":{"allow":["GET"]}}],"collection":[{"href":"https:\/\/semmelweis.hu\/tdk\/wp-json\/wp\/v2\/pages"}],"about":[{"href":"https:\/\/semmelweis.hu\/tdk\/wp-json\/wp\/v2\/types\/page"}],"author":[{"embeddable":true,"href":"https:\/\/semmelweis.hu\/tdk\/wp-json\/wp\/v2\/users\/101600"}],"replies":[{"embeddable":true,"href":"https:\/\/semmelweis.hu\/tdk\/wp-json\/wp\/v2\/comments?post=4924"}],"version-history":[{"count":4,"href":"https:\/\/semmelweis.hu\/tdk\/wp-json\/wp\/v2\/pages\/4924\/revisions"}],"predecessor-version":[{"id":5944,"href":"https:\/\/semmelweis.hu\/tdk\/wp-json\/wp\/v2\/pages\/4924\/revisions\/5944"}],"up":[{"embeddable":true,"href":"https:\/\/semmelweis.hu\/tdk\/wp-json\/wp\/v2\/pages\/4872"}],"wp:attachment":[{"href":"https:\/\/semmelweis.hu\/tdk\/wp-json\/wp\/v2\/media?parent=4924"}],"wp:term":[{"taxonomy":"category","embeddable":true,"href":"https:\/\/semmelweis.hu\/tdk\/wp-json\/wp\/v2\/categories?post=4924"},{"taxonomy":"post_tag","embeddable":true,"href":"https:\/\/semmelweis.hu\/tdk\/wp-json\/wp\/v2\/tags?post=4924"}],"curies":[{"name":"wp","href":"https:\/\/api.w.org\/{rel}","templated":true}]}}