{"id":4772,"date":"2019-08-12T14:42:25","date_gmt":"2019-08-12T12:42:25","guid":{"rendered":"http:\/\/semmelweis.hu\/tdk\/?page_id=4772"},"modified":"2019-08-12T14:42:25","modified_gmt":"2019-08-12T12:42:25","slug":"nyari-cseregyakorlat","status":"publish","type":"page","link":"https:\/\/semmelweis.hu\/tdk\/palyazatok\/nyari-cseregyakorlat\/","title":{"rendered":"Ny\u00e1ri cseregyakorlat"},"content":{"rendered":"<p style=\"text-align: justify\">Nyaranta a TDT szervez\u00e9s\u00e9ben lehet\u0151s\u00e9ge ny\u00edlik egyetem\u00fcnk hallgat\u00f3inak, hogy ny\u00e1ri gyakorlatot v\u00e9gezzenek a moszkvai N\u00e9pek Bar\u00e1ts\u00e1ga Egyetem klinik\u00e1in. Az err\u0151l sz\u00f3l\u00f3 p\u00e1ly\u00e1zat minden tan\u00e9vben tavasszal ker\u00fcl ki\u00edr\u00e1sra.<\/p>\n","protected":false},"excerpt":{"rendered":"<p>Nyaranta a TDT szervez\u00e9s\u00e9ben lehet\u0151s\u00e9ge ny\u00edlik egyetem\u00fcnk hallgat\u00f3inak, hogy ny\u00e1ri gyakorlatot v\u00e9gezzenek a moszkvai N\u00e9pek Bar\u00e1ts\u00e1ga Egyetem klinik\u00e1in. Az err\u0151l sz\u00f3l\u00f3 p\u00e1ly\u00e1zat minden tan\u00e9vben tavasszal ker\u00fcl ki\u00edr\u00e1sra.<\/p>\n","protected":false},"author":101600,"featured_media":0,"parent":1146,"menu_order":35,"comment_status":"closed","ping_status":"closed","template":"","meta":{"_acf_changed":false,"footnotes":""},"categories":[],"tags":[],"class_list":["post-4772","page","type-page","status-publish","hentry"],"acf":[],"publishpress_future_action":{"enabled":false,"date":"1970-01-01 01:00:00","action":"","terms":[],"taxonomy":"","browser_timezone_offset":0},"_links":{"self":[{"href":"https:\/\/semmelweis.hu\/tdk\/wp-json\/wp\/v2\/pages\/4772","targetHints":{"allow":["GET"]}}],"collection":[{"href":"https:\/\/semmelweis.hu\/tdk\/wp-json\/wp\/v2\/pages"}],"about":[{"href":"https:\/\/semmelweis.hu\/tdk\/wp-json\/wp\/v2\/types\/page"}],"author":[{"embeddable":true,"href":"https:\/\/semmelweis.hu\/tdk\/wp-json\/wp\/v2\/users\/101600"}],"replies":[{"embeddable":true,"href":"https:\/\/semmelweis.hu\/tdk\/wp-json\/wp\/v2\/comments?post=4772"}],"version-history":[{"count":1,"href":"https:\/\/semmelweis.hu\/tdk\/wp-json\/wp\/v2\/pages\/4772\/revisions"}],"predecessor-version":[{"id":4773,"href":"https:\/\/semmelweis.hu\/tdk\/wp-json\/wp\/v2\/pages\/4772\/revisions\/4773"}],"up":[{"embeddable":true,"href":"https:\/\/semmelweis.hu\/tdk\/wp-json\/wp\/v2\/pages\/1146"}],"wp:attachment":[{"href":"https:\/\/semmelweis.hu\/tdk\/wp-json\/wp\/v2\/media?parent=4772"}],"wp:term":[{"taxonomy":"category","embeddable":true,"href":"https:\/\/semmelweis.hu\/tdk\/wp-json\/wp\/v2\/categories?post=4772"},{"taxonomy":"post_tag","embeddable":true,"href":"https:\/\/semmelweis.hu\/tdk\/wp-json\/wp\/v2\/tags?post=4772"}],"curies":[{"name":"wp","href":"https:\/\/api.w.org\/{rel}","templated":true}]}}