{"id":4534,"date":"2019-07-13T08:25:31","date_gmt":"2019-07-13T06:25:31","guid":{"rendered":"http:\/\/semmelweis.hu\/tdk\/?page_id=4534"},"modified":"2024-08-28T12:38:05","modified_gmt":"2024-08-28T10:38:05","slug":"elerhetoseg","status":"publish","type":"page","link":"https:\/\/semmelweis.hu\/tdk\/elerhetoseg\/","title":{"rendered":"El\u00e9rhet\u0151s\u00e9g"},"content":{"rendered":"<div class=\"keretes w-100\">\n<h4 style=\"text-align: left\"><strong>TDK Iroda<\/strong><\/h4>\n<p style=\"text-align: left\"><strong>C\u00edm:\u00a0<\/strong>Semmelweis Egyetem, Seb\u00e9szeti, Transzplant\u00e1ci\u00f3s \u00e9s Gasztroenterol\u00f3giai Klinika<br \/>\n1082 Budapest \u00dcll\u0151i \u00fat 78.<\/p>\n<p style=\"text-align: left\"><strong>\u00dcgyf\u00e9lfogad\u00e1s: <\/strong>H-P 10:00-14:00 \u00f3ra k\u00f6z\u00f6tt<br \/>\n<strong>Email:<\/strong> <a href=\"mailto:tudomanyos.diakkor@semmelweis.hu\">tudomanyos.diakkor@semmelweis.hu<\/a><br \/>\n<strong>Telefon:<\/strong>+36 20 670 1821<\/p>\n<\/div>\n<p>&nbsp;<\/p>\n","protected":false},"excerpt":{"rendered":"<p>TDK Iroda<br \/>\nC\u00edm:\u00a0Semmelweis Egyetem, Seb\u00e9szeti, Transzplant\u00e1ci\u00f3s \u00e9s Gasztroenterol\u00f3giai Klinika<br \/>\n1082 Budapest \u00dcll\u0151i \u00fat 78.<br \/>\n\u00dcgyf\u00e9lfogad\u00e1s: H-P 10:00-14:00 \u00f3ra k\u00f6z\u00f6tt<br \/>\nEmail: <a href=\"mailto:tudomanyos.diakkor@semmelweis.hu\">tudomanyos.diakkor@semmelweis.hu<\/a><br \/>\nTelefon:+36 20 670 1821<\/p>\n<p>&nbsp;<\/p>\n","protected":false},"author":101600,"featured_media":0,"parent":0,"menu_order":8,"comment_status":"closed","ping_status":"closed","template":"","meta":{"_acf_changed":false,"footnotes":""},"categories":[],"tags":[],"class_list":["post-4534","page","type-page","status-publish","hentry"],"acf":[],"publishpress_future_action":{"enabled":false,"date":"1970-01-01 01:00:00","action":"","terms":[],"taxonomy":"","browser_timezone_offset":0},"_links":{"self":[{"href":"https:\/\/semmelweis.hu\/tdk\/wp-json\/wp\/v2\/pages\/4534","targetHints":{"allow":["GET"]}}],"collection":[{"href":"https:\/\/semmelweis.hu\/tdk\/wp-json\/wp\/v2\/pages"}],"about":[{"href":"https:\/\/semmelweis.hu\/tdk\/wp-json\/wp\/v2\/types\/page"}],"author":[{"embeddable":true,"href":"https:\/\/semmelweis.hu\/tdk\/wp-json\/wp\/v2\/users\/101600"}],"replies":[{"embeddable":true,"href":"https:\/\/semmelweis.hu\/tdk\/wp-json\/wp\/v2\/comments?post=4534"}],"version-history":[{"count":12,"href":"https:\/\/semmelweis.hu\/tdk\/wp-json\/wp\/v2\/pages\/4534\/revisions"}],"predecessor-version":[{"id":11124,"href":"https:\/\/semmelweis.hu\/tdk\/wp-json\/wp\/v2\/pages\/4534\/revisions\/11124"}],"wp:attachment":[{"href":"https:\/\/semmelweis.hu\/tdk\/wp-json\/wp\/v2\/media?parent=4534"}],"wp:term":[{"taxonomy":"category","embeddable":true,"href":"https:\/\/semmelweis.hu\/tdk\/wp-json\/wp\/v2\/categories?post=4534"},{"taxonomy":"post_tag","embeddable":true,"href":"https:\/\/semmelweis.hu\/tdk\/wp-json\/wp\/v2\/tags?post=4534"}],"curies":[{"name":"wp","href":"https:\/\/api.w.org\/{rel}","templated":true}]}}