{"id":4103,"date":"2019-06-04T19:20:19","date_gmt":"2019-06-04T17:20:19","guid":{"rendered":"http:\/\/semmelweis.hu\/tdk\/?page_id=4103"},"modified":"2024-07-25T08:27:24","modified_gmt":"2024-07-25T06:27:24","slug":"elnoki-koszonto","status":"publish","type":"page","link":"https:\/\/semmelweis.hu\/tdk\/rolunk\/elnoki-koszonto\/","title":{"rendered":"Eln\u00f6ki k\u00f6sz\u00f6nt\u0151"},"content":{"rendered":"<blockquote>\n<p>Az iskola arra val\u00f3, hogy az ember megtanuljon tanulni, hogy fel\u00e9bredjen tud\u00e1sv\u00e1gya, megismerje a j\u00f3l v\u00e9gzett munka \u00f6r\u00f6m\u00e9t, meg\u00edzlelje az alkot\u00e1s izgalm\u00e1t, \u00e9s megtal\u00e1lja a munk\u00e1t, amit szeretni fog.<\/p>\n<\/blockquote>\n<p style=\"text-align: right;\"><strong>\u00a0 \u00a0 \u00a0 \u00a0 \u00a0 \u00a0 \u00a0Szent-Gy\u00f6rgyi Albert<\/strong><\/p>\n<p style=\"text-align: justify;\"><a href=\"https:\/\/semmelweis.hu\/tdk\/files\/2019\/07\/Szijarto_Attila_bemutatkozo.jpg\"><img loading=\"lazy\" decoding=\"async\" class=\"alignright wp-image-4657 size-medium\" src=\"https:\/\/semmelweis.hu\/tdk\/files\/2019\/07\/Szijarto_Attila_bemutatkozo-366x400.jpg\" alt=\"\" width=\"366\" height=\"400\" srcset=\"https:\/\/semmelweis.hu\/tdk\/files\/2019\/07\/Szijarto_Attila_bemutatkozo-366x400.jpg 366w, https:\/\/semmelweis.hu\/tdk\/files\/2019\/07\/Szijarto_Attila_bemutatkozo-768x839.jpg 768w, https:\/\/semmelweis.hu\/tdk\/files\/2019\/07\/Szijarto_Attila_bemutatkozo-937x1024.jpg 937w, https:\/\/semmelweis.hu\/tdk\/files\/2019\/07\/Szijarto_Attila_bemutatkozo-753x823.jpg 753w\" sizes=\"auto, (max-width: 366px) 100vw, 366px\" \/><\/a><\/p>\n<p style=\"text-align: justify;\">A Tudom\u00e1nyos Di\u00e1kk\u00f6r t\u00f6rt\u00e9nete messzebb vezet a jelen, szab\u00e1lyozott form\u00e1n\u00e1l. A hallgat\u00f3i tud\u00e1sv\u00e1gyat, a k\u00edv\u00e1ncsis\u00e1got, mely \u00e9l\u0151 rendszer\u00fcnk felfedez\u00e9s\u00e9re t\u00f6rekszik, t\u00e1mogatni kell. A tudom\u00e1nyos di\u00e1kk\u00f6r olyan \u00e9rt\u00e9kteremt\u0151 tev\u00e9kenys\u00e9ge Egyetem\u00fcnknek, melyet minden oktat\u00f3nak odaad\u00f3an kell szolg\u00e1lnia. Az \u00f6nzetlen odafordul\u00e1s \u00e9s a seg\u00edt\u0151 sz\u00e1nd\u00e9k egym\u00e1sra tal\u00e1l\u00e1s\u00e1nak kiv\u00e1l\u00f3 sz\u00edntere ez a f\u00f3rum. C\u00e9lom, hogy ezt, ezeket &#8211; az ak\u00e1r \u00e9letre sz\u00f3l\u00f3 szakmai \u00e9s bar\u00e1ti &#8211; kapcsolatokat szervezeti szinten is seg\u00edtsem, \u00e9s \u00edgy a TDK akt\u00edvan szolg\u00e1lja a Semmelweis Egyetem \u00e9rdekeit.<\/p>\n<p>Szent-Gy\u00f6rgyi Albert szavaival \u00e9lve: &#8222;Az iskola arra val\u00f3, hogy az ember megtanuljon tanulni, hogy fel\u00e9bredjen tud\u00e1sv\u00e1gya, megismerje a j\u00f3l v\u00e9gzett munka \u00f6r\u00f6m\u00e9t, meg\u00edzlelje az alkot\u00e1s izgalm\u00e1t, \u00e9s megtal\u00e1lja a munk\u00e1t, amit szeretni fog.&#8221;<\/p>\n<p>Sok sikert k\u00edv\u00e1nok munk\u00e1jukhoz \u00e9s kitart\u00e1st a tudom\u00e1nyos tev\u00e9kenys\u00e9geikhez!<\/p>\n<p style=\"text-align: center;\">\u00a0Dr. Szij\u00e1rt\u00f3 Attila<br \/>\na TDT eln\u00f6ke<\/p>\n<p style=\"text-align: center;\"><iframe loading=\"lazy\" title=\"Tudom\u00e1nyos Di\u00e1kk\u00f6r \u2212 Jelen \u00e9s j\u00f6v\u0151 \u2212 Dr. Szij\u00e1rt\u00f3 Attila el\u0151ad\u00e1sa\" width=\"753\" height=\"424\" src=\"https:\/\/www.youtube.com\/embed\/zXHyqpdGP9g?feature=oembed\" frameborder=\"0\" allow=\"accelerometer; autoplay; clipboard-write; encrypted-media; gyroscope; picture-in-picture; web-share\" referrerpolicy=\"strict-origin-when-cross-origin\" allowfullscreen><\/iframe><\/p>\n","protected":false},"excerpt":{"rendered":"<p>A Tudom\u00e1nyos Di\u00e1kk\u00f6r t\u00f6rt\u00e9nete messzebb vezet a jelen, szab\u00e1lyozott form\u00e1n\u00e1l. A hallgat\u00f3i tud\u00e1sv\u00e1gyat, a k\u00edv\u00e1ncsis\u00e1got, mely \u00e9l\u0151 rendszer\u00fcnk felfedez\u00e9s\u00e9re t\u00f6rekszik, t\u00e1mogatni kell. A tudom\u00e1nyos di\u00e1kk\u00f6r olyan \u00e9rt\u00e9kteremt\u0151 tev\u00e9kenys\u00e9ge Egyetem\u00fcnknek, melyet minden oktat\u00f3nak odaad\u00f3an kell szolg\u00e1lnia. Az \u00f6nzetlen odafordul\u00e1s \u00e9s a seg\u00edt\u0151 sz\u00e1nd\u00e9k egym\u00e1sra tal\u00e1l\u00e1s\u00e1nak kiv\u00e1l\u00f3 sz\u00edntere ez a f\u00f3rum.<\/p>\n","protected":false},"author":101600,"featured_media":4660,"parent":936,"menu_order":0,"comment_status":"closed","ping_status":"closed","template":"","meta":{"_acf_changed":false,"footnotes":""},"categories":[],"tags":[],"class_list":["post-4103","page","type-page","status-publish","has-post-thumbnail","hentry"],"acf":[],"publishpress_future_action":{"enabled":false,"date":"1970-01-01 01:00:00","action":"","terms":[],"taxonomy":"","browser_timezone_offset":0},"_links":{"self":[{"href":"https:\/\/semmelweis.hu\/tdk\/wp-json\/wp\/v2\/pages\/4103","targetHints":{"allow":["GET"]}}],"collection":[{"href":"https:\/\/semmelweis.hu\/tdk\/wp-json\/wp\/v2\/pages"}],"about":[{"href":"https:\/\/semmelweis.hu\/tdk\/wp-json\/wp\/v2\/types\/page"}],"author":[{"embeddable":true,"href":"https:\/\/semmelweis.hu\/tdk\/wp-json\/wp\/v2\/users\/101600"}],"replies":[{"embeddable":true,"href":"https:\/\/semmelweis.hu\/tdk\/wp-json\/wp\/v2\/comments?post=4103"}],"version-history":[{"count":8,"href":"https:\/\/semmelweis.hu\/tdk\/wp-json\/wp\/v2\/pages\/4103\/revisions"}],"predecessor-version":[{"id":10992,"href":"https:\/\/semmelweis.hu\/tdk\/wp-json\/wp\/v2\/pages\/4103\/revisions\/10992"}],"up":[{"embeddable":true,"href":"https:\/\/semmelweis.hu\/tdk\/wp-json\/wp\/v2\/pages\/936"}],"wp:featuredmedia":[{"embeddable":true,"href":"https:\/\/semmelweis.hu\/tdk\/wp-json\/wp\/v2\/media\/4660"}],"wp:attachment":[{"href":"https:\/\/semmelweis.hu\/tdk\/wp-json\/wp\/v2\/media?parent=4103"}],"wp:term":[{"taxonomy":"category","embeddable":true,"href":"https:\/\/semmelweis.hu\/tdk\/wp-json\/wp\/v2\/categories?post=4103"},{"taxonomy":"post_tag","embeddable":true,"href":"https:\/\/semmelweis.hu\/tdk\/wp-json\/wp\/v2\/tags?post=4103"}],"curies":[{"name":"wp","href":"https:\/\/api.w.org\/{rel}","templated":true}]}}