{"id":3994,"date":"2019-04-04T09:32:30","date_gmt":"2019-04-04T07:32:30","guid":{"rendered":"http:\/\/semmelweis.hu\/tdk\/?page_id=3994"},"modified":"2024-06-25T14:29:21","modified_gmt":"2024-06-25T12:29:21","slug":"tdk-konferencia-2019","status":"publish","type":"page","link":"https:\/\/semmelweis.hu\/tdk\/tudomanyos-diakkori-konferenciak\/eves-tdk-konferencia\/egyetemi-tdk-konferenciak-eves-bontasban\/tdk-konferencia-2019\/","title":{"rendered":"TDK Konferencia 2019"},"content":{"rendered":"<h2>EREDM\u00c9NYEK<\/h2>\n<p>A TDK konferencia 2019. febru\u00e1r 15-\u00e9n kihirdetett<\/p>\n<p><strong><a href=\"https:\/\/semmelweis.hu\/tdk\/files\/2019\/04\/EREDMENYEK_Final_PPT.pdf\" target=\"_blank\" rel=\"noopener noreferrer\">EREDM\u00c9NYEI<\/a><\/strong><\/p>\n<h2>Program<\/h2>\n<p><a href=\"https:\/\/www.semmelweiskiado.hu\/termek\/1482\/orvoskepzes\/2019-xciv-evfolyam-11-288\" target=\"_blank\" rel=\"noopener\">R\u00e9szletes program az ORVOSK\u00c9PZ\u00c9S c\u00edm\u0171 foly\u00f3iratban<\/a><\/p>\n<h2>El\u0151ad\u00e1s-kivonatok felt\u00f6lt\u00e9se<\/h2>\n<p>Semmelweis Egyetem Orvos-, Fogorvos- \u00e9s Gy\u00f3gyszer\u00e9sztudom\u00e1nyi Di\u00e1kk\u00f6ri Konferencia 2019<\/p>\n<p><strong>Helysz\u00edn:<\/strong><span style=\"font-weight: 400\"> SE Nagyv\u00e1rad t\u00e9ri Elm\u00e9leti T\u00f6mb (1089 Budapest, Nagyv\u00e1rad t\u00e9r 4.)<\/span><br \/>\n<strong>Id\u0151pont:<\/strong><span style=\"font-weight: 400\"> 2019. febru\u00e1r 13-14-15.<\/span><\/p>\n<p><span style=\"font-weight: 400\"><strong>Felt\u00f6lt\u00e9si hat\u00e1rid\u0151 MEGHOSSZABB\u00cdTVA: <\/strong><strong>2018. december 10.\u00a0\u00a0 20h<br \/>\n<\/strong><span style=\"text-decoration: line-through\"><br \/>\n<\/span><\/span><\/p>\n<p>Kedves Hallgat\u00f3k!<\/p>\n<p>K\u00e9rj\u00fck, amennyiben a 2019. \u00e9vi Semmelweis Egyetem Orvos-, Fogorvos- \u00e9s Gy\u00f3gyszer\u00e9sztudom\u00e1nyi Di\u00e1kk\u00f6ri Konferenci\u00e1n el\u0151ad\u00e1ssal k\u00edv\u00e1nnak r\u00e9szt venni, az al\u00e1bbi fel\u00fcleten jelents\u00e9k be, \u00e9s t\u00f6lts\u00e9k fel el\u0151ad\u00e1s-kivonatukat.<\/p>\n<p>Sikeres felt\u00f6lt\u00e9st k\u00f6vet\u0151en a rendszer visszaigazol\u00f3 e-mailt k\u00fcld a megadott e-mail c\u00edmre. Amennyiben ezt nem kapj\u00e1k meg, vagy hib\u00e1t tal\u00e1lnak benne, felt\u00e9tlen\u00fcl jelezz\u00e9k M\u00fcller M\u00f3nika TDK-koordin\u00e1tornak.<\/p>\n<p>Az ez ut\u00e1n be\u00e9rkezett el\u0151ad\u00e1s-kivonatokat az absztrakt\u00e9rt\u00e9kel\u0151 bizotts\u00e1gnak nem \u00e1ll m\u00f3dj\u00e1ban elb\u00edr\u00e1lni.<\/p>\n<p>A regisztr\u00e1ci\u00f3hoz t\u00f6lts\u00f6n ki minden csillaggal megjel\u00f6lt mez\u0151t az \u0171rlapon!<br \/>\nV\u00c1LASSZON AZ IGEN VAGY A NEM K\u00d6Z\u00dcL A GYAKORLATI VERSENYEN VAL\u00d3 R\u00c9SZV\u00c9TELN\u00c9L!<\/p>\n<p><span data-mce-mark=\"1\">FIGYELEM!!! <\/span><\/p>\n<p><strong>Egyazon hallgat\u00f3 k\u00e9t els\u0151szerz\u0151s absztraktot csak abban az esetben t\u00f6lthet fel, ha az egyik munk\u00e1t m\u00e1s int\u00e9zettel kooper\u00e1ci\u00f3ban v\u00e9gezte \u00e9s az absztrakton felt\u00fcnteti a m\u00e1sik int\u00e9zet nev\u00e9t \u00e9s az ottani t\u00e9mavezet\u0151t is.<\/strong><\/p>\n<p>&nbsp;<\/p>\n<p>Amennyiben a Semmelweis International Students&#8217; Conference rendezv\u00e9nyre szeretne absztraktot felt\u00f6lteni, <a href=\"https:\/\/semmelweis.hu\/tdk\/en\/semmelweis-international-students-conference-2019-abstract-submission\/\"><strong>kattintson ide.<\/strong><\/a><\/p>\n<p>K\u00f6zrem\u0171k\u00f6d\u00e9s\u00fcket el\u0151re is k\u00f6sz\u00f6nj\u00fck!<\/p>\n<p>\u00dcdv\u00f6zlettel:<br \/>\na Semmelweis Egyetem Tudom\u00e1nyos Di\u00e1kk\u00f6ri Tan\u00e1csa<\/p>\n<h2>Regisztr\u00e1ci\u00f3 r\u00e9sztvev\u0151knek<\/h2>\n<p>Semmelweis Egyetem Orvos-, Fogorvos- \u00e9s Gy\u00f3gyszer\u00e9sztudom\u00e1nyi Di\u00e1kk\u00f6ri Konferencia 2019.<\/p>\n<p><strong>Tisztelt \u00c9rdekl\u0151d\u0151k!<\/strong><\/p>\n<p>A 2019. \u00e9vi Semmelweis Egyetem Orvos- \u00e9s Gy\u00f3gyszer\u00e9sztudom\u00e1nyi Di\u00e1kk\u00f6ri Konferenci\u00e1n val\u00f3 r\u00e9szv\u00e9telhez k\u00e9rj\u00fck, regisztr\u00e1ljanak az al\u00e1bbi fel\u00fcleten.<\/p>\n<p>E-mail t\u00e1rgya: R\u00e9sztvev\u0151i regisztr\u00e1ci\u00f3 a 2019. \u00e9vi TDK-konferenci\u00e1ra<br \/>\nE-mail c\u00edmzett: tdk.regisztracio@gmail.com<br \/>\nHat\u00e1rid\u0151: 2019.01.15<\/p>\n<h2>A konferencia t\u00e1mogat\u00f3i<\/h2>\n<figure id=\"attachment_4455\" aria-describedby=\"caption-attachment-4455\" style=\"width: 1702px\" class=\"wp-caption aligncenter\"><a href=\"https:\/\/semmelweis.hu\/tdk\/files\/2019\/07\/tdk_2019_tamogatok.jpg\"><img loading=\"lazy\" decoding=\"async\" class=\"size-full wp-image-4455\" src=\"https:\/\/semmelweis.hu\/tdk\/files\/2019\/07\/tdk_2019_tamogatok.jpg\" alt=\"\" width=\"1702\" height=\"1224\" srcset=\"https:\/\/semmelweis.hu\/tdk\/files\/2019\/07\/tdk_2019_tamogatok.jpg 1702w, https:\/\/semmelweis.hu\/tdk\/files\/2019\/07\/tdk_2019_tamogatok-400x288.jpg 400w, https:\/\/semmelweis.hu\/tdk\/files\/2019\/07\/tdk_2019_tamogatok-768x552.jpg 768w, https:\/\/semmelweis.hu\/tdk\/files\/2019\/07\/tdk_2019_tamogatok-1024x736.jpg 1024w, https:\/\/semmelweis.hu\/tdk\/files\/2019\/07\/tdk_2019_tamogatok-753x542.jpg 753w\" sizes=\"auto, (max-width: 1702px) 100vw, 1702px\" \/><\/a><figcaption id=\"caption-attachment-4455\" class=\"wp-caption-text\">A 2019-es TDK Konferencia t\u00e1mogat\u00f3i<\/figcaption><\/figure>\n","protected":false},"excerpt":{"rendered":"<p>EREDM\u00c9NYEK A TDK konferencia 2019. febru\u00e1r 15-\u00e9n kihirdetett <a href=\"https:\/\/semmelweis.hu\/tdk\/files\/2019\/04\/EREDMENYEK_Final_PPT.pdf\" target=\"_blank\" rel=\"noopener noreferrer\">EREDM\u00c9NYEI<\/a> Program <a href=\"https:\/\/www.semmelweiskiado.hu\/termek\/1482\/orvoskepzes\/2019-xciv-evfolyam-11-288\" target=\"_blank\" rel=\"noopener\">R\u00e9szletes program az ORVOSK\u00c9PZ\u00c9S c\u00edm\u0171 foly\u00f3iratban<\/a> El\u0151ad\u00e1s-kivonatok felt\u00f6lt\u00e9se Semmelweis Egyetem Orvos-, Fogorvos- \u00e9s Gy\u00f3gyszer\u00e9sztudom\u00e1nyi Di\u00e1kk\u00f6ri Konferencia 2019 Helysz\u00edn: SE Nagyv\u00e1rad t\u00e9ri Elm\u00e9leti T\u00f6mb (1089 Budapest, Nagyv\u00e1rad t\u00e9r 4.) Id\u0151pont: 2019. febru\u00e1r 13-14-15. Felt\u00f6lt\u00e9si hat\u00e1rid\u0151 MEGHOSSZABB\u00cdTVA: 2018. december 10.\u00a0\u00a0 20h Kedves Hallgat\u00f3k! K\u00e9rj\u00fck, amennyiben a 2019. \u00e9vi Semmelweis Egyetem Orvos-, Fogorvos- \u00e9s Gy\u00f3gyszer\u00e9sztudom\u00e1nyi &hellip;<\/p>\n","protected":false},"author":158,"featured_media":0,"parent":4177,"menu_order":0,"comment_status":"closed","ping_status":"closed","template":"","meta":{"_acf_changed":false,"footnotes":""},"categories":[],"tags":[],"class_list":["post-3994","page","type-page","status-publish","hentry"],"acf":[],"publishpress_future_action":{"enabled":false,"date":"1970-01-01 01:00:00","action":"","terms":[],"taxonomy":"","browser_timezone_offset":0},"_links":{"self":[{"href":"https:\/\/semmelweis.hu\/tdk\/wp-json\/wp\/v2\/pages\/3994","targetHints":{"allow":["GET"]}}],"collection":[{"href":"https:\/\/semmelweis.hu\/tdk\/wp-json\/wp\/v2\/pages"}],"about":[{"href":"https:\/\/semmelweis.hu\/tdk\/wp-json\/wp\/v2\/types\/page"}],"author":[{"embeddable":true,"href":"https:\/\/semmelweis.hu\/tdk\/wp-json\/wp\/v2\/users\/158"}],"replies":[{"embeddable":true,"href":"https:\/\/semmelweis.hu\/tdk\/wp-json\/wp\/v2\/comments?post=3994"}],"version-history":[{"count":10,"href":"https:\/\/semmelweis.hu\/tdk\/wp-json\/wp\/v2\/pages\/3994\/revisions"}],"predecessor-version":[{"id":10867,"href":"https:\/\/semmelweis.hu\/tdk\/wp-json\/wp\/v2\/pages\/3994\/revisions\/10867"}],"up":[{"embeddable":true,"href":"https:\/\/semmelweis.hu\/tdk\/wp-json\/wp\/v2\/pages\/4177"}],"wp:attachment":[{"href":"https:\/\/semmelweis.hu\/tdk\/wp-json\/wp\/v2\/media?parent=3994"}],"wp:term":[{"taxonomy":"category","embeddable":true,"href":"https:\/\/semmelweis.hu\/tdk\/wp-json\/wp\/v2\/categories?post=3994"},{"taxonomy":"post_tag","embeddable":true,"href":"https:\/\/semmelweis.hu\/tdk\/wp-json\/wp\/v2\/tags?post=3994"}],"curies":[{"name":"wp","href":"https:\/\/api.w.org\/{rel}","templated":true}]}}