{"id":3952,"date":"2019-04-03T15:55:51","date_gmt":"2019-04-03T13:55:51","guid":{"rendered":"http:\/\/semmelweis.hu\/tdk\/?page_id=3952"},"modified":"2020-10-15T10:35:07","modified_gmt":"2020-10-15T08:35:07","slug":"a-semmelweis-egyetem-kivalo-diakkorose-palyazat","status":"publish","type":"page","link":"https:\/\/semmelweis.hu\/tdk\/palyazatok\/a-semmelweis-egyetem-kivalo-diakkorose\/a-semmelweis-egyetem-kivalo-diakkorose-palyazat\/","title":{"rendered":"A Semmelweis Egyetem Kiv\u00e1l\u00f3 Di\u00e1kk\u00f6r\u00f6se p\u00e1ly\u00e1zat"},"content":{"rendered":"<p>A Tudom\u00e1nyos Di\u00e1kk\u00f6ri Tan\u00e1cs minden \u00e9vben p\u00e1ly\u00e1zatot hirdet a Semmelweis Egyetem Kiv\u00e1l\u00f3 Di\u00e1kk\u00f6r\u00f6se c\u00edm elnyer\u00e9s\u00e9re.<\/p>\n<p>P\u00e1ly\u00e1zati ki\u00edr\u00e1s<\/p>\n<p>P\u00e1ly\u00e1zati adatlap<\/p>\n<p>&nbsp;<\/p>\n<h3><a href=\"https:\/\/semmelweis.hu\/tdk\/a-semmelweis-egyetem-kivalo-diakkorose-palyazat-eredmenyei\/\">A Semmelweis Egyetem Kiv\u00e1l\u00f3 Di\u00e1kk\u00f6r\u00f6se p\u00e1ly\u00e1zat EREDM\u00c9NYEI<\/a><\/h3>\n","protected":false},"excerpt":{"rendered":"<p>A Tudom\u00e1nyos Di\u00e1kk\u00f6ri Tan\u00e1cs minden \u00e9vben p\u00e1ly\u00e1zatot hirdet a Semmelweis Egyetem Kiv\u00e1l\u00f3 Di\u00e1kk\u00f6r\u00f6se c\u00edm elnyer\u00e9s\u00e9re.<br \/>\nP\u00e1ly\u00e1zati ki\u00edr\u00e1s<br \/>\nP\u00e1ly\u00e1zati adatlap<br \/>\n&nbsp;<br \/>\n<a href=\"https:\/\/semmelweis.hu\/tdk\/a-semmelweis-egyetem-kivalo-diakkorose-palyazat-eredmenyei\/\">A Semmelweis Egyetem Kiv\u00e1l\u00f3 Di\u00e1kk\u00f6r\u00f6se p\u00e1ly\u00e1zat EREDM\u00c9NYEI<\/a><\/p>\n","protected":false},"author":158,"featured_media":0,"parent":941,"menu_order":1,"comment_status":"closed","ping_status":"closed","template":"","meta":{"_acf_changed":false,"footnotes":""},"categories":[],"tags":[],"class_list":["post-3952","page","type-page","status-publish","hentry"],"acf":[],"publishpress_future_action":{"enabled":false,"date":"1970-01-01 01:00:00","action":"","terms":[],"taxonomy":"","browser_timezone_offset":0},"_links":{"self":[{"href":"https:\/\/semmelweis.hu\/tdk\/wp-json\/wp\/v2\/pages\/3952","targetHints":{"allow":["GET"]}}],"collection":[{"href":"https:\/\/semmelweis.hu\/tdk\/wp-json\/wp\/v2\/pages"}],"about":[{"href":"https:\/\/semmelweis.hu\/tdk\/wp-json\/wp\/v2\/types\/page"}],"author":[{"embeddable":true,"href":"https:\/\/semmelweis.hu\/tdk\/wp-json\/wp\/v2\/users\/158"}],"replies":[{"embeddable":true,"href":"https:\/\/semmelweis.hu\/tdk\/wp-json\/wp\/v2\/comments?post=3952"}],"version-history":[{"count":10,"href":"https:\/\/semmelweis.hu\/tdk\/wp-json\/wp\/v2\/pages\/3952\/revisions"}],"predecessor-version":[{"id":6270,"href":"https:\/\/semmelweis.hu\/tdk\/wp-json\/wp\/v2\/pages\/3952\/revisions\/6270"}],"up":[{"embeddable":true,"href":"https:\/\/semmelweis.hu\/tdk\/wp-json\/wp\/v2\/pages\/941"}],"wp:attachment":[{"href":"https:\/\/semmelweis.hu\/tdk\/wp-json\/wp\/v2\/media?parent=3952"}],"wp:term":[{"taxonomy":"category","embeddable":true,"href":"https:\/\/semmelweis.hu\/tdk\/wp-json\/wp\/v2\/categories?post=3952"},{"taxonomy":"post_tag","embeddable":true,"href":"https:\/\/semmelweis.hu\/tdk\/wp-json\/wp\/v2\/tags?post=3952"}],"curies":[{"name":"wp","href":"https:\/\/api.w.org\/{rel}","templated":true}]}}