{"id":3482,"date":"2019-04-01T12:33:26","date_gmt":"2019-04-01T10:33:26","guid":{"rendered":"http:\/\/semmelweis.hu\/tdk\/?page_id=3482"},"modified":"2025-08-29T08:40:25","modified_gmt":"2025-08-29T06:40:25","slug":"magyar-honvedseg-egeszsegugyi-kozpont","status":"publish","type":"page","link":"https:\/\/semmelweis.hu\/tdk\/tdk-temak-es-temavezetok\/kulso-intezetek\/magyar-honvedseg-egeszsegugyi-kozpont\/","title":{"rendered":"\u00c9szak-pesti Centrumk\u00f3rh\u00e1z (Magyar Honv\u00e9ds\u00e9g Eg\u00e9szs\u00e9g\u00fcgyi K\u00f6zpont)"},"content":{"rendered":"<p style=\"text-align: left\"><span class=\"pink\"><strong>A Magyar Honv\u00e9ds\u00e9g Eg\u00e9szs\u00e9g\u00fcgyi K\u00f6zpont TDK munkac\u00edmei \u00e9s t\u00e9mavezet\u0151i a 2025\/2026-os tan\u00e9vben<\/strong><\/span><\/p>\n<table style=\"width: 100%;margin-left: auto;margin-right: auto\" border=\"0\" cellspacing=\"0\" cellpadding=\"0\">\n<colgroup>\n<col style=\"width: 285pt\" width=\"380\" \/>\n<col style=\"width: 193pt\" width=\"257\" \/> <\/colgroup>\n<tbody>\n<tr style=\"height: 12.75pt\">\n<td class=\"xl71\" style=\"height: 12px;width: 59.5276%;text-align: center\" width=\"380\" height=\"17\"><strong>TDK-munka c\u00edme<\/strong><\/td>\n<td class=\"xl71\" style=\"width: 40.315%;text-align: center;height: 12px\" width=\"257\"><strong>T\u00e9mavezet\u0151 neve (fokozattal)<\/strong><\/td>\n<\/tr>\n<tr>\n<td style=\"width: 59.5276%\" width=\"267\">1.\u00a0\u00a0\u00a0\u00a0\u00a0 Modern pacemaker kezel\u00e9s. T\u00fal\u00e9l\u00e9s \u00e9s \u00e9letmin\u0151s\u00e9g.<\/td>\n<td style=\"width: 40.315%\" width=\"318\">Dr. B\u0151hm Ad\u00e1m D.Sc., egyetemi tan\u00e1r<\/td>\n<\/tr>\n<tr>\n<td style=\"width: 59.5276%\" width=\"267\">2.\u00a0\u00a0\u00a0\u00a0\u00a0 Pacemaker ter\u00e1pia aktu\u00e1lis k\u00e9rd\u00e9sei.<\/td>\n<td style=\"width: 40.315%\" width=\"318\">Dr. Duray G\u00e1bor Ph.D., r\u00e9szlegvezet\u0151 f\u0151orvos<\/td>\n<\/tr>\n<tr>\n<td style=\"width: 59.5276%\" width=\"267\">3.\u00a0\u00a0\u00a0\u00a0\u00a0 A sz\u00edv-elektrofiziol\u00f3gia lehet\u0151s\u00e9gei a ritmuszavarok kezel\u00e9s\u00e9ben.<\/td>\n<td style=\"width: 40.315%\" width=\"318\">Dr. Duray G\u00e1bor Ph.D., r\u00e9szlegvezet\u0151 f\u0151orvos, Dr. Sz\u00e9kely \u00c1d\u00e1m f\u0151orvos<\/td>\n<\/tr>\n<tr>\n<td style=\"width: 59.5276%\" width=\"267\">4.\u00a0\u00a0\u00a0\u00a0\u00a0 A transzkat\u00e9teres pacemaker ingerl\u00e9s alkalmaz\u00e1sa a klinikai gyakorlatban<\/td>\n<td style=\"width: 40.315%\" width=\"318\">Dr. Duray G\u00e1bor Ph.D., r\u00e9szlegvezet\u0151 f\u0151orvos<\/td>\n<\/tr>\n<tr>\n<td style=\"width: 59.5276%\" width=\"267\">5.\u00a0\u00a0\u00a0\u00a0\u00a0 A pitvarfibrill\u00e1ci\u00f3 kat\u00e9terabl\u00e1ci\u00f3s kezel\u00e9s\u00e9nek lehet\u0151s\u00e9gei<\/td>\n<td style=\"width: 40.315%\" width=\"318\">Dr. Duray G\u00e1bor Ph.D., r\u00e9szlegvezet\u0151 f\u0151orvos<\/td>\n<\/tr>\n<tr>\n<td style=\"width: 59.5276%\" width=\"267\">6.\u00a0\u00a0\u00a0\u00a0\u00a0 Az eszk\u00f6z\u00f6s ter\u00e1pia lehet\u0151s\u00e9gei sz\u00edvel\u00e9gtelens\u00e9gben \u00e9s a sz\u00edvritmuszavarok kezel\u00e9s\u00e9ben\u00a0\u00a0<\/td>\n<td style=\"width: 40.315%\" width=\"318\">Dr. Duray G\u00e1bor Ph.D., r\u00e9szlegvezet\u0151 f\u0151orvos<\/td>\n<\/tr>\n<tr>\n<td style=\"width: 59.5276%\" width=\"267\">7.\u00a0\u00a0\u00a0\u00a0\u00a0 Az alv\u00e1si l\u00e9gz\u00e9szavarok jelent\u0151s\u00e9ge, felismer\u00e9se \u00e9s kezel\u00e9si lehet\u0151s\u00e9gei<\/td>\n<td style=\"width: 40.315%\" width=\"318\">Dr. Duray G\u00e1bor Ph.D., r\u00e9szlegvezet\u0151 f\u0151orvos<\/td>\n<\/tr>\n<tr>\n<td style=\"width: 59.5276%\" width=\"267\">8.\u00a0\u00a0\u00a0\u00a0\u00a0 Thrombocyta aktiv\u00e1ci\u00f3 \u00e9s g\u00e1tl\u00e1s coronaria atherothrombosisban.<\/td>\n<td style=\"width: 40.315%\" width=\"318\">Dr. med. habil. Kiss R\u00f3bert G\u00e1bor Ph.D., c. egyetemi tan\u00e1r<\/td>\n<\/tr>\n<tr>\n<td style=\"width: 59.5276%\" width=\"267\">9.\u00a0\u00a0\u00a0\u00a0\u00a0 A sz\u00edvel\u00e9gtelens\u00e9g korszer\u0171 kezel\u00e9se.<\/td>\n<td style=\"width: 40.315%\" width=\"318\">Dr. Nyolczas No\u00e9mi Ph.D., c. egyetemi docens<\/td>\n<\/tr>\n<tr>\n<td style=\"width: 59.5276%\" width=\"267\">10.\u00a0 Obesit\u00e1s \u00e9s \u00a0 coronariabetegs\u00e9g \/pitvarfibrill\u00e1ci\u00f3 \u00f6sszef\u00fcgg\u00e9sei.<\/td>\n<td style=\"width: 40.315%\" width=\"318\">Dr. Pr\u00e9da Istv\u00e1n D.Sc., professor emeritus<\/td>\n<\/tr>\n<tr>\n<td style=\"width: 59.5276%\" width=\"267\">11.\u00a0 A \u00a0rendszeres testmozg\u00e1s, sport \u00e9s sz\u00edv<\/td>\n<td style=\"width: 40.315%\" width=\"318\">Dr. Pr\u00e9da Istv\u00e1n D.Sc., professor emeritus<\/td>\n<\/tr>\n<\/tbody>\n<\/table>\n<p style=\"text-align: left\"><span class=\"pink\"><strong>TDK topics and consultants of the Military Hospital \u2013 State Health Center (1134 Budapest, K\u00e1roly R\u00f3bert krt. 44.) in academic year 2019\/2020<\/strong><\/span><\/p>\n<table style=\"width: 100%;margin-left: auto;margin-right: auto\" border=\"0\" cellspacing=\"0\" cellpadding=\"0\">\n<colgroup>\n<col style=\"width: 231pt\" width=\"308\" \/>\n<col style=\"width: 182pt\" width=\"242\" \/> <\/colgroup>\n<tbody>\n<tr style=\"height: 12.75pt\">\n<td class=\"xl71\" style=\"height: 12.75pt;width: 231pt;text-align: center\" width=\"308\" height=\"17\"><strong>TDK topics<\/strong><\/td>\n<td class=\"xl71\" style=\"width: 182pt;text-align: center\" width=\"242\"><strong>Supervisor (degree)<\/strong><\/td>\n<\/tr>\n<tr style=\"height: 25.5pt\">\n<td class=\"xl69\" style=\"height: 25.5pt;width: 231pt\" width=\"308\" height=\"34\">Modern pacemaker therapy. Survival and quality of life<\/td>\n<td class=\"xl69\" style=\"width: 182pt\" width=\"242\">Prof. \u00c1d\u00e1m B\u0151hm M.D., D.Sc.<\/td>\n<\/tr>\n<tr style=\"height: 25.5pt\">\n<td class=\"xl69\" style=\"height: 25.5pt;width: 231pt\" width=\"308\" height=\"34\">Cardiac implantable electronic devices in the treatment of heart failure and arrhythmias<\/td>\n<td class=\"xl69\" style=\"width: 182pt\" width=\"242\">G\u00e1bor Duray M.D., Ph.D.<\/td>\n<\/tr>\n<tr style=\"height: 25.5pt\">\n<td class=\"xl69\" style=\"height: 25.5pt;width: 231pt\" width=\"308\" height=\"34\">Role of invasive cardiac electrophysiology in the treatment of cardiac arrhythmias<\/td>\n<td class=\"xl69\" style=\"width: 182pt\" width=\"242\">G\u00e1bor Duray M.D., Ph.D.<\/td>\n<\/tr>\n<tr style=\"height: 12.75pt\">\n<td class=\"xl69\" style=\"height: 12.75pt;width: 231pt\" width=\"308\" height=\"17\">Clinical use of the intracardiac pacemaker capsule<\/td>\n<td class=\"xl69\" style=\"width: 182pt\" width=\"242\">G\u00e1bor Duray M.D., Ph.D.<\/td>\n<\/tr>\n<tr style=\"height: 12.75pt\">\n<td class=\"xl69\" style=\"height: 12.75pt;width: 231pt\" width=\"308\" height=\"17\">Treatment options in atrial fibrillation<\/td>\n<td class=\"xl69\" style=\"width: 182pt\" width=\"242\">G\u00e1bor Duray M.D., Ph.D.<\/td>\n<\/tr>\n<tr style=\"height: 25.5pt\">\n<td class=\"xl69\" style=\"height: 25.5pt;width: 231pt\" width=\"308\" height=\"34\">Diagnosis, treatment and significance of sleep apnea in cardiac diseases<\/td>\n<td class=\"xl69\" style=\"width: 182pt\" width=\"242\">G\u00e1bor Duray M.D., Ph.D.<\/td>\n<\/tr>\n<tr style=\"height: 25.5pt\">\n<td class=\"xl69\" style=\"height: 25.5pt;width: 231pt\" width=\"308\" height=\"34\">Percutan coronary intervention in acute coronary syndrome<\/td>\n<td class=\"xl69\" style=\"width: 182pt\" width=\"242\">Istv\u00e1n Hizoh M.D., Ph.D., honorary associate professor<\/td>\n<\/tr>\n<tr style=\"height: 25.5pt\">\n<td class=\"xl69\" style=\"height: 25.5pt;width: 231pt\" width=\"308\" height=\"34\">Investigation of factors influencing mortality of primer percutan coronary syndrome<\/td>\n<td class=\"xl69\" style=\"width: 182pt\" width=\"242\">Istv\u00e1n Hizoh M.D., Ph.D., honorary associate professor<\/td>\n<\/tr>\n<tr style=\"height: 25.5pt\">\n<td class=\"xl69\" style=\"height: 25.5pt;width: 231pt\" width=\"308\" height=\"34\">Activation and inhibition of thrombocytes in coronary atherothrombosis<\/td>\n<td class=\"xl69\" style=\"width: 182pt\" width=\"242\">R\u00f3bert G\u00e1bor Kiss M.D., Ph.D., honorary professor<\/td>\n<\/tr>\n<tr style=\"height: 25.5pt\">\n<td class=\"xl69\" style=\"height: 25.5pt;width: 231pt\" width=\"308\" height=\"34\">Modern treatment of heart failure<\/td>\n<td class=\"xl69\" style=\"width: 182pt\" width=\"242\">No\u00e9mi Nyolczas M.D., Ph.D., honorary associate professor<\/td>\n<\/tr>\n<tr style=\"height: 25.5pt\">\n<td class=\"xl70\" style=\"height: 25.5pt;width: 231pt\" width=\"308\" height=\"34\">Obesity, cornary heart disease and auricular fibrillation.<\/td>\n<td class=\"xl70\" style=\"width: 182pt\" width=\"242\">Prof. Istv\u00e1n Pr\u00e9da M.D., D.Sc.<\/td>\n<\/tr>\n<tr style=\"height: 25.5pt\">\n<td class=\"xl70\" style=\"height: 25.5pt;width: 231pt\" width=\"308\" height=\"34\">Genesis of auricular fibrillation and its relation to risk factors<\/td>\n<td class=\"xl70\" style=\"width: 182pt\" width=\"242\">Prof. Istv\u00e1n Pr\u00e9da M.D., D.Sc.<\/td>\n<\/tr>\n<\/tbody>\n<\/table>\n","protected":false},"excerpt":{"rendered":"<p>A Magyar Honv\u00e9ds\u00e9g Eg\u00e9szs\u00e9g\u00fcgyi K\u00f6zpont TDK munkac\u00edmei \u00e9s t\u00e9mavezet\u0151i a 2025\/2026-os tan\u00e9vben TDK-munka c\u00edme T\u00e9mavezet\u0151 neve (fokozattal) 1.\u00a0\u00a0\u00a0\u00a0\u00a0 Modern pacemaker kezel\u00e9s. T\u00fal\u00e9l\u00e9s \u00e9s \u00e9letmin\u0151s\u00e9g. Dr. B\u0151hm Ad\u00e1m D.Sc., egyetemi tan\u00e1r 2.\u00a0\u00a0\u00a0\u00a0\u00a0 Pacemaker ter\u00e1pia aktu\u00e1lis k\u00e9rd\u00e9sei. Dr. Duray G\u00e1bor Ph.D., r\u00e9szlegvezet\u0151 f\u0151orvos 3.\u00a0\u00a0\u00a0\u00a0\u00a0 A sz\u00edv-elektrofiziol\u00f3gia lehet\u0151s\u00e9gei a ritmuszavarok kezel\u00e9s\u00e9ben. Dr. Duray G\u00e1bor Ph.D., r\u00e9szlegvezet\u0151 f\u0151orvos, Dr. &hellip;<\/p>\n","protected":false},"author":158,"featured_media":0,"parent":10063,"menu_order":5,"comment_status":"closed","ping_status":"closed","template":"template-fullwidth.php","meta":{"_acf_changed":false,"footnotes":""},"categories":[],"tags":[],"class_list":["post-3482","page","type-page","status-publish","hentry"],"acf":[],"publishpress_future_action":{"enabled":false,"date":"1970-01-01 01:00:00","action":"","terms":[],"taxonomy":"","browser_timezone_offset":0},"_links":{"self":[{"href":"https:\/\/semmelweis.hu\/tdk\/wp-json\/wp\/v2\/pages\/3482","targetHints":{"allow":["GET"]}}],"collection":[{"href":"https:\/\/semmelweis.hu\/tdk\/wp-json\/wp\/v2\/pages"}],"about":[{"href":"https:\/\/semmelweis.hu\/tdk\/wp-json\/wp\/v2\/types\/page"}],"author":[{"embeddable":true,"href":"https:\/\/semmelweis.hu\/tdk\/wp-json\/wp\/v2\/users\/158"}],"replies":[{"embeddable":true,"href":"https:\/\/semmelweis.hu\/tdk\/wp-json\/wp\/v2\/comments?post=3482"}],"version-history":[{"count":10,"href":"https:\/\/semmelweis.hu\/tdk\/wp-json\/wp\/v2\/pages\/3482\/revisions"}],"predecessor-version":[{"id":11630,"href":"https:\/\/semmelweis.hu\/tdk\/wp-json\/wp\/v2\/pages\/3482\/revisions\/11630"}],"up":[{"embeddable":true,"href":"https:\/\/semmelweis.hu\/tdk\/wp-json\/wp\/v2\/pages\/10063"}],"wp:attachment":[{"href":"https:\/\/semmelweis.hu\/tdk\/wp-json\/wp\/v2\/media?parent=3482"}],"wp:term":[{"taxonomy":"category","embeddable":true,"href":"https:\/\/semmelweis.hu\/tdk\/wp-json\/wp\/v2\/categories?post=3482"},{"taxonomy":"post_tag","embeddable":true,"href":"https:\/\/semmelweis.hu\/tdk\/wp-json\/wp\/v2\/tags?post=3482"}],"curies":[{"name":"wp","href":"https:\/\/api.w.org\/{rel}","templated":true}]}}