{"id":3055,"date":"2016-10-17T10:08:08","date_gmt":"2016-10-17T08:08:08","guid":{"rendered":"http:\/\/semmelweis.hu\/tdk\/?page_id=3055"},"modified":"2016-10-20T10:21:08","modified_gmt":"2016-10-20T08:21:08","slug":"tdk-conference-2016-registration-for-attendees","status":"publish","type":"page","link":"https:\/\/semmelweis.hu\/tdk\/en\/conferences\/tdk-conference-2016\/tdk-conference-2016-registration-for-attendees\/","title":{"rendered":"TDK Conference 2016 \/ Registration for attendees"},"content":{"rendered":"<p><strong><span class=\"red\">Semmelweis Annual Scientific Conference 2016<\/span><\/strong><\/p>\n<p>Registration at the TDK Conference is required of all attendees.<br \/>\nAfter a successful registration you may get a feedback e-mail. If you have any further questions, please contact to the TDK Coordinator Monika Muller.<\/p>\n<p>Attendees will get the supplement of ORVOSK\u00c9PZ\u00c9S which contains the whole programme and all abstracts.<\/p>\n<p><strong>B\u00e9la Merkely, MD, DSc<\/strong><br \/>\nPresident of Research Students\u2019 Association<\/p>\n<p><strong>Tam\u00e1s <\/strong><strong>Radovits, MD<\/strong><br \/>\nSecretary of Research Students\u2019 Association<\/p>\n<p><strong>Krisztina K\u00e1ldi, MD<\/strong><br \/>\nVice-president of Research Students\u2019 Association<\/p>\n<form class=\"registration-form\" action=\"\" enctype=\"multipart\/form-data\" method=\"post\" name=\"f\">\n<div class=\"registration\">\n<div class=\"errormessage\">A regisztr\u00e1ci\u00f3 lez\u00e1rult!<\/div>\n<\/div>\n<\/form>\n","protected":false},"excerpt":{"rendered":"<p>Semmelweis Annual Scientific Conference 2016 Registration at the TDK Conference is required of all attendees. After a successful registration you may get a feedback e-mail. If you have any further questions, please contact to the TDK Coordinator Monika Muller. Attendees will get the supplement of ORVOSK\u00c9PZ\u00c9S which contains the whole programme and all abstracts. B\u00e9la &hellip;<\/p>\n","protected":false},"author":363,"featured_media":0,"parent":3036,"menu_order":0,"comment_status":"closed","ping_status":"closed","template":"","meta":{"_acf_changed":false,"footnotes":""},"categories":[],"tags":[],"class_list":["post-3055","page","type-page","status-publish","hentry"],"acf":[],"publishpress_future_action":{"enabled":false,"date":"1970-01-01 01:00:00","action":"","terms":[],"taxonomy":"","browser_timezone_offset":0},"_links":{"self":[{"href":"https:\/\/semmelweis.hu\/tdk\/wp-json\/wp\/v2\/pages\/3055","targetHints":{"allow":["GET"]}}],"collection":[{"href":"https:\/\/semmelweis.hu\/tdk\/wp-json\/wp\/v2\/pages"}],"about":[{"href":"https:\/\/semmelweis.hu\/tdk\/wp-json\/wp\/v2\/types\/page"}],"author":[{"embeddable":true,"href":"https:\/\/semmelweis.hu\/tdk\/wp-json\/wp\/v2\/users\/363"}],"replies":[{"embeddable":true,"href":"https:\/\/semmelweis.hu\/tdk\/wp-json\/wp\/v2\/comments?post=3055"}],"version-history":[{"count":1,"href":"https:\/\/semmelweis.hu\/tdk\/wp-json\/wp\/v2\/pages\/3055\/revisions"}],"predecessor-version":[{"id":3056,"href":"https:\/\/semmelweis.hu\/tdk\/wp-json\/wp\/v2\/pages\/3055\/revisions\/3056"}],"up":[{"embeddable":true,"href":"https:\/\/semmelweis.hu\/tdk\/wp-json\/wp\/v2\/pages\/3036"}],"wp:attachment":[{"href":"https:\/\/semmelweis.hu\/tdk\/wp-json\/wp\/v2\/media?parent=3055"}],"wp:term":[{"taxonomy":"category","embeddable":true,"href":"https:\/\/semmelweis.hu\/tdk\/wp-json\/wp\/v2\/categories?post=3055"},{"taxonomy":"post_tag","embeddable":true,"href":"https:\/\/semmelweis.hu\/tdk\/wp-json\/wp\/v2\/tags?post=3055"}],"curies":[{"name":"wp","href":"https:\/\/api.w.org\/{rel}","templated":true}]}}