{"id":2924,"date":"2016-10-14T11:00:20","date_gmt":"2016-10-14T09:00:20","guid":{"rendered":"http:\/\/semmelweis.hu\/tdk\/?page_id=2924"},"modified":"2016-10-14T11:00:20","modified_gmt":"2016-10-14T09:00:20","slug":"dijazottak","status":"publish","type":"page","link":"https:\/\/semmelweis.hu\/tdk\/tudomanyos-diakkori-konferenciak\/eves-tdk-konferencia\/egyetemi-tdk-konferenciak-eves-bontasban\/tdk-konferencia-2009\/dijazottak\/","title":{"rendered":"D\u00edjazottak"},"content":{"rendered":"<div class=\"box red_1\">\n<h1 class=\"color_header\">D\u00edjazottak<\/h1>\n<div class=\"color_content clearfix article auto-height\">\n<p>A 2009-es TDK Konferencia d\u00edjazottainak list\u00e1ja.<\/p>\n<p>I. Bizotts\u00e1g \u2013 \u00c9lettan, K\u00f3r\u00e9lettan<\/p>\n<div>I. Helyezett<\/p>\n<div>1. Kov\u00e1cs Istv\u00e1n \u00c1OK V<br \/>\n2. P\u00e1rk\u00e1nyi Adrienn \u00c1OK<\/div>\n<p>III. II. Helyezett<\/p>\n<div>1. Hunyor R\u00e9ka \u00c1OK V.<br \/>\n2. L\u0151rincz M\u00e1rton \u00c1kos \u00c1OK VI.<br \/>\n3. M\u00e1rki Alex \u00c1OK V.<\/div>\n<p>III. Helyezett:<\/p>\n<div>1. De\u00e1k Andr\u00e1s Tam\u00e1s \u00c1OK IV.<br \/>\n2. Kapui R\u00e9ka \u00c1OK IV.<br \/>\n3. Liktor Bal\u00e1zs \u00c1OK VI.<\/div>\n<\/div>\n<p>II. Bizotts\u00e1g \u2013 Farmakol\u00f3gia<\/p>\n<div>I. Helyezett<\/div>\n<div>1. Philipp Kirsch, Pap Bence \u00c1OK IV.<br \/>\n2. Teubner Daniel DM VI<br \/>\n3. T\u00f3th J\u00f3zsef \u00c1OK IV.<\/div>\n<div>II. Helyezett<\/div>\n<div>1.\u00a0 F\u00fcl\u00f6p L\u00e1szl\u00f3 \u00c1OK V.<br \/>\n2.\u00a0 Mih\u00e1lyi Csaba \u00c1OK V, Koll\u00e1rovics N\u00f3ra \u00c1OK IV.<\/div>\n<div>III. Helyezett:<\/div>\n<div>1.\u00a0 M\u00e1ty\u00e1s Csaba \u00c1OK III, K\u0151hidai Zs\u00f3fia ELTE TTK biol\u00f3gus III.<\/div>\n<p>III.\u00a0 Bizotts\u00e1g \u2013 Biofizika, Bioinformatika<\/p>\n<div>\u00a0I. Helyezett<\/div>\n<div>1. Legeza Bal\u00e1zs \u00c1OK VI.<\/div>\n<div>2. N\u00e1n\u00e1si Tibor \u00c1OK V, R\u00e1k \u00c1d\u00e1m PPKE ITK V<\/div>\n<div>II. Helyezett<\/div>\n<div>1. B\u0151cskei\u2013Antal Barnab\u00e1s \u00c1OK IV.<\/div>\n<div>2. Poros Bal\u00e1zs \u00c1OK IV.<\/div>\n<div>III. Helyezett:<\/div>\n<div>1. Varj\u00fa Imre \u00c1OK IV<\/div>\n<p>IV. Bizotts\u00e1g \u2013 Molekul\u00e1ris Biol\u00f3gia, Mikrobiol\u00f3gia<\/p>\n<div>I. Helyezett<\/div>\n<div>1. Erd\u00e9lyi L\u00e1szl\u00f3 S\u00e1ndor \u00c1OK V.<\/div>\n<div>2. T\u00f3th Szilvia \u00c1OK IV. II. Helyezett<\/div>\n<div>II. Helyezett:<\/div>\n<div>1. S\u00e1ndor \u00c1gnes Petra \u00c1OK V.<\/div>\n<div>2. Spir\u00f3 Zolt\u00e1n ELTE TTK biol\u00f3gus IV.<\/div>\n<div>III. Helyezett:<\/div>\n<div>1. T\u00f3thp\u00e1l Adrienn ELTE TTK biol\u00f3gus V.<\/div>\n<p>V. Bizotts\u00e1g \u2013 Sejtbiol\u00f3gia, Genetika<\/p>\n<div>I. Helyezett<\/div>\n<div>1. Kis Viktor ELTE TTK biol\u00f3gus V.<\/div>\n<div>2. S\u00e1gi Bernadett ELTE TTK biol\u00f3gus V.<\/div>\n<div>II. Helyezett<\/div>\n<div>1. Dancs\u00f3 Bal\u00e1zs \u00c1OK V.<\/div>\n<div>2. Szatm\u00e1ri Zsuzsanna ELTE TTK biol\u00f3gus V.<\/div>\n<div>III. Helyezett:<\/div>\n<div>1. Horny\u00e1k Krisztina \u00c1OK V.<\/div>\n<p>VI. Bizotts\u00e1g \u2013 K\u00eds\u00e9rletes \u00e9s Klinikai Immunol\u00f3gia<\/p>\n<div>I. Helyezett<\/div>\n<div>1. Hegyi Be\u00e1ta ELTE TTK biol\u00f3gus V.<\/div>\n<div>2. Szab\u00f3 Marcell \u00c1OK V.<\/div>\n<div>II. Helyezett<\/div>\n<div>1. L\u00e1z\u00e1r Enik\u0151 \u00c1OK IV.<\/div>\n<div>2.\u00a0 V\u00e1lyi Nagy Anna \u00c1OK V, L\u0151rincz M\u00e1rton \u00c1kos VI.<\/div>\n<div>III. Helyezett:<\/div>\n<div>1.\u00a0 Apponyi Gy\u00f6rgyi J\u00falia \u00c1OK IV.<\/div>\n<p>VII. Bizotts\u00e1g \u2013 Anat\u00f3mia, Patol\u00f3gia, Igazs\u00e1g\u00fcgyi orvostan<\/p>\n<div>I. Helyezett<\/div>\n<div>1. Bugyik Edina ELTE TTK biol\u00f3gus IV.<\/div>\n<div>2. Egerv\u00e1ri G\u00e1bor \u00c1OK V, Varga Vikt\u00f3ria \u00c1OK IV.<\/div>\n<div>3. Matlakovics Bal\u00e1zs \u00c1OK V.<\/div>\n<div>II. Helyezett<\/div>\n<div>1. Szu\u00e1k Andr\u00e1s \u00c1OK VI.<\/div>\n<div>2. Varga M\u00e1rton, Gy\u00f6ngy\u00f6si Benedek \u00c1OK V.<\/div>\n<div>3. Zs\u00e1kovics Ivett \u00c1OK VI.<\/div>\n<div>III. Helyezett:<\/div>\n<div>1. Dorogi Bence \u00c1OK III, Matlakovics Bal\u00e1zs \u00c1OK V.<\/div>\n<div>2. Horv\u00e1th G\u00e1bor Tam\u00e1s \u00c1OK IV.<\/div>\n<p>VIII. Bizotts\u00e1g \u2013 Idegtudom\u00e1nyok<\/p>\n<div>I. Helyezett<\/div>\n<div>1. Bercs\u00e9nyi Kinga ELTE TTK biol\u00f3gus IV.<\/div>\n<div>2. Kurucz P\u00e9ter \u00c1OK III.<\/div>\n<div>3. Varga Anett, Mucsi Orsolya, \u00c1OK VI.<\/div>\n<div>II. Helyezett<\/div>\n<div>1. Plattner Viktor SZIE \u00c1OTK III.<\/div>\n<div>2. Veres Judit ELTE TTK biol\u00f3gus IV.<\/div>\n<div>3. V\u0151f\u00e9ly Gerg\u0151 ELTE TTK biol\u00f3gus V.<\/div>\n<div>III. Helyezett:<\/div>\n<div>1. Domonkos Andor \u00c1OK III<\/div>\n<div>2. K\u00e1d\u00e1r Andrea ELTE TTK biol\u00f3gus V.<\/div>\n<p>IX. Bizotts\u00e1g \u2013 Csal\u00e1dorvostan &#8211; K\u00f6zeg\u00e9szs\u00e9gtan \u2013 Menedzsment Epidemiol\u00f3gia<\/p>\n<div>I. Helyezett<\/div>\n<div>1. Becze \u00c1d\u00e1m \u00c1OK V, L\u00e1szl\u00f3 Gergely \u00c1OK IV.<\/div>\n<div>2. Lakatos Petra, F\u00e9s\u0171s Szilvia \u00c1OK VI.<\/div>\n<div>3. Pint\u00e9r N\u00f3ra, Horonyi Petra \u00c1OK VI.<\/div>\n<div>II. Helyezett<\/div>\n<div>1. Gieszer Bal\u00e1zs \u00c1OK III, Bagyura Zsolt \u00c1OK VI.<\/div>\n<div>2. Horonyi Petra \u00c1OK VI, Pint\u00e9r N\u00f3ra \u00c1OK VI.<\/div>\n<div>3. Ol\u00e1h Orsolya \u00c1OK VI.<\/div>\n<div>III. Helyezett:<\/div>\n<div>1. Csernus R\u00e9ka \u00c1OK V.<\/div>\n<div>2. L\u00e1szl\u00f3 Andrea \u00c1OK V.<\/div>\n<div>3. S\u00e1pi Johanna \u00c1OK Eg\u00e9szs\u00e9g\u00fcgyi \u00dcgyvitelszervez\u0151 III.<\/div>\n<p>X. Bizotts\u00e1g \u2013 Gastroenterol\u00f3gia<\/p>\n<div>I. Helyezett<\/div>\n<div>1. Gy\u00f6ngy\u00f6si N\u00f3ra \u00c1OK VI.<\/div>\n<div>2. Heged\u00fcs Viktor Zsolt, Ferreira G\u00e1bor \u00c1OK VI.<\/div>\n<div>II. Helyezett<\/div>\n<div>1. K\u00e1rp\u00e1thi Istv\u00e1n Keve \u00c1OK V.<\/div>\n<div>2. L\u0151rinczy Katalin \u00c1OK VI.<\/div>\n<div>3. N\u00e9meth N\u00f3ra \u00c1OK VI, Martos T\u00edmea \u00c1OK V.<\/div>\n<div>III. Helyezett:<\/div>\n<div>1. Csiki Vanda \u00c1OK IV.<\/div>\n<div>2. Farnady \u00c1gnes Adrienn \u00c1OK V, T\u00f3th Krisztina \u00c1OK VI.<\/div>\n<p>XI. Bizotts\u00e1g \u2013 Gyermekgy\u00f3gy\u00e1szat I.<\/p>\n<div>I. Helyezett<\/div>\n<div>1. B\u00e1nusz Rita \u00c1OK VI.<\/div>\n<div>2. B\u00f3ta Bal\u00e1zs \u00c1OK VI, W\u00e9ber Gabriella \u00c1OK V.<\/div>\n<div>3. Nagy Szak\u00e1l Dorottya, Moln\u00e1r Kriszta \u00c1OK VI.<\/div>\n<div>II. Helyezett<\/div>\n<div>1. Farkas M. Krist\u00f3f, Velkey \u00c1bel \u00c1OK IV.<\/div>\n<div>2. Prokopp Tam\u00e1s \u00c1OK V.<\/div>\n<div>III. Helyezett:<\/div>\n<div>1. Fadgyas Bal\u00e1zs, Papp \u00c9va V \u00c1OK.<\/div>\n<div>2. S\u00fcmegi Edina \u00c1OK V.<\/div>\n<div>3. Szab\u00f3 Dol\u00f3resz Ildik\u00f3 \u00c1OK IV.<\/div>\n<p>XII. Bizotts\u00e1g \u2013 Gyermekgy\u00f3gy\u00e1szat II.<\/p>\n<div>I. Helyezett<\/div>\n<div>1. Cseh Annam\u00e1ria \u00c1OK VI, G\u00f6bly\u00f6s Bozs\u00e1na \u00c1OK IV<\/div>\n<div>2. Csuzdi Veronika \u00c1OK V.<\/div>\n<div>3. Turi Alexandra, Imre Bence \u00c1OK V.<\/div>\n<div>II. Helyezett<\/div>\n<div>1. Kerti Andrea \u00c1OK V, D\u00e9gi Arianna Am\u00e1lia \u00c1OK IV<\/div>\n<div>2. Sas Eszter \u00c1OK V, Horv\u00e1th Orsolya \u00c1OK II.<\/div>\n<div>III. Helyezett:<\/div>\n<div>1. Frank Veronika \u00c1OK IV.<\/div>\n<div>2. Hegyi Eszter, Nelh\u0171bel Gy\u00f6rgyi \u00c1OK V.<\/div>\n<div>3. S\u00edklaky Vir\u00e1g, Gombos Andrea \u00c1OK V<\/div>\n<p>XIII. Bizotts\u00e1g \u2013 Kardiol\u00f3gia, Kering\u00e9s<\/p>\n<div>I. Helyezett<\/div>\n<div>1. Magyar Attila, V\u00e9gh Eszter \u00c1OK V.<\/div>\n<div>2. Matlakovics Bal\u00e1zs \u00c1OK V, Korom Csaba \u00c1OK VI.<\/div>\n<div>3. Tak\u00e1cs P\u00e9ter \u00c1OK V.<\/div>\n<div>II. Helyezett<\/div>\n<div>1. Horv\u00e1th Zs\u00f3fia \u00c1OK V.<\/div>\n<div>2. Nov\u00e1k Csaba \u00c1OK VI, Tarj\u00e1n Anna GYTK V.<\/div>\n<div>3. V\u00e9gh Eszter M\u00e1ria, Magyar Attila \u00c1OK V.<\/div>\n<div>III. Helyezett:<\/div>\n<div>1. Muk Bal\u00e1zs \u00c1OK VI, Jenei Zsigmond \u00c1OK V.<\/div>\n<div>2. Szab\u00f3 Hajnalka \u00c1OK IV, Forg\u00e1cs G\u00e1bor \u00c1OK III.<\/div>\n<div>3. Szab\u00f3 Vikt\u00f3ria \u00c1OK V, Ny\u00e9ki D\u00f6m\u00f6t\u00f6r \u00c1OK VI.<\/div>\n<p>XIV. Bizotts\u00e1g \u2013 Anyagcsere, Endokrinol\u00f3gia , Hematol\u00f3gia<\/p>\n<div>I. Helyezett<\/div>\n<div>1. Brauswetter Di\u00e1na \u00c1OK III, Elek Zsuzsa ELTE TTK biol\u00f3gus IV.<\/div>\n<div>2. Farkas Roland, K\u00f6vesdi Katalin \u00c1OK V.<\/div>\n<div>II. Helyezett<\/div>\n<div>1. \u00c1cs Tam\u00e1s Bence, Kerti Andrea \u00c1OK V.<\/div>\n<div>2. Toldi Gergely, M\u00e9sz\u00e1ros Gerg\u0151 \u00c1OK IV.<\/div>\n<div>III. Helyezett:<\/div>\n<div>1. Farkas Tam\u00e1s \u00c1OK III.<\/div>\n<div>2. Szak\u00e1ly M\u00e1ria, Z\u00f3ka Andr\u00e1s \u00c1OK IV<\/div>\n<p>XV. Bizotts\u00e1g \u2013 B\u0151rgy\u00f3gy\u00e1szat \u2013 Radiol\u00f3gia \u2013 Onkol\u00f3gia<\/p>\n<div>I. Helyezett<\/div>\n<div>1. Kolumb\u00e1n Zsuzsa \u00c1OK IV.<\/div>\n<div>2. T\u00f3th Vivien \u00c1OK V. II. Helyezett<\/div>\n<div>II. Helyezett<\/div>\n<div>1. Gyebn\u00e1r J\u00e1nos Norbert \u00c1OK VI.<\/div>\n<div>2. Tordas D\u00e1niel \u00c1OK V.<\/div>\n<div>III. Helyezett:<\/div>\n<div>1. J\u00f3kai Hajnalka \u00c1OK V.<\/div>\n<div>2. Trencs\u00e9ni Bence \u00c1OK V, Csekei Gizella \u00c1OK IV.<\/div>\n<p>XVI. Bizotts\u00e1g \u2013 Magatart\u00e1studom\u00e1ny, Pszichi\u00e1tria<\/p>\n<div>I. Helyezett<\/div>\n<div>1. Garas P\u00e9ter, \u00c1sp\u00e1n Nikoletta \u00c1OK VI.<\/div>\n<div>2. Haraszti R\u00e9ka \u00c1gnes \u00c1OK III, Kerepesi N\u00f3ra \u00c1OK IV.<\/div>\n<div>II. Helyezett<\/div>\n<div>1. Csonka Lilla, Garas P\u00e9ter \u00c1OK VI.<\/div>\n<div>III. Helyezett:<\/div>\n<div>1. Csala Ir\u00e9n \u00c1OK VI.<\/div>\n<div>2. Viczena Veronika \u00c1OK V.<\/div>\n<p>XVII. Bizotts\u00e1g \u2013 Seb\u00e9szet, Idegseb\u00e9szet, Transzplant\u00e1ci\u00f3<\/p>\n<div>\u00a0I. Helyezett<\/div>\n<div>1. Kov\u00e1cs S\u00e1ndor \u00c1OK V, P\u00e1pai Zsolt \u00c1OK III.<\/div>\n<div>2. P\u00e1pai Simon Vince \u00c1OK V.<\/div>\n<div>3. Rosero Oliv\u00e9r \u00c1OK IV, Ol\u00e1h D\u00e1niel \u00c1OK III.<\/div>\n<div>4. T\u00f3th-F\u00fcl\u00f6p Orsolya \u00c1OK III.<\/div>\n<div>II. Helyezett<\/div>\n<div>1. Bartos Gabriella \u00c1OK V, Bern\u00e1th D\u00f3ra KRE-BTK Pszichol\u00f3gia I.<\/div>\n<div>2. P\u00e1jer Petra \u00c1OK V.<\/div>\n<div>3. Pek\u00f3 N\u00f3ra, T\u00f3th R\u00e9ka \u00c1OK IV.<\/div>\n<div>4. Vadas Vikt\u00f3ria \u00c1OK V.<\/div>\n<div>III. Helyezett:<\/div>\n<div>1. Ar\u00e1nyi P\u00e9ter \u00c1OK VI, Tur\u00f3czi Zsolt \u00c1OK III.<\/div>\n<div>2. Feh\u00e9rv\u00e1ri M\u00e1ty\u00e1s \u00c1OK V, Ar\u00e1nyi P\u00e9ter \u00c1OK VI.<\/div>\n<div>3. K\u00f3sa Gabriella Eszter \u00c1OK V<\/div>\n<div>4. Szalay Csaba Imre \u00c1OK V, Hamar P\u00e1l TF III.<\/div>\n<p>XVIII. Bizotts\u00e1g \u2013 Szem\u00e9szet, F\u00fcl-Orr-G\u00e9g\u00e9szet<\/p>\n<div>I. Helyezett<\/div>\n<div>1. Dr\u00e1vai \u00c9va Eszter \u00c1OK VI.<\/div>\n<div>2. Kr\u00e1nitz Kinga \u00c1OK V.<\/div>\n<div>3. Orgyina Marija \u00c1OK V.<\/div>\n<div>II. Helyezett<\/div>\n<div>1. Buri\u00e1n Mikl\u00f3s AOK VI.<\/div>\n<div>2. Gyenes Andrea \u00c1OK V<\/div>\n<div>III. Helyezett:<\/div>\n<div>1. Bogn\u00e1r N\u00f3ra \u00c1OK V.<\/div>\n<div>2. Bucsi Veronika, Szekeres Ibolya \u00c1OK VI.<\/div>\n<div>3. P\u00e9ter J\u00falia, Pesk\u00f3 Gergely \u00c1OK V.<\/div>\n<p>XIX. Bizotts\u00e1g \u2013 Sz\u00fcl\u00e9szet, N\u0151gy\u00f3gy\u00e1szat, Urol\u00f3gia<\/p>\n<div>I. Helyezett<\/div>\n<div>1. Led\u00f3 N\u00f3ra \u00c1OK V.<\/div>\n<div>2. Ol\u00e1h Orsolya, Tab\u00e1nyi \u00c1d\u00e1m \u00c1OK VI.<\/div>\n<div>II. Helyezett<\/div>\n<div>1. Debreczeni-M\u00f3r Andrea, Gullai N\u00f3ra \u00c1OK V.<\/div>\n<div>2. Sikl\u00f3s N\u00f3ra \u00c1OK V.<\/div>\n<div>III. Helyezett:<\/div>\n<div>1. Gul\u00e1csi Alexandra \u00c1OK VI, Lantos B\u00e1lint \u00c1OK V.<\/div>\n<div>2. Szatm\u00e1ri Erzs\u00e9bet \u00c1OK VI.<\/div>\n<p>XX. Bizotts\u00e1g \u2013 Ortop\u00e9dia, Traumatol\u00f3gia, Sporteg\u00e9sz\u00e9gtan<\/p>\n<div>I. Helyezett<\/div>\n<div>1. Csaj\u00e1gi Eszter \u00c1OK V.<\/div>\n<div>2. K\u0151v\u00e1ri Eszter, Koncz Kata \u00c1OK IV<\/div>\n<div>II. Helyezett<\/div>\n<div>1. G\u00e1ti Nikolett \u00c1OK V.<\/div>\n<div>2. Magbade G\u00e1bor \u00c1OK V.<\/div>\n<div>III. Helyezett:<\/div>\n<div>1. Hangody Gy\u00f6rgy M\u00e1rk \u00c1OK V, Schandl K\u00e1roly \u00c1OK VI.<\/div>\n<p>XXI. Bizotts\u00e1g \u2013 Pulmonol\u00f3gia<\/p>\n<div>I. Helyezett<\/div>\n<div>1. Hern\u00e1di M\u00e1rton, Szatm\u00e1ri Bal\u00e1zs \u00c1OK IV.<\/div>\n<div>II. Helyezett<\/div>\n<div>1. Bikov Andr\u00e1s, Szili Bal\u00e1zs \u00c1OK VI.<\/div>\n<div>2. \u0150ri Eszter \u00c1OK III, Porn Hagit EM IV.<\/div>\n<div>III. Helyezett:<\/div>\n<div>1. Szarvas Zsuzsanna \u00c1OK IV, Horv\u00e1th Rita \u00c1OK IV.<\/div>\n<p>XXII. Bizotts\u00e1g \u2013 Gy\u00f3gyszer\u00e9szeti Tudom\u00e1nyok<\/p>\n<div>I. Helyezett<\/div>\n<div>1. Kiss Gergely, Konr\u00e1d Csaba GYTK IV.<\/div>\n<div>2. Marosi Attila GYTK III.<\/div>\n<div>3. V\u00e1radi Andr\u00e1s GYTK V.<\/div>\n<div>II. Helyezett<\/div>\n<div>1. Kertesy D\u00f3ra GYTK IV.<\/div>\n<div>2. Miszori Veronika GYTK II.<\/div>\n<div>3. Sz\u00e1dv\u00e1ri Enik\u0151 GYTK IV.<\/div>\n<div>III. Helyezett:<\/div>\n<div>1. F\u00fcredi Petra, Mike Zsolt GYTK V.<\/div>\n<div>2. Gyetvai L\u00e1szl\u00f3 GYTK IV.<\/div>\n<div>3. Juh\u00e1sz \u00c1kos GYTK IV, Sz\u00e9kely L\u00e1szl\u00f3 GYTK III.<\/div>\n<p>XXIII. Bizotts\u00e1g \u2013 Fogorvostudom\u00e1nyok<\/p>\n<div>I. Helyezett<\/div>\n<div>1. Bori Erzs\u00e9bet BME VBK VI, Berze Ildik\u00f3 FOK III.<\/div>\n<div>2. Porcsalmy Bal\u00e1zs ELTE TTK biol\u00f3gus V.<\/div>\n<div>3. Schneeberger Csaba FOK V.<\/div>\n<div>4. T\u00f3th P\u00e9ter FOK DM V.<\/div>\n<div>II. Helyezett<\/div>\n<div>1. P\u00e1tser Anik\u00f3 FOK IV.<\/div>\n<div>2. Szab\u00f3 El\u0151d Levente FOK III, Porcsalmy Bal\u00e1zs ELTE TTK biol\u00f3gus V.<\/div>\n<div>III. Helyezett:<\/div>\n<div>1. Hoffer L\u00e1szl\u00f3 FOK IV, Pozsgay Sarolta FOK V.<\/div>\n<div>2. Holman Anna FOK IV, M\u00e1th\u00e9 L\u00edvia FOK IV<\/div>\n<div>3. Kivovics M\u00e1rton, Jacs\u00f3 Edit FOK V<\/div>\n<div>4. N\u00e1n\u00e1si Anett \u00c1OK VI.<\/div>\n<\/div>\n<\/div>\n","protected":false},"excerpt":{"rendered":"<p>D\u00edjazottak A 2009-es TDK Konferencia d\u00edjazottainak list\u00e1ja. I. Bizotts\u00e1g \u2013 \u00c9lettan, K\u00f3r\u00e9lettan I. Helyezett 1. Kov\u00e1cs Istv\u00e1n \u00c1OK V 2. P\u00e1rk\u00e1nyi Adrienn \u00c1OK III. II. Helyezett 1. Hunyor R\u00e9ka \u00c1OK V. 2. L\u0151rincz M\u00e1rton \u00c1kos \u00c1OK VI. 3. M\u00e1rki Alex \u00c1OK V. III. Helyezett: 1. De\u00e1k Andr\u00e1s Tam\u00e1s \u00c1OK IV. 2. Kapui R\u00e9ka \u00c1OK IV. &hellip;<\/p>\n","protected":false},"author":363,"featured_media":0,"parent":2914,"menu_order":0,"comment_status":"closed","ping_status":"closed","template":"","meta":{"_acf_changed":false,"footnotes":""},"categories":[],"tags":[],"class_list":["post-2924","page","type-page","status-publish","hentry"],"acf":[],"publishpress_future_action":{"enabled":false,"date":"1970-01-01 01:00:00","action":"","terms":[],"taxonomy":"","browser_timezone_offset":0},"_links":{"self":[{"href":"https:\/\/semmelweis.hu\/tdk\/wp-json\/wp\/v2\/pages\/2924","targetHints":{"allow":["GET"]}}],"collection":[{"href":"https:\/\/semmelweis.hu\/tdk\/wp-json\/wp\/v2\/pages"}],"about":[{"href":"https:\/\/semmelweis.hu\/tdk\/wp-json\/wp\/v2\/types\/page"}],"author":[{"embeddable":true,"href":"https:\/\/semmelweis.hu\/tdk\/wp-json\/wp\/v2\/users\/363"}],"replies":[{"embeddable":true,"href":"https:\/\/semmelweis.hu\/tdk\/wp-json\/wp\/v2\/comments?post=2924"}],"version-history":[{"count":1,"href":"https:\/\/semmelweis.hu\/tdk\/wp-json\/wp\/v2\/pages\/2924\/revisions"}],"predecessor-version":[{"id":2925,"href":"https:\/\/semmelweis.hu\/tdk\/wp-json\/wp\/v2\/pages\/2924\/revisions\/2925"}],"up":[{"embeddable":true,"href":"https:\/\/semmelweis.hu\/tdk\/wp-json\/wp\/v2\/pages\/2914"}],"wp:attachment":[{"href":"https:\/\/semmelweis.hu\/tdk\/wp-json\/wp\/v2\/media?parent=2924"}],"wp:term":[{"taxonomy":"category","embeddable":true,"href":"https:\/\/semmelweis.hu\/tdk\/wp-json\/wp\/v2\/categories?post=2924"},{"taxonomy":"post_tag","embeddable":true,"href":"https:\/\/semmelweis.hu\/tdk\/wp-json\/wp\/v2\/tags?post=2924"}],"curies":[{"name":"wp","href":"https:\/\/api.w.org\/{rel}","templated":true}]}}