{"id":2707,"date":"2016-10-12T14:26:50","date_gmt":"2016-10-12T12:26:50","guid":{"rendered":"http:\/\/semmelweis.hu\/tdk\/?page_id=2707"},"modified":"2019-04-04T12:06:48","modified_gmt":"2019-04-04T10:06:48","slug":"onkologiai-kutatas","status":"publish","type":"page","link":"https:\/\/semmelweis.hu\/tdk\/rolunk\/tdk-borze\/onkologiai-kutatas\/","title":{"rendered":"Onkol\u00f3giai kutat\u00e1s"},"content":{"rendered":"<div class=\"color_content clearfix article auto-height\">\n<p>Az Orsz\u00e1gos Kor\u00e1nyi TBC \u00e9s Pulmonol\u00f3giai Int\u00e9zet Tumorbiol\u00f3giai Oszt\u00e1lya \u00e9s az Orsz\u00e1gos Onkol\u00f3giai Int\u00e9zet Mellkasseb\u00e9szeti Oszt\u00e1lya TDK hallgat\u00f3kat keres molekul\u00e1ris onkol\u00f3giai t\u00e9m\u00e1ban:<br \/>\n<strong>Tumorok predikt\u00edv \u00e9s prognosztikus markereinek vizsg\u00e1lata<\/strong><\/p>\n<p><strong>T\u00e9mavezet\u0151:<\/strong><br \/>\nDr. D\u00f6me Bal\u00e1zs<br \/>\ntudom\u00e1nyos igazgat\u00f3<\/p>\n<p>V\u00e1rjuk azon lelkes \u00e9s kitart\u00f3 hallgat\u00f3k jelentkez\u00e9s\u00e9t, akik sz\u00edvesen bekapcsol\u00f3dn\u00e1nak laborat\u00f3riumunk munk\u00e1j\u00e1ba. Bevezetj\u00fck \u0151ket az \u00e1llatk\u00eds\u00e9rletek, sejtteny\u00e9szt\u00e9s praktik\u00e1iba, valamint feh\u00e9rje- \u00e9s g\u00e9nexpresszi\u00f3s vizsg\u00e1latok rejtelmeibe.<\/p>\n<p><strong>Jelentkezni \u00e9s \u00e9rdekl\u0151dni lehet:<\/strong><br \/>\nGyugos M\u00f3nika<br \/>\nbiol\u00f3gus, kutat\u00f3<br \/>\nOrsz\u00e1gos Kor\u00e1nyi TBC \u00e9s Pulmonol\u00f3giai Int\u00e9zet<br \/>\nTumorbiol\u00f3giai Oszt\u00e1ly<br \/>\n1121, Budapest, Pihen\u0151 \u00fat 1<br \/>\ntel: +36 20 220 5146<\/p>\n<\/div>\n","protected":false},"excerpt":{"rendered":"<p>Az Orsz\u00e1gos Kor\u00e1nyi TBC \u00e9s Pulmonol\u00f3giai Int\u00e9zet Tumorbiol\u00f3giai Oszt\u00e1lya \u00e9s az Orsz\u00e1gos Onkol\u00f3giai Int\u00e9zet Mellkasseb\u00e9szeti Oszt\u00e1lya TDK hallgat\u00f3kat keres molekul\u00e1ris onkol\u00f3giai t\u00e9m\u00e1ban: Tumorok predikt\u00edv \u00e9s prognosztikus markereinek vizsg\u00e1lata T\u00e9mavezet\u0151: Dr. D\u00f6me Bal\u00e1zs tudom\u00e1nyos igazgat\u00f3 V\u00e1rjuk azon lelkes \u00e9s kitart\u00f3 hallgat\u00f3k jelentkez\u00e9s\u00e9t, akik sz\u00edvesen bekapcsol\u00f3dn\u00e1nak laborat\u00f3riumunk munk\u00e1j\u00e1ba. Bevezetj\u00fck \u0151ket az \u00e1llatk\u00eds\u00e9rletek, sejtteny\u00e9szt\u00e9s praktik\u00e1iba, valamint feh\u00e9rje- \u00e9s &hellip;<\/p>\n","protected":false},"author":363,"featured_media":0,"parent":2694,"menu_order":8,"comment_status":"closed","ping_status":"closed","template":"","meta":{"_acf_changed":false,"footnotes":""},"categories":[],"tags":[],"class_list":["post-2707","page","type-page","status-publish","hentry"],"acf":[],"publishpress_future_action":{"enabled":false,"date":"1970-01-01 01:00:00","action":"","terms":[],"taxonomy":"","browser_timezone_offset":0},"_links":{"self":[{"href":"https:\/\/semmelweis.hu\/tdk\/wp-json\/wp\/v2\/pages\/2707","targetHints":{"allow":["GET"]}}],"collection":[{"href":"https:\/\/semmelweis.hu\/tdk\/wp-json\/wp\/v2\/pages"}],"about":[{"href":"https:\/\/semmelweis.hu\/tdk\/wp-json\/wp\/v2\/types\/page"}],"author":[{"embeddable":true,"href":"https:\/\/semmelweis.hu\/tdk\/wp-json\/wp\/v2\/users\/363"}],"replies":[{"embeddable":true,"href":"https:\/\/semmelweis.hu\/tdk\/wp-json\/wp\/v2\/comments?post=2707"}],"version-history":[{"count":1,"href":"https:\/\/semmelweis.hu\/tdk\/wp-json\/wp\/v2\/pages\/2707\/revisions"}],"predecessor-version":[{"id":2708,"href":"https:\/\/semmelweis.hu\/tdk\/wp-json\/wp\/v2\/pages\/2707\/revisions\/2708"}],"up":[{"embeddable":true,"href":"https:\/\/semmelweis.hu\/tdk\/wp-json\/wp\/v2\/pages\/2694"}],"wp:attachment":[{"href":"https:\/\/semmelweis.hu\/tdk\/wp-json\/wp\/v2\/media?parent=2707"}],"wp:term":[{"taxonomy":"category","embeddable":true,"href":"https:\/\/semmelweis.hu\/tdk\/wp-json\/wp\/v2\/categories?post=2707"},{"taxonomy":"post_tag","embeddable":true,"href":"https:\/\/semmelweis.hu\/tdk\/wp-json\/wp\/v2\/tags?post=2707"}],"curies":[{"name":"wp","href":"https:\/\/api.w.org\/{rel}","templated":true}]}}