{"id":2692,"date":"2016-10-12T13:38:10","date_gmt":"2016-10-12T11:38:10","guid":{"rendered":"http:\/\/semmelweis.hu\/tdk\/?page_id=2692"},"modified":"2024-05-29T14:01:31","modified_gmt":"2024-05-29T12:01:31","slug":"semmelweis-tudomanyos-diakkori-alapitvany","status":"publish","type":"page","link":"https:\/\/semmelweis.hu\/tdk\/rolunk\/semmelweis-tudomanyos-diakkori-alapitvany\/","title":{"rendered":"Semmelweis Tudom\u00e1nyos Di\u00e1kk\u00f6ri Alap\u00edtv\u00e1ny"},"content":{"rendered":"<p>Az Alap\u00edtv\u00e1ny c\u00e9lja a Semmelweis Egyetemen m\u0171k\u00f6d\u0151 tudom\u00e1nyos di\u00e1kk\u00f6r\u00f6k konferenci\u00e1inak, tan\u00e1cskoz\u00e1sainak, tov\u00e1bbk\u00e9pz\u00e9seinek t\u00e1mogat\u00e1sa, a di\u00e1kk\u00f6r\u00f6s\u00f6k bevon\u00e1s\u00e1val t\u00f6rt\u00e9n\u0151 kutat\u00e1sok v\u00e9gz\u00e9se \u00e9s t\u00e1mogat\u00e1sa. Tudom\u00e1nyos publik\u00e1ci\u00f3k megjelentet\u00e9s\u00e9nek t\u00e1mogat\u00e1sa, \u00f6szt\u00f6nd\u00edjak alap\u00edt\u00e1sa, tank\u00f6nyvek, jegyzetek, oktat\u00e1si seg\u00e9danyagok megjelen\u00e9s\u00e9nek t\u00e1mogat\u00e1sa. Hazai \u00e9s k\u00fclf\u00f6ldi t\u00e1rsszervezetekkel, fels\u0151oktat\u00e1si int\u00e9zm\u00e9nyekkel, mozgalmakkal val\u00f3 kapcsolatfelv\u00e9tel, kapcsolattart\u00e1s t\u00e1mogat\u00e1sa.<\/p>\n<p><strong><a href=\"https:\/\/semmelweis.hu\/tdk\/files\/2019\/04\/IMG_20190104_0001.pdf\" target=\"_blank\" rel=\"noopener noreferrer\">Az alap\u00edtv\u00e1ny 2018. december 19-i kurat\u00f3riumi \u00fcl\u00e9s\u00e9r\u0151l k\u00e9sz\u00fclt jegyz\u0151k\u00f6nyv<\/a><\/strong><\/p>\n<div class=\"keretes w-100\">\n<h5>Az alap\u00edtv\u00e1ny adatai:<\/h5>\n<p>Semmelweis Tudom\u00e1nyos Di\u00e1kk\u00f6ri Alap\u00edtv\u00e1ny<br \/>\n1089 Budapest, Nagyv\u00e1rad t\u00e9r 4.<br \/>\nPostac\u00edm: 1445 Budapest Pf. 370.<br \/>\nTelefon: 20\/663-2970<br \/>\nAd\u00f3sz\u00e1m: 18175055-1-42<br \/>\nSz\u00e1mlasz\u00e1m: OTP Bank Rt. Belv\u00e1rosi r\u00e9gi\u00f3 11705008-20477275<\/p>\n<\/div>\n","protected":false},"excerpt":{"rendered":"<p>Az Alap\u00edtv\u00e1ny c\u00e9lja a Semmelweis Egyetemen m\u0171k\u00f6d\u0151 tudom\u00e1nyos di\u00e1kk\u00f6r\u00f6k konferenci\u00e1inak, tan\u00e1cskoz\u00e1sainak, tov\u00e1bbk\u00e9pz\u00e9seinek t\u00e1mogat\u00e1sa, a di\u00e1kk\u00f6r\u00f6s\u00f6k bevon\u00e1s\u00e1val t\u00f6rt\u00e9n\u0151 kutat\u00e1sok v\u00e9gz\u00e9se \u00e9s t\u00e1mogat\u00e1sa. Tudom\u00e1nyos publik\u00e1ci\u00f3k megjelentet\u00e9s\u00e9nek t\u00e1mogat\u00e1sa, \u00f6szt\u00f6nd\u00edjak alap\u00edt\u00e1sa, tank\u00f6nyvek, jegyzetek, oktat\u00e1si seg\u00e9danyagok megjelen\u00e9s\u00e9nek t\u00e1mogat\u00e1sa. Hazai \u00e9s k\u00fclf\u00f6ldi t\u00e1rsszervezetekkel, fels\u0151oktat\u00e1si int\u00e9zm\u00e9nyekkel, mozgalmakkal val\u00f3 kapcsolatfelv\u00e9tel, kapcsolattart\u00e1s t\u00e1mogat\u00e1sa. <a href=\"https:\/\/semmelweis.hu\/tdk\/files\/2019\/04\/IMG_20190104_0001.pdf\" target=\"_blank\" rel=\"noopener noreferrer\">Az alap\u00edtv\u00e1ny 2018. december 19-i kurat\u00f3riumi \u00fcl\u00e9s\u00e9r\u0151l k\u00e9sz\u00fclt jegyz\u0151k\u00f6nyv<\/a> Az alap\u00edtv\u00e1ny adatai: Semmelweis Tudom\u00e1nyos Di\u00e1kk\u00f6ri Alap\u00edtv\u00e1ny 1089 Budapest, Nagyv\u00e1rad t\u00e9r &hellip;<\/p>\n","protected":false},"author":363,"featured_media":0,"parent":936,"menu_order":8,"comment_status":"closed","ping_status":"closed","template":"","meta":{"_acf_changed":false,"footnotes":""},"categories":[],"tags":[],"class_list":["post-2692","page","type-page","status-publish","hentry"],"acf":[],"publishpress_future_action":{"enabled":false,"date":"1970-01-01 01:00:00","action":"","terms":[],"taxonomy":"","browser_timezone_offset":0},"_links":{"self":[{"href":"https:\/\/semmelweis.hu\/tdk\/wp-json\/wp\/v2\/pages\/2692","targetHints":{"allow":["GET"]}}],"collection":[{"href":"https:\/\/semmelweis.hu\/tdk\/wp-json\/wp\/v2\/pages"}],"about":[{"href":"https:\/\/semmelweis.hu\/tdk\/wp-json\/wp\/v2\/types\/page"}],"author":[{"embeddable":true,"href":"https:\/\/semmelweis.hu\/tdk\/wp-json\/wp\/v2\/users\/363"}],"replies":[{"embeddable":true,"href":"https:\/\/semmelweis.hu\/tdk\/wp-json\/wp\/v2\/comments?post=2692"}],"version-history":[{"count":4,"href":"https:\/\/semmelweis.hu\/tdk\/wp-json\/wp\/v2\/pages\/2692\/revisions"}],"predecessor-version":[{"id":10450,"href":"https:\/\/semmelweis.hu\/tdk\/wp-json\/wp\/v2\/pages\/2692\/revisions\/10450"}],"up":[{"embeddable":true,"href":"https:\/\/semmelweis.hu\/tdk\/wp-json\/wp\/v2\/pages\/936"}],"wp:attachment":[{"href":"https:\/\/semmelweis.hu\/tdk\/wp-json\/wp\/v2\/media?parent=2692"}],"wp:term":[{"taxonomy":"category","embeddable":true,"href":"https:\/\/semmelweis.hu\/tdk\/wp-json\/wp\/v2\/categories?post=2692"},{"taxonomy":"post_tag","embeddable":true,"href":"https:\/\/semmelweis.hu\/tdk\/wp-json\/wp\/v2\/tags?post=2692"}],"curies":[{"name":"wp","href":"https:\/\/api.w.org\/{rel}","templated":true}]}}

Semmelweis Tudományos Diákköri Alapítvány

<p>Az Alapítvány célja a Semmelweis Egyetemen működő tudományos diákkörök konferenciáinak, tanácskozásainak, továbbképzéseinek támogatása, a diákkörösök bevonásával történő kutatások végzése és támogatása. Tudományos publikációk megjelentetésének támogatása, ösztöndíjak alapítása, tankönyvek, jegyzetek, oktatási segédanyagok megjelenésének támogatása. Hazai és külföldi társszervezetekkel, felsőoktatási intézményekkel, mozgalmakkal való kapcsolatfelvétel, kapcsolattartás támogatása.</p>
<p><strong><a href="https://semmelweis.hu/tdk/files/2019/04/IMG_20190104_0001.pdf" target="_blank" rel="noopener noreferrer">Az alapítvány 2018. december 19-i kuratóriumi üléséről készült jegyzőkönyv</a></strong></p>
<div class="keretes w-100">
<h5>Az alapítvány adatai:</h5>
<p>Semmelweis Tudományos Diákköri Alapítvány<br />
1089 Budapest, Nagyvárad tér 4.<br />
Postacím: 1445 Budapest Pf. 370.<br />
Telefon: 20/663-2970<br />
Adószám: 18175055-1-42<br />
Számlaszám: OTP Bank Rt. Belvárosi régió 11705008-20477275</p>
</div>

<p>Az Alapítvány célja a Semmelweis Egyetemen működő tudományos diákkörök konferenciáinak, tanácskozásainak, továbbképzéseinek támogatása, a diákkörösök bevonásával történő kutatások végzése és támogatása. Tudományos publikációk megjelentetésének támogatása, ösztöndíjak alapítása, tankönyvek, jegyzetek, oktatási segédanyagok megjelenésének támogatása. Hazai és külföldi társszervezetekkel, felsőoktatási intézményekkel, mozgalmakkal való kapcsolatfelvétel, kapcsolattartás támogatása. <a href="https://semmelweis.hu/tdk/files/2019/04/IMG_20190104_0001.pdf" target="_blank" rel="noopener noreferrer">Az alapítvány 2018. december 19-i kuratóriumi üléséről készült jegyzőkönyv</a> Az alapítvány adatai: Semmelweis Tudományos Diákköri Alapítvány 1089 Budapest, Nagyvárad tér &hellip;</p>
