{"id":1858,"date":"2016-10-10T08:18:52","date_gmt":"2016-10-10T06:18:52","guid":{"rendered":"http:\/\/semmelweis.hu\/tdk\/?page_id=1858"},"modified":"2019-08-12T14:38:34","modified_gmt":"2019-08-12T12:38:34","slug":"a-stephen-w-kuffler-kutatasi-alapitvanyrol","status":"publish","type":"page","link":"https:\/\/semmelweis.hu\/tdk\/palyazatok\/tudomanyos-osztondijak\/a-stephen-w-kuffler-kutatasi-alapitvanyrol\/","title":{"rendered":"Stephen W. Kuffler Kutat\u00e1si \u00d6szt\u00f6nd\u00edj"},"content":{"rendered":"<div class=\"box pink_1\">\n<h3 class=\"color_header\">A Stephen W. Kuffler Kutat\u00e1si Alap\u00edtv\u00e1nyr\u00f3l<\/h3>\n<div class=\"color_content clearfix article auto-height\">\n<p><strong>Az alap\u00edtv\u00e1ny c\u00e9ljai:<\/strong><\/p>\n<ul>\n<li>Az orvos- \u00e9s \u00e9lettudom\u00e1ny \u00e9rt\u00e9keinek meg\u0151rz\u00e9se, fejleszt\u00e9s\u00e9nek el\u0151seg\u00edt\u00e9se, a tudom\u00e1nyos \u00e9s\/vagy oktat\u00f3i kiv\u00e1l\u00f3s\u00e1g t\u00e1mogat\u00e1sa<\/li>\n<li>Magyarorsz\u00e1gon \u00e9s k\u00fclf\u00f6ld\u00f6n \u00e9l\u0151 fiatal kutat\u00f3k tanulm\u00e1ny\u00fatj\u00e1nak, kutat\u00e1sainak, konferenci\u00e1n val\u00f3 r\u00e9szv\u00e9tel\u00e9nek t\u00e1mogat\u00e1sa<\/li>\n<li>Tudom\u00e1nyos konferenci\u00e1k t\u00e1mogat\u00e1sa<\/li>\n<li>Stephen W. Kuffler D\u00edj oda\u00edt\u00e9l\u00e9se \u00e9vente egyszer t\u00f6rt\u00e9nik, a tudom\u00e1nyos kiv\u00e1l\u00f3s\u00e1g elismer\u00e9s\u00e9re K\u00f6z\u00e9p-Eur\u00f3p\u00e1ban kutat\u00e1st folytat\u00f3 fiatal kutat\u00f3knak<\/li>\n<\/ul>\n<p>&nbsp;<\/p>\n<\/div>\n<\/div>\n","protected":false},"excerpt":{"rendered":"<p>A Stephen W. Kuffler Kutat\u00e1si Alap\u00edtv\u00e1nyr\u00f3l Az alap\u00edtv\u00e1ny c\u00e9ljai: Az orvos- \u00e9s \u00e9lettudom\u00e1ny \u00e9rt\u00e9keinek meg\u0151rz\u00e9se, fejleszt\u00e9s\u00e9nek el\u0151seg\u00edt\u00e9se, a tudom\u00e1nyos \u00e9s\/vagy oktat\u00f3i kiv\u00e1l\u00f3s\u00e1g t\u00e1mogat\u00e1sa Magyarorsz\u00e1gon \u00e9s k\u00fclf\u00f6ld\u00f6n \u00e9l\u0151 fiatal kutat\u00f3k tanulm\u00e1ny\u00fatj\u00e1nak, kutat\u00e1sainak, konferenci\u00e1n val\u00f3 r\u00e9szv\u00e9tel\u00e9nek t\u00e1mogat\u00e1sa Tudom\u00e1nyos konferenci\u00e1k t\u00e1mogat\u00e1sa Stephen W. Kuffler D\u00edj oda\u00edt\u00e9l\u00e9se \u00e9vente egyszer t\u00f6rt\u00e9nik, a tudom\u00e1nyos kiv\u00e1l\u00f3s\u00e1g elismer\u00e9s\u00e9re K\u00f6z\u00e9p-Eur\u00f3p\u00e1ban kutat\u00e1st folytat\u00f3 fiatal kutat\u00f3knak &hellip;<\/p>\n","protected":false},"author":363,"featured_media":0,"parent":4268,"menu_order":2,"comment_status":"closed","ping_status":"closed","template":"","meta":{"_acf_changed":false,"footnotes":""},"categories":[],"tags":[],"class_list":["post-1858","page","type-page","status-publish","hentry"],"acf":[],"publishpress_future_action":{"enabled":false,"date":"1970-01-01 01:00:00","action":"","terms":[],"taxonomy":"","browser_timezone_offset":0},"_links":{"self":[{"href":"https:\/\/semmelweis.hu\/tdk\/wp-json\/wp\/v2\/pages\/1858","targetHints":{"allow":["GET"]}}],"collection":[{"href":"https:\/\/semmelweis.hu\/tdk\/wp-json\/wp\/v2\/pages"}],"about":[{"href":"https:\/\/semmelweis.hu\/tdk\/wp-json\/wp\/v2\/types\/page"}],"author":[{"embeddable":true,"href":"https:\/\/semmelweis.hu\/tdk\/wp-json\/wp\/v2\/users\/363"}],"replies":[{"embeddable":true,"href":"https:\/\/semmelweis.hu\/tdk\/wp-json\/wp\/v2\/comments?post=1858"}],"version-history":[{"count":5,"href":"https:\/\/semmelweis.hu\/tdk\/wp-json\/wp\/v2\/pages\/1858\/revisions"}],"predecessor-version":[{"id":4771,"href":"https:\/\/semmelweis.hu\/tdk\/wp-json\/wp\/v2\/pages\/1858\/revisions\/4771"}],"up":[{"embeddable":true,"href":"https:\/\/semmelweis.hu\/tdk\/wp-json\/wp\/v2\/pages\/4268"}],"wp:attachment":[{"href":"https:\/\/semmelweis.hu\/tdk\/wp-json\/wp\/v2\/media?parent=1858"}],"wp:term":[{"taxonomy":"category","embeddable":true,"href":"https:\/\/semmelweis.hu\/tdk\/wp-json\/wp\/v2\/categories?post=1858"},{"taxonomy":"post_tag","embeddable":true,"href":"https:\/\/semmelweis.hu\/tdk\/wp-json\/wp\/v2\/tags?post=1858"}],"curies":[{"name":"wp","href":"https:\/\/api.w.org\/{rel}","templated":true}]}}

Stephen W. Kuffler Kutatási Ösztöndíj

<div class="box pink_1">
<h3 class="color_header">A Stephen W. Kuffler Kutatási Alapítványról</h3>
<div class="color_content clearfix article auto-height">
<p><strong>Az alapítvány céljai:</strong></p>
<ul>
<li>Az orvos- és élettudomány értékeinek megőrzése, fejlesztésének elősegítése, a tudományos és/vagy oktatói kiválóság támogatása</li>
<li>Magyarországon és külföldön élő fiatal kutatók tanulmányútjának, kutatásainak, konferencián való részvételének támogatása</li>
<li>Tudományos konferenciák támogatása</li>
<li>Stephen W. Kuffler Díj odaítélése évente egyszer történik, a tudományos kiválóság elismerésére Közép-Európában kutatást folytató fiatal kutatóknak</li>
</ul>
<p>&nbsp;</p>
</div>
</div>

<p>A Stephen W. Kuffler Kutatási Alapítványról Az alapítvány céljai: Az orvos- és élettudomány értékeinek megőrzése, fejlesztésének elősegítése, a tudományos és/vagy oktatói kiválóság támogatása Magyarországon és külföldön élő fiatal kutatók tanulmányútjának, kutatásainak, konferencián való részvételének támogatása Tudományos konferenciák támogatása Stephen W. Kuffler Díj odaítélése évente egyszer történik, a tudományos kiválóság elismerésére Közép-Európában kutatást folytató fiatal kutatóknak &hellip;</p>
