{"id":1637,"date":"2016-10-06T00:00:00","date_gmt":"2016-10-05T22:00:00","guid":{"rendered":"http:\/\/semmelweis.hu\/tdk\/88-21875\/"},"modified":"2026-02-17T23:48:10","modified_gmt":"2026-02-17T22:48:10","slug":"klinikai-korelettani-intezet","status":"publish","type":"page","link":"https:\/\/semmelweis.hu\/tdk\/tdk-temak-es-temavezetok\/aok\/klinikai-korelettani-intezet\/","title":{"rendered":"Klinikai K\u00f3r\u00e9lettani Int\u00e9zet"},"content":{"rendered":"<h2 style=\"text-align: left\">A Klinikai K\u00f3r\u00e9lettani Int\u00e9zet TDK munkac\u00edmei \u00e9s t\u00e9mavezet\u0151i<\/h2>\n<table style=\"margin-left: auto;margin-right: auto;width: 674px\" border=\"0\" cellspacing=\"0\" cellpadding=\"0\">\n<colgroup>\n<col style=\"width: 262pt\" width=\"349\" \/>\n<col style=\"width: 245pt\" width=\"327\" \/> <\/colgroup>\n<tbody>\n<tr style=\"height: 15.0pt\">\n<td class=\"xl66\" style=\"height: 15pt;width: 348px;text-align: center\" width=\"349\" height=\"20\"><strong>TDK-munka c\u00edme<\/strong><\/td>\n<td class=\"xl66\" style=\"width: 326px;text-align: center\" width=\"327\"><strong>T\u00e9mavezet\u0151 neve\u00a0<\/strong><\/td>\n<\/tr>\n<tr>\n<td style=\"width: 348px\" width=\"276\">A lizofoszfatidsav \u00e9s hum\u00e1n sz\u00e9rum albumin hat\u00e1sa a csontregener\u00e1ci\u00f3ra<\/td>\n<td style=\"width: 326px\" width=\"345\">Dr. Majer Aliz, Dr. Ruisanchez \u00c9va PhD<\/td>\n<\/tr>\n<tr>\n<td style=\"width: 348px\">Neovaszkulariz\u00e1ci\u00f3s retinop\u00e1ti\u00e1k kezel\u00e9s\u00e9re sz\u00e1nt molekulajel\u00f6ltek azonos\u00edt\u00e1sa lucifer\u00e1z m\u00e9r\u00e9sek seg\u00edts\u00e9g\u00e9vel<\/td>\n<td style=\"width: 326px\">Dr. Kov\u00e1cs Kriszti\u00e1n (tudom\u00e1nyos tan\u00e1csad\u00f3)<\/td>\n<\/tr>\n<tr>\n<td style=\"width: 348px\">Endoplazm\u00e1s retikulum redox rendszerei<\/td>\n<td style=\"width: 326px\">Dr. Margittai \u00c9va, PhD, Dr. Veszelyi Krisztina<\/td>\n<\/tr>\n<tr>\n<td style=\"width: 348px\">Kanyarg\u00f3s art\u00e9ria szindr\u00f3ma patogenezis\u00e9ne vizsg\u00e1lata<\/td>\n<td style=\"width: 326px\">Dr. Margittai \u00c9va PhD, Dr. Varga Viola PhD<\/td>\n<\/tr>\n<tr>\n<td style=\"width: 348px\">A TGF-\u03b2 szerepe a myocardi\u00e1lis fibr\u00f3zis progresszi\u00f3j\u00e1ban<\/td>\n<td style=\"width: 326px\">Dr. K\u00f6k\u00e9ny G\u00e1bor, PhD; Manz\u00e9ger Anna BSc, PhD<\/td>\n<\/tr>\n<tr>\n<td style=\"width: 348px\">\u00daj hipot\u00e9zis egy szabadon v\u00e1lasztott k\u00f3rk\u00e9p pathomechanizmus\u00e1ban\u00a0<\/td>\n<td style=\"width: 326px\">Dr. K\u00f6k\u00e9ny G\u00e1bor, PhD; Manz\u00e9ger Anna BSc, PhD<\/td>\n<\/tr>\n<tr>\n<td style=\"width: 348px\">A TIMP-1 szerepe a sz\u00f6veti fibr\u00f3zisban<\/td>\n<td style=\"width: 326px\">Dr. K\u00f6k\u00e9ny G\u00e1bor, PhD; Manz\u00e9ger Anna BSc, PhD<\/td>\n<\/tr>\n<tr>\n<td style=\"width: 348px\">Az NO-cGMP tengelyre hat\u00f3 szerek alkalmaz\u00e1sa a diabeteses nephropathia ter\u00e1pi\u00e1j\u00e1ban\u00a0<\/td>\n<td style=\"width: 326px\">Dr. K\u00f6k\u00e9ny G\u00e1bor, PhD; Manz\u00e9ger Anna BSc, PhD<\/td>\n<\/tr>\n<tr>\n<td style=\"width: 348px\">Autof\u00e1gia szerepe vesefibr\u00f3zisban<\/td>\n<td style=\"width: 326px\">Manz\u00e9ger Anna BSc, PhD; Dr. K\u00f6k\u00e9ny G\u00e1bor PhD<\/td>\n<\/tr>\n<tr>\n<td style=\"width: 348px\">\u00daj ter\u00e1pi\u00e1s lehet\u0151s\u00e9gek a podocit\u00e1k k\u00e1rosod\u00e1s\u00e1nak cs\u00f6kkent\u00e9s\u00e9re diabetesben<\/td>\n<td style=\"width: 326px\">Dr. K\u00f6k\u00e9ny G\u00e1bor, PhD; Manz\u00e9ger Anna BSc, PhD<\/td>\n<\/tr>\n<tr>\n<td style=\"width: 348px\">A relaxin pathogenetikai szerepe k\u00fcl\u00f6nb\u00f6z\u0151 megbeteged\u00e9sekben<\/td>\n<td style=\"width: 326px\">Dr. M\u00f3zes Mikl\u00f3s, PhD; Dr. K\u00f6k\u00e9ny G\u00e1bor, PhD<\/td>\n<\/tr>\n<tr>\n<td style=\"width: 348px\">A TGF-\u03b2 szerepe a vesem\u0171k\u00f6d\u00e9sben\u00a0<\/td>\n<td style=\"width: 326px\">Dr. M\u00f3zes Mikl\u00f3s, PhD; Dr. K\u00f6k\u00e9ny G\u00e1bor, PhD<\/td>\n<\/tr>\n<tr>\n<td style=\"width: 348px\">A TGF-\u03b2 szerepe a csontfejl\u0151d\u00e9sben<\/td>\n<td style=\"width: 326px\">Dr. M\u00f3zes Mikl\u00f3s, PhD<\/td>\n<\/tr>\n<tr>\n<td style=\"width: 348px\">D-vitamin hi\u00e1ny \u00e9letkorf\u00fcgg\u0151 hat\u00e1sai az \u00e9rreaktivit\u00e1sra\u00a0<\/td>\n<td style=\"width: 326px\">Prof. Dr. Beny\u00f3 Zolt\u00e1n, Dr. Kosztelnik M\u00f3nika<\/td>\n<\/tr>\n<tr>\n<td style=\"width: 348px\">Kr\u00f3nikus angiotenzin II hat\u00e1sa a C3a okozta vazokonstrikci\u00f3ra<\/td>\n<td style=\"width: 326px\">Prof. Dr. Beny\u00f3 Zolt\u00e1n, Dr. Kosztelnik M\u00f3nika, Dr. Kerkovits N\u00f3ra Melinda<\/td>\n<\/tr>\n<tr>\n<td style=\"width: 348px\">A komplementrendszer \u00e9rhat\u00e1sai<\/td>\n<td style=\"width: 326px\">Prof. Dr. Beny\u00f3 Zolt\u00e1n, Dr. Kosztelnik M\u00f3nika<\/td>\n<\/tr>\n<tr>\n<td style=\"width: 348px\" width=\"276\">\u00daj, fotoaktiv\u00e1lhat\u00f3 VEGFR2 receptorok fejleszt\u00e9se, retinop\u00e1tia gy\u00f3gy\u00edt\u00e1sa c\u00e9lj\u00e1b\u00f3l<\/td>\n<td style=\"width: 326px\" width=\"345\">Dr. Kov\u00e1cs Kriszti\u00e1n Andr\u00e1s, PhD<\/td>\n<\/tr>\n<\/tbody>\n<\/table>\n","protected":false},"excerpt":{"rendered":"<p>A Klinikai K\u00f3r\u00e9lettani Int\u00e9zet TDK munkac\u00edmei \u00e9s t\u00e9mavezet\u0151i TDK-munka c\u00edme T\u00e9mavezet\u0151 neve\u00a0 A lizofoszfatidsav \u00e9s hum\u00e1n sz\u00e9rum albumin hat\u00e1sa a csontregener\u00e1ci\u00f3ra Dr. Majer Aliz, Dr. Ruisanchez \u00c9va PhD Neovaszkulariz\u00e1ci\u00f3s retinop\u00e1ti\u00e1k kezel\u00e9s\u00e9re sz\u00e1nt molekulajel\u00f6ltek azonos\u00edt\u00e1sa lucifer\u00e1z m\u00e9r\u00e9sek seg\u00edts\u00e9g\u00e9vel Dr. Kov\u00e1cs Kriszti\u00e1n (tudom\u00e1nyos tan\u00e1csad\u00f3) Endoplazm\u00e1s retikulum redox rendszerei Dr. Margittai \u00c9va, PhD, Dr. Veszelyi Krisztina Kanyarg\u00f3s art\u00e9ria &hellip;<\/p>\n","protected":false},"author":158,"featured_media":0,"parent":10054,"menu_order":0,"comment_status":"closed","ping_status":"closed","template":"","meta":{"_acf_changed":false,"footnotes":""},"categories":[],"tags":[],"class_list":["post-1637","page","type-page","status-publish","hentry"],"acf":[],"publishpress_future_action":{"enabled":false,"date":"1970-01-01 01:00:00","action":"","terms":[],"taxonomy":"","browser_timezone_offset":0},"_links":{"self":[{"href":"https:\/\/semmelweis.hu\/tdk\/wp-json\/wp\/v2\/pages\/1637","targetHints":{"allow":["GET"]}}],"collection":[{"href":"https:\/\/semmelweis.hu\/tdk\/wp-json\/wp\/v2\/pages"}],"about":[{"href":"https:\/\/semmelweis.hu\/tdk\/wp-json\/wp\/v2\/types\/page"}],"author":[{"embeddable":true,"href":"https:\/\/semmelweis.hu\/tdk\/wp-json\/wp\/v2\/users\/158"}],"replies":[{"embeddable":true,"href":"https:\/\/semmelweis.hu\/tdk\/wp-json\/wp\/v2\/comments?post=1637"}],"version-history":[{"count":12,"href":"https:\/\/semmelweis.hu\/tdk\/wp-json\/wp\/v2\/pages\/1637\/revisions"}],"predecessor-version":[{"id":11999,"href":"https:\/\/semmelweis.hu\/tdk\/wp-json\/wp\/v2\/pages\/1637\/revisions\/11999"}],"up":[{"embeddable":true,"href":"https:\/\/semmelweis.hu\/tdk\/wp-json\/wp\/v2\/pages\/10054"}],"wp:attachment":[{"href":"https:\/\/semmelweis.hu\/tdk\/wp-json\/wp\/v2\/media?parent=1637"}],"wp:term":[{"taxonomy":"category","embeddable":true,"href":"https:\/\/semmelweis.hu\/tdk\/wp-json\/wp\/v2\/categories?post=1637"},{"taxonomy":"post_tag","embeddable":true,"href":"https:\/\/semmelweis.hu\/tdk\/wp-json\/wp\/v2\/tags?post=1637"}],"curies":[{"name":"wp","href":"https:\/\/api.w.org\/{rel}","templated":true}]}}