{"id":1533,"date":"2016-07-29T00:00:00","date_gmt":"2016-07-28T22:00:00","guid":{"rendered":"http:\/\/semmelweis.hu\/tdk\/program-of-semmelweis-international-students-conference-2016\/"},"modified":"2024-08-15T08:54:11","modified_gmt":"2024-08-15T06:54:11","slug":"program-of-semmelweis-international-students-conference-2016","status":"publish","type":"page","link":"https:\/\/semmelweis.hu\/tdk\/en\/conferences\/program-of-semmelweis-international-students-conference-2016\/","title":{"rendered":"Program of Semmelweis International Students&#8217; Conference 2016"},"content":{"rendered":"<p><a href=\"https:\/\/semmelweis.hu\/tdk\/hu\/program-of-semmelweis-international-students-conference-2016\">Click here for the up-to-date program of the conference.\u00a0<\/a><\/p>\n<table>\n<tbody>\n<tr>\n<td width=\"15%\"><strong>11th february 2016<\/strong><\/td>\n<td><strong>time<\/strong><\/td>\n<td><strong>Basic Sciences I<\/strong><\/td>\n<td><strong>EOK &#8211; B\u00e9k\u00e9sy Gy\u00f6rgy lecture hall<\/strong><\/td>\n<\/tr>\n<tr>\n<td>&nbsp;<\/td>\n<td>10:00<\/td>\n<td>Sarah Spring Hochschule Kaiserslautern, University of Applied Sciences Computer Sciences\/ Microsystems Technology IV.\u00a0<\/td>\n<td>PHARMACOLOGICAL MODULATION OF THE MELANOMA CELL PROLIFERA-TION, ADHESION AND MIGRATION BY GNRH-III-BASED DRUG TARGETING CONJUGATES\u00a0<\/td>\n<\/tr>\n<tr>\n<td>&nbsp;<\/td>\n<td>10:15<\/td>\n<td>FLORIN TRIPON University of Medicine and Pharmacy Tirgu Mures, Romania Medicine VI.\u00a0<\/td>\n<td>THE CAT C262T GENE POLYMORPHISMS INVESTIGATION IN A GENERAL POPULATION FROM TRANSYLVANIA<\/td>\n<\/tr>\n<tr>\n<td>&nbsp;<\/td>\n<td>10:30<\/td>\n<td>Lilla Horvath ELTE TTK-BIOL\u00d3GUS-NMHU I.\u00a0<\/td>\n<td>Characterisation of in silico identified antituberculotic compounds and their in vitro evaluation using Mycobacterium tuberculosis H37Rv<\/td>\n<\/tr>\n<tr>\n<td>&nbsp;<\/td>\n<td>10:45<\/td>\n<td>Lilla Szab\u00f3 SE Medicine V. Anna Meltzer SE Medicine VI.<\/td>\n<td>Pathological versus physiological left ventricular hypertrophy: direct comparison of functional changes and hemodynamic relations<\/td>\n<\/tr>\n<tr>\n<td>&nbsp;<\/td>\n<td>11:00<\/td>\n<td>ALINA BOGLIS Master-University of Medicine and Pharmacy of Tirgu Mures Medicine I. Florin Tripon University of Medicine and Pharmacy of Tirgu Mures Medicine VI.<\/td>\n<td>GENETIC INVESTIGATIONS IN CHILDREN WITH INTELLECTUAL DISABILITY AND CONGENITAL ANOMALIES<\/td>\n<\/tr>\n<tr>\n<td>&nbsp;<\/td>\n<td>11:15<\/td>\n<td>Break<\/td>\n<td>&nbsp;<\/td>\n<\/tr>\n<tr>\n<td>&nbsp;<\/td>\n<td>11:30<\/td>\n<td>ORSOLYA T\u00dcNDE KOV\u00c1CS SE Pharmacy V.\u00a0<\/td>\n<td>CHARACTERIZATION OF THE HUMAN BLOOD DERIVED EXTRACELLULAR VESICLE PROFILE IN HEALTHY AND IN ACTIVE ARTHRITIS<\/td>\n<\/tr>\n<tr>\n<td>&nbsp;<\/td>\n<td>11:45<\/td>\n<td>AGOTA VARGA University of Medicine and Pharmacy of T\u00e2rgu Mure\u0219 Medicine VI.\u00a0<\/td>\n<td>Evaluation of gradient test susceptibility testing for beta lactamase negative beta-lactam resistant Haemophilus influenzae strains<\/td>\n<\/tr>\n<tr>\n<td>&nbsp;<\/td>\n<td>12:00<\/td>\n<td>Ekaterina Patkina People&#8217;s Friendship University of Russia Pharmacy V.\u00a0<\/td>\n<td>SOLUBILITY KINETICS STUDY OF PHARMACEUTICAL SUBSTANCES IN WATER WITH DIFFERENT D\/H RATIO BY LASER DIFFRACTION METHOD\u00a0<\/td>\n<\/tr>\n<tr>\n<td>&nbsp;<\/td>\n<td>12:15<\/td>\n<td>Startseva Tatiana Peoples&#8217; Friendship University of Russia Medicine VI. Savenkova Irina Peoples&#8217; Friendship University of Russia Medicine VI.<\/td>\n<td>Iodine Generator Testing<\/td>\n<\/tr>\n<tr>\n<td>&nbsp;<\/td>\n<td>&nbsp;<\/td>\n<td>&nbsp;<\/td>\n<td>&nbsp;<\/td>\n<\/tr>\n<tr>\n<td><strong>11th february 2016<\/strong><\/td>\n<td><strong>\u00a0<\/strong><\/td>\n<td><strong>Basic Sciences II<\/strong><\/td>\n<td><strong>EOK &#8211; H\u00e1ri P\u00e1l lecture hall<\/strong><\/td>\n<\/tr>\n<tr>\n<td>&nbsp;<\/td>\n<td>10:00<\/td>\n<td>DANIEL ADAMS SE Medicine V.\u00a0<\/td>\n<td>NGS DATABASE MINING REVEALS &#8216;REWIRING&#8217; OF METABOLIC PATHWAYS SALVAGING HUMAN GBM MITOCHONDRIA THROUGH SUBSTRATE-LEVEL PHOSPHORYLATION<\/td>\n<\/tr>\n<tr>\n<td>&nbsp;<\/td>\n<td>10:15<\/td>\n<td>Frederik Pfalzgraf SE Medicine II.\u00a0<\/td>\n<td>Production of serum albumin nanoparticles for encapsulation of porphyrin molecules<\/td>\n<\/tr>\n<tr>\n<td>&nbsp;<\/td>\n<td>10:30<\/td>\n<td>Andrei &#8211; George Crauciuc University of Medicine and Pharmacy T\u00eergu Mure\u0219 Medicine VI. Florin Tripon University of Medicine and Pharmacy T\u00eergu Mure\u0219 Medicine VI.<\/td>\n<td>Polymorphism of GPX gene in Romanian population<\/td>\n<\/tr>\n<tr>\n<td>&nbsp;<\/td>\n<td>10:45<\/td>\n<td>Anna Meltzer SE Medicine VI. Lilla Szab\u00f3 SE Medicine V.<\/td>\n<td>Measuring left ventricular contractility in a rat model of athlete\u2019s heart: speckle-tracking echocardiography vs. pressure-volume analysis<\/td>\n<\/tr>\n<tr>\n<td>&nbsp;<\/td>\n<td>11:00<\/td>\n<td>Szilvia Boros SE Medicine VI.\u00a0<\/td>\n<td>Investigation of the effects of calcineurin-inhibition on the local renal renin-angiotensin system on mouse model<\/td>\n<\/tr>\n<tr>\n<td>&nbsp;<\/td>\n<td>11:15<\/td>\n<td>Break<\/td>\n<td>&nbsp;<\/td>\n<\/tr>\n<tr>\n<td>&nbsp;<\/td>\n<td>11:30<\/td>\n<td>Morariu Darius UVVG Medicine VI. Nesiu Alexandru UVVG Medicine VI.<\/td>\n<td>Fenugreek powder exerts protective effects on alcoholized rats kidney showed using ultrastructural studies<\/td>\n<\/tr>\n<tr>\n<td>&nbsp;<\/td>\n<td>11:45<\/td>\n<td>Edit Komarek SE Dentistry V. Orsolya Peth\u0151 SE Dentistry IV.<\/td>\n<td>MICROANGIOGRAPHIC AND DEPTH OF FIELD INVESTIGATION OF OROFACIAL STRUCTURES BY TRANSPARENT, TRUE THREE-DIMENSIONAL MICROSCOPY<\/td>\n<\/tr>\n<tr>\n<td>&nbsp;<\/td>\n<td>12:00<\/td>\n<td>Irina Savenkova Peoples&#8217; Friendship University of Russia Medicine VI. Tatiana Startseva Peoples&#8217; Friendship University of Russia Medicine VI.<\/td>\n<td>The effect of Enterococcus faecium and its enzymes to Candida albicans<\/td>\n<\/tr>\n<tr>\n<td>&nbsp;<\/td>\n<td>12:15<\/td>\n<td>\u0160tefan Luk\u00e1\u010d Comenius University in Bratislava, Slovakia General Medical Faculty VI.\u00a0<\/td>\n<td>The role of epicatechine in the inhibition of hypertension<\/td>\n<\/tr>\n<tr>\n<td>&nbsp;<\/td>\n<td>&nbsp;<\/td>\n<td>&nbsp;<\/td>\n<td>&nbsp;<\/td>\n<\/tr>\n<tr>\n<td><strong>11th february 2016<\/strong><\/td>\n<td><strong>\u00a0<\/strong><\/td>\n<td><strong>Clinical Sciences I<\/strong><\/td>\n<td><strong>EOK &#8211; Hevesy Gy\u00f6rgy lecture hall<\/strong><\/td>\n<\/tr>\n<tr>\n<td>&nbsp;<\/td>\n<td>10:00<\/td>\n<td>Anastasia Akulova PFUR Medicine VI. Janek Masian PFUR Medicine VI.<\/td>\n<td>NONINVASIVE REMOVAL OF CAPILLARY MALFORMATIONS.<\/td>\n<\/tr>\n<tr>\n<td>&nbsp;<\/td>\n<td>10:15<\/td>\n<td>Morariu Darius Vasile Goldis University Medicine VI. Dancea Vlad Vasile Goldis University Medicine VI.<\/td>\n<td>Clinical case Retroperitoneal Hydatid Cyst\u00a0<\/td>\n<\/tr>\n<tr>\n<td>&nbsp;<\/td>\n<td>10:30<\/td>\n<td>Ekaterina Stepanova PFUR Medicine VI.\u00a0<\/td>\n<td>FREQUENCY AND CHARACTERISTICS OF ASTHMA IN CHILDREN WITH BRONCHOPULMONARY DYSPLASIA<\/td>\n<\/tr>\n<tr>\n<td>&nbsp;<\/td>\n<td>10:45<\/td>\n<td>Dorottya-Anna Mikl\u00f3si MOGYE Medicine IV. Bogl\u00e1rka Laczk\u00f3 MOGYE Medicine IV.<\/td>\n<td>Overview of the vaccinating protocols and difficulties in general medicine\u00a0<\/td>\n<\/tr>\n<tr>\n<td>&nbsp;<\/td>\n<td>11:00<\/td>\n<td>Break<\/td>\n<td>&nbsp;<\/td>\n<\/tr>\n<tr>\n<td>&nbsp;<\/td>\n<td>11:15<\/td>\n<td>LAURA DIANA IOVA \u201eVasile Goldis\u201d Western University of Arad, Romania Medicine IV.\u00a0<\/td>\n<td>New developments in the treatment of pheochromocytoma<\/td>\n<\/tr>\n<tr>\n<td>&nbsp;<\/td>\n<td>11:30<\/td>\n<td>Pratik Velangi People&#8217;s Friendship University Of Russia Medicine IV.\u00a0<\/td>\n<td>INCIDENCE, RISK FACTORS AND PROGNOSTIC VALUE OF CONTRAST-INDUCED ACUTE KIDNEY INJURY IN PATIENTS WITH STABLE ANGINA PECTORIS AND ELECTIVE PE<\/td>\n<\/tr>\n<tr>\n<td>&nbsp;<\/td>\n<td>11:45<\/td>\n<td>Maria Kamneva Peoples&#8217; Friendship University of Russia Medicine VI.\u00a0<\/td>\n<td>Prevention of placental insufficiency and perinatal complications in pregnant women with anemia<\/td>\n<\/tr>\n<tr>\n<td>&nbsp;<\/td>\n<td>12:00<\/td>\n<td>Catherine Iaremenko Pirogov Russian National Research Medical University Pediatric IV.\u00a0<\/td>\n<td>Treatment of long-segment congenital tracheal stenosis: reduction of child mortality with advent of slide tracheoplasty<\/td>\n<\/tr>\n<tr>\n<td>&nbsp;<\/td>\n<td>12:15<\/td>\n<td>Break<\/td>\n<td>&nbsp;<\/td>\n<\/tr>\n<tr>\n<td>&nbsp;<\/td>\n<td>12:30<\/td>\n<td>Sayde Djanklich Tashkent Medical Academy General oncology I.\u00a0<\/td>\n<td>TREATMENT OF PATIENTS WITH COLORECTAL CANCER COMPLICATED WITH INTESTINAL OBSTRUCTION<\/td>\n<\/tr>\n<tr>\n<td>&nbsp;<\/td>\n<td>12:45<\/td>\n<td>Ariel Rodrigues da Rocha People&#8217;s Friendship University of Russia Medicine IV.\u00a0<\/td>\n<td>EPIDEMIOLOGICAL ASPECTS OF MONITORING HIV-INFECTED PATIENTS WHO VISITED RUSSIAN HIV CENTERS IN 2014<\/td>\n<\/tr>\n<tr>\n<td>&nbsp;<\/td>\n<td>13:00<\/td>\n<td>YEVHENII KOSTIUCHENKO Bogomolets National Medical Univresity Medical No1 VI.\u00a0<\/td>\n<td>EFFICACY AND SAFETY OF LIPOFILLING IN BREAST CANCER SURGICAL TREATMENT<\/td>\n<\/tr>\n<tr>\n<td>&nbsp;<\/td>\n<td>13:15<\/td>\n<td>Afsoon Fayez people&#8217;s friendship university of Russia Medicine V.\u00a0<\/td>\n<td>Bioresorbable vascular scaffolds in patients with diabetes mellitus<\/td>\n<\/tr>\n<tr>\n<td>&nbsp;<\/td>\n<td>&nbsp;<\/td>\n<td>&nbsp;<\/td>\n<td>&nbsp;<\/td>\n<\/tr>\n<tr>\n<td><strong>11th february 2016<\/strong><\/td>\n<td><strong>\u00a0<\/strong><\/td>\n<td><strong>Clinical Sciences II<\/strong><\/td>\n<td><strong>EOK &#8211; H\u00e1ri P\u00e1l lecture hall<\/strong><\/td>\n<\/tr>\n<tr>\n<td>&nbsp;<\/td>\n<td>13:00<\/td>\n<td>Umida Ismailova Tashkent Medical Academy, Cancer scientific center General oncology I.\u00a0<\/td>\n<td>SURGICAL TREATMENT OF LUNG METASTASES OF COLORECTAL CARCINOMA.<\/td>\n<\/tr>\n<tr>\n<td>&nbsp;<\/td>\n<td>13:15<\/td>\n<td>THI HOANG ANH DINH People&#8217;s Friendship University of Russia Medicine VI. Alexandra Alulema Jaramillo Denisse People&#8217;s friendship University of Russia Medicine I.<\/td>\n<td>THE USE OF CRANIOCEREBRAL HYPOTHERMIA IN PATIENTS WITH ACUTE ISCHEMIC STROKE<\/td>\n<\/tr>\n<tr>\n<td>&nbsp;<\/td>\n<td>13:30<\/td>\n<td>Anna Goncharova People&#8217;s Friendship University of Russia Medicine V.\u00a0<\/td>\n<td>SHORT-TERM AND LONG-TERM RESULTS OF THE OCCLUDER \u201cWATCHMAN&#8221; IMPLANTATION IN PATIENTS WITH ATRIAL FIBRILLATION<\/td>\n<\/tr>\n<tr>\n<td>&nbsp;<\/td>\n<td>13:45<\/td>\n<td>Orsolya G\u00e1ll University of Medicince and Pharmacy, Targu Mures Medicine VI.\u00a0<\/td>\n<td>ROLE OF LEUKOTRIENES IN THE PATHOMECHANISM OF ACUTE INFLAMMATORY EVENTS IN LUNG TRANSPLANT RECIPIENTS<\/td>\n<\/tr>\n<tr>\n<td>&nbsp;<\/td>\n<td>14:00<\/td>\n<td>Break<\/td>\n<td>&nbsp;<\/td>\n<\/tr>\n<tr>\n<td>&nbsp;<\/td>\n<td>14:15<\/td>\n<td>Tam\u00e1s Erd\u00e9lyi SE Medicine IV.\u00a0<\/td>\n<td>FACTORS INFLUENCING GRAFT AND RECIPIENT SURVIVAL OF HUNGARIAN LUNG TRANSPLANT PATIENTS<\/td>\n<\/tr>\n<tr>\n<td>&nbsp;<\/td>\n<td>14:30<\/td>\n<td>Simon Schl\u0151gl SE Medicine VI.\u00a0<\/td>\n<td>The ratio of the neutrophil leucocytes to the lymphocytes predicts the outcome after cardiac resynchronization therapy<\/td>\n<\/tr>\n<tr>\n<td>&nbsp;<\/td>\n<td>14:45<\/td>\n<td>Dmytro Oliinyk Bogomolets National Medical University Medicine VI.\u00a0<\/td>\n<td>Prospects of using the ceramic implants in arthroplasty of finger joints.<\/td>\n<\/tr>\n<tr>\n<td>&nbsp;<\/td>\n<td>15:00<\/td>\n<td>Azizbek Jumanazarov Tashkent medical Academy, faculty and hospital surgery General surgery I.\u00a0<\/td>\n<td>ENDOSCOPIC APPENDECTOMY-CHOICE OF TREATMENT IN PATIENTS WITH UNCOMPLICATED ACUTE FORM OF APPENDICITIS<\/td>\n<\/tr>\n<tr>\n<td>&nbsp;<\/td>\n<td>15:15<\/td>\n<td>Break<\/td>\n<td>&nbsp;<\/td>\n<\/tr>\n<tr>\n<td>&nbsp;<\/td>\n<td>15:30<\/td>\n<td>Morariu Darius Western Vasile Goldis University Medicine VI. Dancea Vlad Western Vasile Goldis University Medicine VI.<\/td>\n<td>Clinical case Retroperitoneal Hydatid Cyst\u00a0<\/td>\n<\/tr>\n<tr>\n<td>&nbsp;<\/td>\n<td>15:45<\/td>\n<td>Sayde Djanklich Tashkent Medical Academy General oncology I.\u00a0<\/td>\n<td>TREATMENT RESULTS OF LOCALLY ADVANCED RECTAL CANCER WITH SPREADING TO THE GENITAL ORGANS IN WOMEN<\/td>\n<\/tr>\n<tr>\n<td>&nbsp;<\/td>\n<td>16:00<\/td>\n<td>IULIA BUSLENKO Bogomolets National Medical University Medicine VI.\u00a0<\/td>\n<td>FUNCTIONAL STATE OF VAGINAL MUCOSA OF WOMEN WITH GENITAL HERPES<\/td>\n<\/tr>\n<tr>\n<td>&nbsp;<\/td>\n<td>16:15<\/td>\n<td>Natalia Kotovskaya PFUR Medicine V.\u00a0<\/td>\n<td>Usefulness of non-invasive central blood pressure measurement in young men with arterial hypertension<\/td>\n<\/tr>\n<tr>\n<td>&nbsp;<\/td>\n<td>&nbsp;<\/td>\n<td>&nbsp;<\/td>\n<td>&nbsp;<\/td>\n<\/tr>\n<tr>\n<td><strong>11th february 2016<\/strong><\/td>\n<td><strong>\u00a0<\/strong><\/td>\n<td><strong>Clinical Sciences III<\/strong><\/td>\n<td><strong>EOK &#8211; Hevesy Gy\u00f6rgy lecture hall<\/strong><\/td>\n<\/tr>\n<tr>\n<td>&nbsp;<\/td>\n<td>14:00<\/td>\n<td>TOMASZ WACH MEDICAL UNIVERSITY OF LODZ in Poland Dentistry V.\u00a0<\/td>\n<td>Comparison of two clinical procedures in patient affected with bone deficit in posterior mandible.<\/td>\n<\/tr>\n<tr>\n<td>&nbsp;<\/td>\n<td>14:15<\/td>\n<td>Aleksandra Bogdel Peoples&#8217; Friendship University of Russia Medicine VI.\u00a0<\/td>\n<td>SHORT-TERM ROSUVASTATIN THERAPY FOR PREVENTION OF CONTRAST-INDUCED ACUTE KIDNEY INJURY IN PATIENTS WITH NON\u2013ST-SEGMENT ELEVATION ACUTE CORON<\/td>\n<\/tr>\n<tr>\n<td>&nbsp;<\/td>\n<td>14:30<\/td>\n<td>Aslan Lashkarivand SE Medicine V.\u00a0<\/td>\n<td>Short-term complications related to Flow Diverting Stents in the treatment of intracranial aneurysms: A retrospective clinical study<\/td>\n<\/tr>\n<tr>\n<td>&nbsp;<\/td>\n<td>14:45<\/td>\n<td>Marek Susik Medical University in Lodz (Poland) Medicine VI. Konrad K\u0119dzia Medical University in Lodz (Poland) Medicine VI.<\/td>\n<td>HAS PREOPERATIVE DIAGNOSIS OF ACUTE CORONARY SYNDROME IN PATIENTS WITH ACUTE AORTIC DISSECTION AN IMPACT ON RESULTS OF SURGICAL TREATMENT<\/td>\n<\/tr>\n<tr>\n<td>&nbsp;<\/td>\n<td>15:00<\/td>\n<td>Break<\/td>\n<td>&nbsp;<\/td>\n<\/tr>\n<tr>\n<td>&nbsp;<\/td>\n<td>15:15<\/td>\n<td>N\u00d3RA PAR\u00c1ZS SE Medicine VI. Simon Csaba Schl\u0151gl SE Medicine VI.<\/td>\n<td>THE PROGNOSTIC ROLE OF RED BLOOD CELL DISTRIBUTION WIDTH IN PATIENTS WITH IMPLANTABLE CARDIOVERTER DEFIBRILLATOR<\/td>\n<\/tr>\n<tr>\n<td>&nbsp;<\/td>\n<td>15:30<\/td>\n<td>VLAD IOAN DANCEA &#8222;Vasile Goldis&#8221; Western University of Arad Medicine VI. Darius Catalin Morariu &#8222;Vasile Goldis&#8221; Western University of Arad Medicine VI.<\/td>\n<td>CONSIDERATIONS ON CURRENT EPIDEMIOLOGY AND DIAGNOSIS OF COLORECTAL CANCER STAGE<\/td>\n<\/tr>\n<tr>\n<td>&nbsp;<\/td>\n<td>15:45<\/td>\n<td>Pratik Velangi People&#8217;s Friendship University Of Russia Medicine IV.\u00a0<\/td>\n<td>An experimental comparison of sutureless mesh fixation techniques using N-butyl-2-cyanoacrylate (NBCA) adhesive or self gripping(SG) meshes\u00a0<\/td>\n<\/tr>\n<tr>\n<td>&nbsp;<\/td>\n<td>16:00<\/td>\n<td>MIHAI ADRIAN PANAINTE &#8222;Vasile Goldis&#8221; Western University of Arad Medicine VI. Vlad Ioan Dancea &#8222;Vasile Goldis&#8221; Western University of Arad Medicine VI.<\/td>\n<td>Metabolic syndrome in a population of Arad, Romania, and its correlation with body fat percentage through bio-impedance<\/td>\n<\/tr>\n<tr>\n<td>&nbsp;<\/td>\n<td>16:15<\/td>\n<td>Break<\/td>\n<td>&nbsp;<\/td>\n<\/tr>\n<tr>\n<td>&nbsp;<\/td>\n<td>16:30<\/td>\n<td>Gr\u00e9ta Veronika Szab\u00f3 BME GPK IV.\u00a0<\/td>\n<td>BILATERAL KNEE OSTEOARTHRITIS PATIENTS UNDERGOING TOTAL KNEE REPLACEMENT: STUDY OF SUDDEN PERTURBATION AND ITS PARAMETERS<\/td>\n<\/tr>\n<tr>\n<td>&nbsp;<\/td>\n<td>16:45<\/td>\n<td>Sayde Djanklich Tashkent Medical Academy General oncology I.\u00a0<\/td>\n<td>OUR EXPERIENCE IN THE TREATMENT OF BASAL CELL SKIN CANCER<\/td>\n<\/tr>\n<tr>\n<td>&nbsp;<\/td>\n<td>17:00<\/td>\n<td>ARSEN TATOYAN PFUR Dentistry IV.\u00a0<\/td>\n<td>THE ANALYSIS OF PARAMETERS OF UNDERCUT ZONES IN THE MANDIBLE TO CREATE ANATOMICAL AND ORTHOPEDIC ALGORITHM OF DENTAL IMPLANTATION<\/td>\n<\/tr>\n<tr>\n<td>&nbsp;<\/td>\n<td>17:15<\/td>\n<td>CHOUBINEH KAMAL V. Bernadett Raab V.<\/td>\n<td>NEW APPROACH FOR IN VITRO TESTING OF PRIMARY AND SECONDARY STABILITIES OF THE MACRO DESIGNS OF TITANIUM IMPLANTS<\/td>\n<\/tr>\n<\/tbody>\n<\/table>\n","protected":false},"excerpt":{"rendered":"<p><a href=\"https:\/\/semmelweis.hu\/tdk\/hu\/program-of-semmelweis-international-students-conference-2016\">Click here for the up-to-date program of the conference.\u00a0<\/a> 11th february 2016 time Basic Sciences I EOK &#8211; B\u00e9k\u00e9sy Gy\u00f6rgy lecture hall &nbsp; 10:00 Sarah Spring Hochschule Kaiserslautern, University of Applied Sciences Computer Sciences\/ Microsystems Technology IV.\u00a0 PHARMACOLOGICAL MODULATION OF THE MELANOMA CELL PROLIFERA-TION, ADHESION AND MIGRATION BY GNRH-III-BASED DRUG TARGETING CONJUGATES\u00a0 &nbsp; 10:15 FLORIN TRIPON University of Medicine and Pharmacy Tirgu Mures, Romania &hellip;<\/p>\n","protected":false},"author":158,"featured_media":0,"parent":4936,"menu_order":0,"comment_status":"closed","ping_status":"closed","template":"","meta":{"_acf_changed":false,"footnotes":""},"categories":[],"tags":[],"class_list":["post-1533","page","type-page","status-publish","hentry"],"acf":[],"publishpress_future_action":{"enabled":false,"date":"1970-01-01 01:00:00","action":"","terms":[],"taxonomy":"","browser_timezone_offset":0},"_links":{"self":[{"href":"https:\/\/semmelweis.hu\/tdk\/wp-json\/wp\/v2\/pages\/1533","targetHints":{"allow":["GET"]}}],"collection":[{"href":"https:\/\/semmelweis.hu\/tdk\/wp-json\/wp\/v2\/pages"}],"about":[{"href":"https:\/\/semmelweis.hu\/tdk\/wp-json\/wp\/v2\/types\/page"}],"author":[{"embeddable":true,"href":"https:\/\/semmelweis.hu\/tdk\/wp-json\/wp\/v2\/users\/158"}],"replies":[{"embeddable":true,"href":"https:\/\/semmelweis.hu\/tdk\/wp-json\/wp\/v2\/comments?post=1533"}],"version-history":[{"count":2,"href":"https:\/\/semmelweis.hu\/tdk\/wp-json\/wp\/v2\/pages\/1533\/revisions"}],"predecessor-version":[{"id":11079,"href":"https:\/\/semmelweis.hu\/tdk\/wp-json\/wp\/v2\/pages\/1533\/revisions\/11079"}],"up":[{"embeddable":true,"href":"https:\/\/semmelweis.hu\/tdk\/wp-json\/wp\/v2\/pages\/4936"}],"wp:attachment":[{"href":"https:\/\/semmelweis.hu\/tdk\/wp-json\/wp\/v2\/media?parent=1533"}],"wp:term":[{"taxonomy":"category","embeddable":true,"href":"https:\/\/semmelweis.hu\/tdk\/wp-json\/wp\/v2\/categories?post=1533"},{"taxonomy":"post_tag","embeddable":true,"href":"https:\/\/semmelweis.hu\/tdk\/wp-json\/wp\/v2\/tags?post=1533"}],"curies":[{"name":"wp","href":"https:\/\/api.w.org\/{rel}","templated":true}]}}