{"id":1336,"date":"2016-07-29T00:00:00","date_gmt":"2016-07-28T22:00:00","guid":{"rendered":"http:\/\/semmelweis.hu\/tdk\/gottsegen-gyorgy-orszagos-kardiologiai-intezet\/"},"modified":"2025-12-09T10:03:20","modified_gmt":"2025-12-09T09:03:20","slug":"gottsegen-gyorgy-orszagos-kardiologiai-intezet","status":"publish","type":"page","link":"https:\/\/semmelweis.hu\/tdk\/tdk-temak-es-temavezetok\/kulso-intezetek\/gottsegen-gyorgy-orszagos-kardiologiai-intezet\/","title":{"rendered":"Gottsegen Gy\u00f6rgy Orsz\u00e1gos Kardiovaszkul\u00e1ris Int\u00e9zet"},"content":{"rendered":"<p style=\"text-align: left\"><span class=\"pink\"><strong>A Gottsegen Gy\u00f6rgy Orsz\u00e1gos Kardiovaszkul\u00e1ris Int\u00e9zet TDK munkac\u00edmei \u00e9s t\u00e9mavezet\u0151i a 2025\/2026. tan\u00e9vben\u00a0<\/strong><\/span><\/p>\n<p><strong>Kapcsolat: Marton Hilda\u00a0<\/strong><\/p>\n<p><strong>hilda.marton@gokvi.hu<\/strong><\/p>\n<table style=\"width: 100%\" width=\"100%\">\n<tbody>\n<tr>\n<td style=\"text-align: center\" width=\"465\"><strong>TDK t\u00e9ma<\/strong><\/td>\n<td style=\"text-align: center\" width=\"479\"><strong>T\u00e9mavezet\u0151 (fokozattal)<\/strong><\/td>\n<\/tr>\n<tr>\n<td>1. Betegesend\u0151s\u00e9g vizsg\u00e1lata kat\u00e9teres \u00e9s m\u0171t\u00e9ti beavatkoz\u00e1sok el\u0151tt<\/td>\n<td>Dr. Andr\u00e9ka P\u00e9ter, Ph.D., oszt\u00e1lyvezet\u0151\u00a0 f\u0151orvos, egyetemi mag\u00e1ntan\u00e1r<\/td>\n<\/tr>\n<tr>\n<td>2. Percutan intervenci\u00f3s elj\u00e1r\u00e1sok.<\/td>\n<td>Dr. Andr\u00e9ka P\u00e9ter, Ph.D., oszt\u00e1lyvezet\u0151\u00a0 f\u0151orvos, egyetemi mag\u00e1ntan\u00e1r<\/td>\n<\/tr>\n<tr>\n<td>3. Intenz\u00edv ther\u00e1pia a kardiol\u00f3gi\u00e1ban<\/td>\n<td>Dr. Andr\u00e9ka P\u00e9ter, Ph.D., oszt\u00e1lyvezet\u0151 f\u0151orvos, egyetemi mag\u00e1ntan\u00e1r<\/td>\n<\/tr>\n<tr>\n<td>4. Sz\u00edvtranszplant\u00e1ci\u00f3 sor\u00e1n felmer\u00fcl\u0151 kardiol\u00f3giai probl\u00e9m\u00e1k ell\u00e1t\u00e1sa.<\/td>\n<td>Dr. Andr\u00e9ka P\u00e9ter, Ph.D., oszt\u00e1lyvezet\u0151 f\u0151orvos, egyetemi mag\u00e1ntan\u00e1r<\/td>\n<\/tr>\n<tr>\n<td>5. Transzkat\u00e9teres aorta billenty\u0171 implant\u00e1ci\u00f3n \u00e1tesett betegek k\u00f6vet\u00e9se<\/td>\n<td>Dr. Pint\u00e9r T\u00fcnde, Ph.D., f\u0151orvos<\/td>\n<\/tr>\n<tr>\n<td>6. Paravalvul\u00e1ris aorta regurgit\u00e1ci\u00f3 vizsg\u00e1lata TAVI-n \u00e1tesett betegekben<\/td>\n<td>Dr. Pint\u00e9r T\u00fcnde, Ph.D., f\u0151orvos<\/td>\n<\/tr>\n<tr>\n<td>7. Chronicus thromboemboli\u00e1s pulmon\u00e1lis hypertonia.<\/td>\n<td>Dr. B\u00e1lint Olga Hajnalka PhD, f\u0151orvos<\/td>\n<\/tr>\n<tr>\n<td>8. Terhess\u00e9g \u00e9s sz\u00edvbetegs\u00e9g.<\/td>\n<td>Dr. B\u00e1lint Olga Hajnalka, Ph.D., f\u0151orvos<\/td>\n<\/tr>\n<tr>\n<td>9. Spiroergometria feln\u0151ttkori congenitalis vitiumokban<\/td>\n<td>Dr. B\u00e1lint Olga Hajnalka, Ph.D., f\u0151orvos<\/td>\n<\/tr>\n<tr>\n<td>10. Pulmonalis art\u00e9ri\u00e1s hypertonia: kimenetel feln\u0151ttkorban<\/td>\n<td>Dr. B\u00e1lint Olga Hajnalka, Ph.D., f\u0151orvos<\/td>\n<\/tr>\n<tr>\n<td width=\"465\">11. Feln\u0151tt velesz\u00fcletett sz\u00edvbeteg popul\u00e1ci\u00f3 -15 \u00e9ves restrospektiv anal\u00edzis (egy centrum tapasztalatai)<\/td>\n<td>Dr. B\u00e1lint Olga Hajnalka, Ph.D., f\u0151orvos<\/td>\n<\/tr>\n<tr>\n<td>12. Korai \u00e9s k\u00e9s\u0151i kil\u00f6k\u0151d\u00e9s sz\u00edvtranszplant\u00e1lt betegekben<\/td>\n<td>Dr. Balogh Orsolya, f\u0151orvos<\/td>\n<\/tr>\n<tr>\n<td>13. Infectiv endocarditis<\/td>\n<td>Dr. D\u00e9nes M\u00f3nika Ph.D.<\/td>\n<\/tr>\n<tr>\n<td>14. Intracardi\u00e1lis terim\u00e9k non-invaz\u00edv vizsg\u00e1lata<\/td>\n<td>Dr. D\u00e9nes M\u00f3nika Ph.D., szakorvos<\/td>\n<\/tr>\n<tr>\n<td width=\"465\">15. Diasztol\u00e9s funkci\u00f3 vizsg\u00e1lata: invaz\u00edv \u00e9s echocardiogr\u00e1fi\u00e1s param\u00e9terek \u00f6sszehasonl\u00edt\u00e1sa<\/td>\n<td>Dr. D\u00e9nes M\u00f3nika Ph.D., szakorvos<\/td>\n<\/tr>\n<tr>\n<td>16. Kontraszt echocardiogr\u00e1fia szerepe a kardoil\u00f3gi\u00e1ban<\/td>\n<td>Dr. D\u00e9nes M\u00f3nika Ph.D., szakorvos<\/td>\n<\/tr>\n<tr>\n<td width=\"465\">17. A multimod\u00e1lis k\u00e9palkot\u00e1s szerepe bal pitvari f\u00fclcsez\u00e1r\u00e1son \u00e1tes\u0151 betegekn\u00e9l<\/td>\n<td>Dr. G\u00f6bl-Z\u00e1dori Anita Ph.D., szakorvos<\/td>\n<\/tr>\n<tr>\n<td>18. Multimod\u00e1lis k\u00e9palkot\u00e1s cardioversio el\u0151tt<\/td>\n<td>Dr. G\u00f6bl-Z\u00e1dori Anita Ph.D., szakorvos<\/td>\n<\/tr>\n<tr>\n<td>19. Paravalvul\u00e1ris leak z\u00e1r\u00e1son \u00e1tesett betegek kimenetel\u00e9nek vizsg\u00e1lata<\/td>\n<td>Dr. Nagy Zsolt Ph.D., rezidens<\/td>\n<\/tr>\n<tr>\n<td>20. Daganatellenes ter\u00e1pi\u00e1k kardiotoxicit\u00e1s\u00e1nak el\u0151rejelz\u00e9se<\/td>\n<td>Dr. Nagy Zsolt Ph.D., rezidens<\/td>\n<\/tr>\n<tr>\n<td>21. Akut sz\u00edvel\u00e9gtelens\u00e9g kezel\u00e9se.<\/td>\n<td>Dr. H\u00f3di Gabriella, f\u0151orvos<\/td>\n<\/tr>\n<tr>\n<td>22. Sz\u00edvtranszplant\u00e1lt betegek hossz\u00fa t\u00e1v\u00fa k\u00f6vet\u00e9se.<\/td>\n<td>Dr. H\u00f3di Gabriella, f\u0151orvos<\/td>\n<\/tr>\n<tr>\n<td width=\"465\">23. A sz\u00edvinfarktus miatt kezelt betegek ell\u00e1t\u00e1s\u00e1nak vizsg\u00e1lata Magyarorsz\u00e1g k\u00fcl\u00f6nb\u00f6z\u0151 r\u00e9gi\u00f3iban. Nemzeti Sz\u00edvinfarktus Regiszter<\/td>\n<td>Dr. J\u00e1nosi Andr\u00e1s D.Sc., c. egyetemi tan\u00e1r<\/td>\n<\/tr>\n<tr>\n<td width=\"465\">24. A prehospitalis k\u00e9s\u00e9s vizsg\u00e1lata a sz\u00edvinfarktus miatt kezelt betegekn\u00e9l. Nemzeti Sz\u00edvinfarktus Regiszter\u00a0<\/td>\n<td>Dr. J\u00e1nosi Andr\u00e1s D.Sc., c. egyetemi tan\u00e1r<\/td>\n<\/tr>\n<tr>\n<td>25. \u00daj perspekt\u00edv\u00e1k az aortabillenty\u0171 seb\u00e9szetben.<\/td>\n<td>Dr. Juh\u00e1sz Bogl\u00e1rka, f\u0151orvos<\/td>\n<\/tr>\n<tr>\n<td>26. A mediastinitis korszer\u0171 kezel\u00e9se<\/td>\n<td>Dr. Juh\u00e1sz Bogl\u00e1rka, f\u0151orvos<\/td>\n<\/tr>\n<tr>\n<td width=\"465\">27. A pitvarfibrill\u00e1ci\u00f3 eszk\u00f6z\u00f6s kezel\u00e9se, k\u00f6z\u00e9p \u00e9s hossz\u00fa t\u00e1v\u00fa eredm\u00e9nyeink.<\/td>\n<td>Dr. Kardos Attila Ph.D., f\u0151orvos<\/td>\n<\/tr>\n<tr>\n<td width=\"465\">28. Cryoballonos pulmon\u00e1lis v\u00e9na izol\u00e1ci\u00f3 a paroxysmalis pitvarfibrill\u00e1ci\u00f3 kezel\u00e9s\u00e9ben.<\/td>\n<td>Dr. Kardos Attila Ph.D., f\u0151orvos<\/td>\n<\/tr>\n<tr>\n<td width=\"465\">29. Pacemaker \u00e9s loop rekorder be\u00fcltet\u00e9sen \u00e1tesett betegek k\u00f6z\u00e9p- \u00e9s hossz\u00fa t\u00e1v\u00fa ut\u00e1nk\u00f6vet\u00e9se speci\u00e1lis betegcsoportokban (pl. TAVI be\u00fcltet\u00e9s ut\u00e1n)\u00a0<\/td>\n<td>Dr. Breuer Tam\u00e1s Ph.D. szakorvos<\/td>\n<\/tr>\n<tr>\n<td width=\"465\">30. Be\u00fcltethet\u0151 defibrill\u00e1tor \u00e9s reszinkroniz\u00e1ci\u00f3s kezel\u00e9s k\u00f6z\u00e9p- \u00e9s hossz\u00fa t\u00e1v\u00fa eredm\u00e9nyeinek vizsg\u00e1lata<\/td>\n<td>Dr. Breuer Tam\u00e1s Ph.D. szakorvos<\/td>\n<\/tr>\n<tr>\n<td>31. Ingerk\u00e9pz\u00e9si \u00e9s vezet\u00e9si zavarok gyermekkorban.<\/td>\n<td>Dr. K\u00f6rnyei L\u00e1szl\u00f3, f\u0151orvos<\/td>\n<\/tr>\n<tr>\n<td>32. Gyermekkori hypertrophi\u00e1s cardiomyopathia<\/td>\n<td>Dr. K\u00f6rnyei L\u00e1szl\u00f3, f\u0151orvos<\/td>\n<\/tr>\n<tr>\n<td>33. \u00d6r\u00f6kl\u00f6tt aritmia szindr\u00f3m\u00e1k gyermekkorban<\/td>\n<td>Dr. K\u00f6rnyei L\u00e1szl\u00f3, f\u0151orvos<\/td>\n<\/tr>\n<tr>\n<td>34. Cardialis implant\u00e1lhat\u00f3 elektronikus eszk\u00f6z\u00f6s ter\u00e1pia gyermekkorban<\/td>\n<td>Dr. K\u00f6rnyei L\u00e1szl\u00f3, f\u0151orvos<\/td>\n<\/tr>\n<tr>\n<td>35. Tachycardi\u00e1k kat\u00e9terabl\u00e1ci\u00f3s kezel\u00e9se gyermekkorban<\/td>\n<td>(Dr. K\u00f6rnyei L\u00e1szl\u00f3, f\u0151orvos)<\/td>\n<\/tr>\n<tr>\n<td>36. Endothel dysfunkcio klinikai jelent\u0151s\u00e9ge \u00e9s vizsg\u00e1lati lehet\u0151s\u00e9gei.<\/td>\n<td>Dr. med.habil. Moh\u00e1csi Attila Ph.D., c. egyetemi docens<\/td>\n<\/tr>\n<tr>\n<td width=\"465\">37. Genetikai polimorfizmusok szerepe az atherosclerosis pathomechanizmus\u00e1ban.<\/td>\n<td>Dr. med. habil. Moh\u00e1csi Attila Ph.D., c. egyetemi docens<\/td>\n<\/tr>\n<tr>\n<td>38. A f\u0151t\u00f6rzs PCI hossz\u00fa t\u00e1v\u00fa eredm\u00e9nyei.<\/td>\n<td>Dr. Pir\u00f3th Zsolt Ph.D., f\u0151orvos<\/td>\n<\/tr>\n<tr>\n<td>39. FFR m\u00e9r\u00e9s a klinikai gyakorlatban<\/td>\n<td>Dr. Pir\u00f3th Zsolt Ph.D., f\u0151orvos<\/td>\n<\/tr>\n<tr>\n<td>40. PCI ut\u00e1ni FFR klinikai alkalmaz\u00e1sa<\/td>\n<td>Dr. Pir\u00f3th Zsolt Ph.D., f\u0151orvos<\/td>\n<\/tr>\n<tr>\n<td width=\"465\">41. Dobog\u00f3 sz\u00edven v\u00e9gzett koszor\u00fa\u00e9rm\u0171t\u00e9tek coronaria shunt haszn\u00e1lat\u00e1val \u00e9s an\u00e9lk\u00fcl<\/td>\n<td>Dr. Szolnoky Jen\u0151 Ph.D., oszt\u00e1lyvezet\u0151 f\u0151orvos<\/td>\n<\/tr>\n<tr>\n<td>42. Az aorta billenty\u0171 el\u00e9gtelens\u00e9g seb\u00e9szi kezel\u00e9se.<\/td>\n<td>Dr. Szolnoky Jen\u0151 Ph.D., oszt\u00e1lyvezet\u0151 f\u0151orvos<\/td>\n<\/tr>\n<tr>\n<td>43. Mitralis billenty\u0171 rekonstrukci\u00f3k \u00faj t\u00edpusai<\/td>\n<td>Dr. Szolnoky Jen\u0151 Ph.D., oszt\u00e1lyvezet\u0151 f\u0151orvos<\/td>\n<\/tr>\n<tr>\n<td>44. Minim\u00e1l invaz\u00edv sz\u00edvseb\u00e9szeti beavatkoz\u00e1sok<\/td>\n<td>Dr. Szolnoky Jen\u0151 Ph.D., oszt\u00e1lyvezet\u0151 f\u0151orvos<\/td>\n<\/tr>\n<tr>\n<td>45. Pitvarfibrill\u00e1ci\u00f3 seb\u00e9szi kezel\u00e9se<\/td>\n<td>Dr. Szolnoky Jen\u0151 Ph.D., oszt\u00e1lyvezet\u0151 f\u0151orvos<\/td>\n<\/tr>\n<tr>\n<td>46. 3D echocardiographia szerepe intervenci\u00f3k monitoroz\u00e1sa sor\u00e1n.<\/td>\n<td>Dr. Temesv\u00e1ri Andr\u00e1s Ph.D., f\u0151orvos<\/td>\n<\/tr>\n<tr>\n<td>47. Feln\u0151ttkori pulmonalis homograft m\u0171t\u00e9tek hossz\u00fa t\u00e1v\u00fa progn\u00f3zisa.<\/td>\n<td>Dr. Temesv\u00e1ri Andr\u00e1s Ph.D., f\u0151orvos<\/td>\n<\/tr>\n<tr>\n<td>48. Teljes nagy\u00e9r transposito pitvari korrekci\u00f3j\u00e1nak k\u00e9s\u0151i kimenetele.<\/td>\n<td>Dr. Temesv\u00e1ri Andr\u00e1s Ph.D., f\u0151orvos<\/td>\n<\/tr>\n<tr>\n<td>49. \u00c9letmin\u0151s\u00e9g vizsg\u00e1latok feln\u0151tt velesz\u00fcletett sz\u00edvbetegekn\u00e9l.<\/td>\n<td>Dr. Temesv\u00e1ri Andr\u00e1s Ph.D., f\u0151orvos<\/td>\n<\/tr>\n<tr>\n<td>50. \u00daj technik\u00e1k a kamrafunkci\u00f3 echocardiographi\u00e1s \u00e9rt\u00e9kel\u00e9s\u00e9ben.<\/td>\n<td>Dr. Temesv\u00e1ri Andr\u00e1s Ph.D., f\u0151orvos<\/td>\n<\/tr>\n<tr>\n<td>51. Kardiol\u00f3giai esettanulm\u00e1nyok (gyakorlati munka<\/td>\n<td>Dr. Borb\u00e1s Sarolta. f\u0151orvos<\/td>\n<\/tr>\n<tr>\n<td>52. Gyermekkori sz\u00edvbetegs\u00e9gek non-invaz\u00edv monitoroz\u00e1sa<\/td>\n<td>Dr. Kis \u00c9va PhD; szakorvos<\/td>\n<\/tr>\n<tr>\n<td>53. Gyermekkori pulmon\u00e1lis hipert\u00f3na<\/td>\n<td>Dr. Ablonczy L\u00e1szl\u00f3, oszt\u00e1lyvezet\u0151 f\u0151orvos<\/td>\n<\/tr>\n<tr>\n<td>54. Gyermekkori sz\u00edv transzplant\u00e1ci\u00f3<\/td>\n<td>Dr. Ablonczy L\u00e1szl\u00f3, oszt\u00e1lyvezet\u0151 f\u0151orvos<\/td>\n<\/tr>\n<\/tbody>\n<\/table>\n<p>&nbsp;<\/p>\n<table style=\"border-collapse: collapse;width: 100%\">\n<tbody>\n<tr>\n<td style=\"width: 69.1156%\" width=\"703\">A mediastinitis korszer\u0171 kezel\u00e9se\/Advanced treatment of mediastinitis following cardiac surgery.<\/td>\n<td style=\"width: 30.7483%\" width=\"302\">Dr. Juh\u00e1sz Bogl\u00e1rka f\u0151orvos<\/td>\n<\/tr>\n<tr>\n<td style=\"width: 69.1156%\">Driveline infekci\u00f3k kezel\u00e9se sor\u00e1n nyert tapasztalataink.<\/td>\n<td style=\"width: 30.7483%\">Dr. Juh\u00e1sz Bogl\u00e1rka f\u0151orvos<\/td>\n<\/tr>\n<tr>\n<td style=\"width: 69.1156%\">Minim\u00e1l invaz\u00edv sz\u00edvseb\u00e9szeti beavatkoz\u00e1sok\/Minimally invasive cardiac surgery.<\/td>\n<td style=\"width: 30.7483%\">Dr. Szolnoky Jen\u0151 oszt\u00e1lyvezet\u0151 f\u0151orvos PhD<\/td>\n<\/tr>\n<tr>\n<td style=\"width: 69.1156%\">Pitvarfibrill\u00e1ci\u00f3 seb\u00e9szi kezel\u00e9se\/Surgical treatment of atrial fibrillation.<\/td>\n<td style=\"width: 30.7483%\" width=\"302\">Dr. Szolnoky Jen\u0151 oszt\u00e1lyvezet\u0151 f\u0151orvos PhD \u00e9s Dr. Matlakovics Bal\u00e1zs\u00a0<\/td>\n<\/tr>\n<tr>\n<td style=\"width: 69.1156%\">A ter\u00e1pi\u00e1s gy\u00f3gyszerszint-monitoroz\u00e1s lehet\u0151s\u00e9gei magas kock\u00e1zat\u00fa kardiovaszkul\u00e1ris betegekben<\/td>\n<td style=\"width: 30.7483%\">\n<p>Dr. Szab\u00f3 B\u00e1lint Gergely<br \/>\nDr. Holub Lili k\u00f3rh\u00e1zi-klinikai szakgy\u00f3gyszer\u00e9sz\u00a0<\/p>\n<\/td>\n<\/tr>\n<\/tbody>\n<\/table>\n<p>&nbsp;<\/p>\n<p style=\"text-align: left\"><span class=\"pink\"><strong>TDK topics and consultants of the Gottsegen Gy\u00f6rgy Hungarian Institute of Cardiology (1096 Budapest, Haller u. 29.) in academic year 2025\/2026<\/strong><\/span><\/p>\n<p><strong>Contact:\u00a0<\/strong> <strong>Marton Hilda hilda.marton@kardio.hu\u00a0<\/strong><\/p>\n<table style=\"width: 717px;height: 1128px\" width=\"393\">\n<tbody>\n<tr style=\"height: 30px\">\n<td style=\"width: 389px;text-align: center;height: 30px\"><strong>TDK topics<\/strong><\/td>\n<td style=\"width: 327px;text-align: center;height: 30px\"><strong>Supervisor (degree)<\/strong><\/td>\n<\/tr>\n<tr style=\"height: 30px\">\n<td style=\"width: 389px;height: 30px\"><strong>1. Stem cell transplantation in the clinical practice<\/strong><\/td>\n<td style=\"width: 327px;height: 30px\">Prof. P\u00e9ter Andr\u00e9ka M.D., Ph.D.<\/td>\n<\/tr>\n<tr style=\"height: 30px\">\n<td style=\"width: 389px;height: 30px\"><strong>2. Percutan interventional techniques<\/strong><\/td>\n<td style=\"width: 327px;height: 30px\">Prof. P\u00e9ter Andr\u00e9ka M.D., Ph.D.<\/td>\n<\/tr>\n<tr style=\"height: 30px\">\n<td style=\"width: 389px;height: 30px\"><strong>3. Assessment of paravalvular aortic regurgitation<\/strong><\/td>\n<td style=\"width: 327px;height: 30px\">T\u00fcnde Pint\u00e9r M.D., Ph.D.<\/td>\n<\/tr>\n<tr style=\"height: 30px\">\n<td style=\"width: 389px;height: 30px\"><strong>4. Pregnancy and heart disease<\/strong><\/td>\n<td style=\"width: 327px;height: 30px\">Olga Hajnalka B\u00e1lint M.D. Ph.D.<\/td>\n<\/tr>\n<tr style=\"height: 30px\">\n<td style=\"width: 389px;height: 30px\"><strong>5. Treatment of the acute heart failure<\/strong><\/td>\n<td style=\"width: 327px;height: 30px\">Gabriella H\u00f3di M.D.<\/td>\n<\/tr>\n<tr style=\"height: 57px\">\n<td style=\"width: 389px;height: 57px\"><strong>6.\u00a0 Long-time follow-up of patients with immunsuppression<\/strong><\/td>\n<td style=\"width: 327px;height: 57px\">Gabriella H\u00f3di M.D.<\/td>\n<\/tr>\n<tr style=\"height: 57px\">\n<td style=\"width: 389px;height: 57px\"><strong>7.\u00a0 Non-pharmacological treatment of atrial fibrillation: medium- and long-term results<\/strong><\/td>\n<td style=\"width: 327px;height: 57px\">Attila Kardos M.D., Ph.D.<\/td>\n<\/tr>\n<tr style=\"height: 57px\">\n<td style=\"width: 389px;height: 57px\"><strong>8.\u00a0 \u00a0Isolation of vena pulmonalis by cryoballoon in the treatment of paroxismal atrial fibrillation<\/strong><\/td>\n<td style=\"width: 327px;height: 57px\">Attila Kardos M.D., Ph.D.<\/td>\n<\/tr>\n<tr style=\"height: 30px\">\n<td style=\"width: 389px;height: 30px\"><strong>9.\u00a0 \u00a0 Pacemaker-mediated cardiomyopathy<\/strong><\/td>\n<td style=\"width: 327px;height: 30px\">L\u00e1szl\u00f3 K\u00f6rnyei M.D.<\/td>\n<\/tr>\n<tr style=\"height: 57px\">\n<td style=\"width: 389px;height: 57px\"><strong>10.\u00a0 Endothelial dysfunction: clinical significance and search modalities<\/strong><\/td>\n<td style=\"width: 327px;height: 57px\">Attila Moh\u00e1csi M.D., Ph.D., honorary associate professor<\/td>\n<\/tr>\n<tr style=\"height: 57px\">\n<td style=\"width: 389px;height: 57px\"><strong>11.\u00a0 The role of genetic polymorphisms in the pathomechanism of atherosclerosis<\/strong><\/td>\n<td style=\"width: 327px;height: 57px\">Attila Moh\u00e1csi M.D., Ph.D., honorary associate professor<\/td>\n<\/tr>\n<tr style=\"height: 30px\">\n<td style=\"width: 389px;height: 30px\"><strong>12.\u00a0 FFR in everyday practice<\/strong><\/td>\n<td style=\"width: 327px;height: 30px\">Pir\u00f3th Zsolt M.D., Ph.D.<\/td>\n<\/tr>\n<tr style=\"height: 57px\">\n<td style=\"width: 389px;height: 57px\"><strong>13.\u00a0 The clinical value of post-PCI FFR measurements<\/strong><\/td>\n<td style=\"width: 327px;height: 57px\">Pir\u00f3th Zsolt M.D., Ph.D.<\/td>\n<\/tr>\n<tr style=\"height: 84px\">\n<td style=\"width: 389px;height: 84px\"><strong>14.\u00a0 Long-term outcome of percutaneous interventions of the unprotected left main coronary artery<\/strong><\/td>\n<td style=\"width: 327px;height: 84px\">Pir\u00f3th Zsolt M.D., Ph.D.<\/td>\n<\/tr>\n<tr style=\"height: 57px\">\n<td style=\"width: 389px;height: 57px\"><strong>15.\u00a0 The role of 3D echocardiography in monitoring different interventions<\/strong><\/td>\n<td style=\"width: 327px;height: 57px\">Andr\u00e1s Temesv\u00e1ri M.D., Ph.D.<\/td>\n<\/tr>\n<tr style=\"height: 57px\">\n<td style=\"width: 389px;height: 57px\"><strong>16.\u00a0 Long-term prognosis of pulmonal homograft surgery in adults<\/strong><\/td>\n<td style=\"width: 327px;height: 57px\">Andr\u00e1s Temesv\u00e1ri M.D., Ph.D.<\/td>\n<\/tr>\n<tr style=\"height: 30px\">\n<td style=\"width: 389px;height: 30px\"><strong>17.\u00a0 New perspectives in aortic valve surgery<\/strong><\/td>\n<td style=\"width: 327px;height: 30px\">Bogl\u00e1rka Juh\u00e1sz M.D.<\/td>\n<\/tr>\n<tr style=\"height: 57px\">\n<td style=\"width: 389px;height: 57px\"><strong>18.\u00a0 Advanced treatment of mediastinitis following cardiac surgery<\/strong><\/td>\n<td style=\"width: 327px;height: 57px\">Bogl\u00e1rka Juh\u00e1sz M.D.<\/td>\n<\/tr>\n<tr style=\"height: 57px\">\n<td style=\"width: 389px;height: 57px\"><strong>19.\u00a0 Beating heart coronary bypass surgery with coronary shunt<\/strong><\/td>\n<td style=\"width: 327px;height: 57px\">Jen\u0151 Szolnoky M.D., Ph.D.<\/td>\n<\/tr>\n<tr style=\"height: 30px\">\n<td style=\"width: 389px;height: 30px\"><strong>20.\u00a0 Surgical treatment of aortic valve insufficiency<\/strong><\/td>\n<td style=\"width: 327px;height: 30px\">Jen\u0151 Szolnoky M.D., Ph.D.<\/td>\n<\/tr>\n<tr style=\"height: 57px\">\n<td style=\"width: 389px;height: 57px\"><strong>21.\u00a0 Novel techniques in mitral valve reconstructive surgery<\/strong><\/td>\n<td style=\"width: 327px;height: 57px\">Jen\u0151 Szolnoky M.D., Ph.D.<\/td>\n<\/tr>\n<tr style=\"height: 30px\">\n<td style=\"width: 389px;height: 30px\"><strong>22.\u00a0 Minimally invasive cardiac surgery<\/strong><\/td>\n<td style=\"width: 327px;height: 30px\">Jen\u0151 Szolnoky M.D., Ph.D.<\/td>\n<\/tr>\n<tr style=\"height: 30px\">\n<td style=\"width: 389px;height: 30px\"><strong>23.\u00a0 Surgical treatment of atrial fibrillation<\/strong><\/td>\n<td style=\"width: 327px;height: 30px\">Jen\u0151 Szolnoky M.D., Ph.D.<\/td>\n<\/tr>\n<tr style=\"height: 57px\">\n<td style=\"width: 389px;height: 57px\"><strong>24.\u00a0 Non-invasive assessment of congenital heart disease<\/strong><\/td>\n<td style=\"width: 327px;height: 57px\">\u00c9va Kis M.D., Ph.D.\u00a0<\/td>\n<\/tr>\n<\/tbody>\n<\/table>\n","protected":false},"excerpt":{"rendered":"<p>A Gottsegen Gy\u00f6rgy Orsz\u00e1gos Kardiovaszkul\u00e1ris Int\u00e9zet TDK munkac\u00edmei \u00e9s t\u00e9mavezet\u0151i a 2025\/2026. tan\u00e9vben\u00a0 Kapcsolat: Marton Hilda\u00a0 hilda.marton@gokvi.hu TDK t\u00e9ma T\u00e9mavezet\u0151 (fokozattal) 1. Betegesend\u0151s\u00e9g vizsg\u00e1lata kat\u00e9teres \u00e9s m\u0171t\u00e9ti beavatkoz\u00e1sok el\u0151tt Dr. Andr\u00e9ka P\u00e9ter, Ph.D., oszt\u00e1lyvezet\u0151\u00a0 f\u0151orvos, egyetemi mag\u00e1ntan\u00e1r 2. Percutan intervenci\u00f3s elj\u00e1r\u00e1sok. Dr. Andr\u00e9ka P\u00e9ter, Ph.D., oszt\u00e1lyvezet\u0151\u00a0 f\u0151orvos, egyetemi mag\u00e1ntan\u00e1r 3. Intenz\u00edv ther\u00e1pia a kardiol\u00f3gi\u00e1ban Dr. &hellip;<\/p>\n","protected":false},"author":158,"featured_media":0,"parent":10063,"menu_order":5,"comment_status":"closed","ping_status":"closed","template":"","meta":{"_acf_changed":false,"footnotes":""},"categories":[],"tags":[],"class_list":["post-1336","page","type-page","status-publish","hentry"],"acf":[],"publishpress_future_action":{"enabled":false,"date":"1970-01-01 01:00:00","action":"","terms":[],"taxonomy":"","browser_timezone_offset":0},"_links":{"self":[{"href":"https:\/\/semmelweis.hu\/tdk\/wp-json\/wp\/v2\/pages\/1336","targetHints":{"allow":["GET"]}}],"collection":[{"href":"https:\/\/semmelweis.hu\/tdk\/wp-json\/wp\/v2\/pages"}],"about":[{"href":"https:\/\/semmelweis.hu\/tdk\/wp-json\/wp\/v2\/types\/page"}],"author":[{"embeddable":true,"href":"https:\/\/semmelweis.hu\/tdk\/wp-json\/wp\/v2\/users\/158"}],"replies":[{"embeddable":true,"href":"https:\/\/semmelweis.hu\/tdk\/wp-json\/wp\/v2\/comments?post=1336"}],"version-history":[{"count":10,"href":"https:\/\/semmelweis.hu\/tdk\/wp-json\/wp\/v2\/pages\/1336\/revisions"}],"predecessor-version":[{"id":11910,"href":"https:\/\/semmelweis.hu\/tdk\/wp-json\/wp\/v2\/pages\/1336\/revisions\/11910"}],"up":[{"embeddable":true,"href":"https:\/\/semmelweis.hu\/tdk\/wp-json\/wp\/v2\/pages\/10063"}],"wp:attachment":[{"href":"https:\/\/semmelweis.hu\/tdk\/wp-json\/wp\/v2\/media?parent=1336"}],"wp:term":[{"taxonomy":"category","embeddable":true,"href":"https:\/\/semmelweis.hu\/tdk\/wp-json\/wp\/v2\/categories?post=1336"},{"taxonomy":"post_tag","embeddable":true,"href":"https:\/\/semmelweis.hu\/tdk\/wp-json\/wp\/v2\/tags?post=1336"}],"curies":[{"name":"wp","href":"https:\/\/api.w.org\/{rel}","templated":true}]}}