{"id":1247,"date":"2016-07-29T00:00:00","date_gmt":"2016-07-28T22:00:00","guid":{"rendered":"http:\/\/semmelweis.hu\/tdk\/anatomiai-szovet-es-fejlodestani-intezet-aok\/"},"modified":"2025-12-11T09:39:21","modified_gmt":"2025-12-11T08:39:21","slug":"anatomiai-szovet-es-fejlodestani-intezet-aok","status":"publish","type":"page","link":"https:\/\/semmelweis.hu\/tdk\/tdk-temak-es-temavezetok\/aok\/anatomiai-szovet-es-fejlodestani-intezet-aok\/","title":{"rendered":"Anat\u00f3miai, Sz\u00f6vet- \u00e9s Fejl\u0151d\u00e9stani Int\u00e9zet"},"content":{"rendered":"<h2 style=\"text-align: left\"><span class=\"pink\">Az Anat\u00f3miai, Sz\u00f6vet- \u00e9s Fejl\u0151d\u00e9stani Int\u00e9zet TDK munkac\u00edmei \u00e9s t\u00e9mavezet\u0151i<\/span><\/h2>\n<table style=\"margin-left: auto;margin-right: auto;width: 101.4%;height: 2994px\" border=\"0\" cellspacing=\"0\" cellpadding=\"0\">\n<colgroup>\n<col style=\"width: 232pt\" width=\"309\" \/>\n<col style=\"width: 167pt\" width=\"222\" \/> <\/colgroup>\n<tbody>\n<tr style=\"height: 25.5pt\">\n<td class=\"xl25\" style=\"height: 25px;width: 63.1879%;text-align: center\" width=\"309\" height=\"34\" data-sheets-value=\"{&quot;1&quot;:2,&quot;2&quot;:&quot;TDK-munka c\u00edme&quot;}\"><strong>TDK-munka c\u00edme<\/strong><\/td>\n<td class=\"xl25\" style=\"width: 73.0707%;text-align: center;height: 25px\" width=\"222\" data-sheets-value=\"{&quot;1&quot;:2,&quot;2&quot;:&quot;T\u00e9mavezet\u0151 neve (fokozattal)&quot;}\"><strong>T\u00e9mavezet\u0151 neve (fokozattal)<\/strong><\/td>\n<\/tr>\n<tr>\n<td style=\"width: 63.1879%\" width=\"710\">Designer drogok hat\u00e1sa a fejl\u00f5d\u00f5 \u00e9s \u00e9rett idegrendszer szerkezet\u00e9re \u00e9s viselked\u00e9s-szab\u00e1lyoz\u00f3 mechanizmusaira<\/td>\n<td style=\"width: 73.0707%\" width=\"507\">Dr. \u00c1d\u00e1m \u00c1gota, egyetemi docens, PhD<\/td>\n<\/tr>\n<tr>\n<td style=\"width: 63.1879%\">A szubventrikul\u00e1ris z\u00f3na fejl\u0151d\u00e9s\u00e9nek immunhisztok\u00e9miai k\u00f6vet\u00e9se<\/td>\n<td style=\"width: 73.0707%\">Dr. Adorj\u00e1n Istv\u00e1n tud. munkat\u00e1rs, PhD, Dr. K\u00e1lm\u00e1n Mih\u00e1ly egyetemi tan\u00e1r, az MTA doktora (biol\u00f3gia)<\/td>\n<\/tr>\n<tr>\n<td style=\"width: 63.1879%\">Cellul\u00e1ris biomarkerek keres\u00e9se neuropszichi\u00e1triai betegs\u00e9gekben<\/td>\n<td style=\"width: 73.0707%\">Dr. Adorj\u00e1n Istv\u00e1n tudom\u00e1nyos munkat\u00e1rs, PhD<\/td>\n<\/tr>\n<tr>\n<td style=\"width: 63.1879%\">Elt\u00e9r\u0151 gliapopul\u00e1ci\u00f3k kialakul\u00e1sa a f\u0151eml\u0151s\u00f6k striatum\u00e1nak filogenezise sor\u00e1n<\/td>\n<td style=\"width: 73.0707%\">Dr. Adorj\u00e1n Istv\u00e1n tudom\u00e1nyos munkat\u00e1rs, PhD<\/td>\n<\/tr>\n<tr>\n<td style=\"width: 63.1879%\">K\u00fcl\u00f6nb\u00f6z\u0151 gliapopul\u00e1ci\u00f3k jelenl\u00e9te a f\u0151eml\u0151s\u00f6k ventromedialis es dorzolateralis prefrontalis kortex\u00e9ben<\/td>\n<td style=\"width: 73.0707%\">Dr. Adorj\u00e1n Istv\u00e1n tudom\u00e1nyos munkat\u00e1rs, PhD<\/td>\n<\/tr>\n<tr>\n<td style=\"width: 63.1879%\">Speci\u00e1lis mikrogliapopul\u00e1ci\u00f3k fejl\u0151d\u00e9se a hum\u00e1n szubventrikul\u00e1ris z\u00f3na ontogenezise sor\u00e1n<\/td>\n<td style=\"width: 73.0707%\">Dr. Adorj\u00e1n Istv\u00e1n tudom\u00e1nyos munkat\u00e1rs, PhD<\/td>\n<\/tr>\n<tr>\n<td style=\"width: 63.1879%\">A neuroserpin szerepe a hum\u00e1n kortikogenezis sor\u00e1n es hipoxi\u00e1s \u00e1llapotokban<\/td>\n<td style=\"width: 73.0707%\">Dr. Adorj\u00e1n Istv\u00e1n tudom\u00e1nyos munkat\u00e1rs, PhD<\/td>\n<\/tr>\n<tr>\n<td style=\"width: 63.1879%\">A secretagogin kalcium-szenzor feh\u00e9rje szab\u00e1lyoz\u00f3 szerepe az eml\u0151s agyt\u00f6rzs\u00e9nek noradrenerg rendszer\u00e9ben<\/td>\n<td style=\"width: 73.0707%\">Dr. Alp\u00e1r Al\u00e1n egyetemi tan\u00e1r, az MTA doktora<\/td>\n<\/tr>\n<tr>\n<td style=\"width: 63.1879%\">A thymus ganglionl\u00e9c eredet\u0171 sejtjeinek felt\u00e9rk\u00e9pez\u00e9se\u00a0<\/td>\n<td style=\"width: 73.0707%\">Dr. B\u00f3di Ildik\u00f3 egyetemi adjunktus, PhD \u00e9s Dr. H.-Mink\u00f3 Krisztina egyetemi adjunktus, PhD<\/td>\n<\/tr>\n<tr>\n<td style=\"width: 63.1879%\">Sz\u00edvfejl\u0151d\u00e9si rendelleness\u00e9gek kapcsolata a hum\u00e1n thymus szerkezet\u00e9vel<\/td>\n<td style=\"width: 73.0707%\">Dr. B\u00f3di Ildik\u00f3 egyetemi adjunktus, PhD \u00e9s Dr. H.-Mink\u00f3 Krisztina egyetemi adjunktus, PhD<\/td>\n<\/tr>\n<tr>\n<td style=\"width: 63.1879%\">A tanul\u00e1s \u00e9s motiv\u00e1ci\u00f3 morfol\u00f3giai alapjai mad\u00e1r idegrendszerben<\/td>\n<td style=\"width: 73.0707%\">Dr. Csillag Andr\u00e1s egyetemi tan\u00e1r, a biol\u00f3giai tudom\u00e1nyok doktora<\/td>\n<\/tr>\n<tr>\n<td style=\"width: 63.1879%\">Neokortik\u00e1lis interneuronok thalamikus inputj\u00e1nak quantitativ anal\u00edzise<\/td>\n<td style=\"width: 73.0707%\">Dr. D\u00e1vid Csaba egyetemi docens, PhD<\/td>\n<\/tr>\n<tr>\n<td style=\"width: 63.1879%\">Liquorkontakt neuronok fejl\u0151d\u00e9se \u00e9s morfol\u00f3giai anal\u00edzise<\/td>\n<td style=\"width: 73.0707%\">Dr. D\u00e1vid Csaba egyetemi docens, PhD<\/td>\n<\/tr>\n<tr>\n<td style=\"width: 63.1879%\">A fok\u00e1lis agyi ischemia molekul\u00e1ris \u00e9s hisztol\u00f3giai elemz\u00e9se<\/td>\n<td style=\"width: 73.0707%\">Dr. Dobolyi \u00c1rp\u00e1d tudom\u00e1nyos tan\u00e1csad\u00f3, PhD<\/td>\n<\/tr>\n<tr>\n<td style=\"width: 63.1879%\">G\u00e9nexpresszi\u00f3s v\u00e1ltoz\u00e1sok \u00e9s azok hat\u00e1sa az agyban a reprodukci\u00f3 sor\u00e1n<\/td>\n<td style=\"width: 73.0707%\">Dr. Dobolyi \u00c1rp\u00e1d tudom\u00e1nyos tan\u00e1csad\u00f3, PhD<\/td>\n<\/tr>\n<tr>\n<td style=\"width: 63.1879%\">\u00dajonnan azonos\u00edtott hypothalamikus neuropeptidek vizsg\u00e1lata.<\/td>\n<td style=\"width: 73.0707%\">Dr. Dobolyi \u00c1rp\u00e1d tudom\u00e1nyos tan\u00e1csad\u00f3, PhD<\/td>\n<\/tr>\n<tr>\n<td style=\"width: 63.1879%\">Az anyai adapt\u00e1ci\u00f3 rendszerbiol\u00f3giai megk\u00f6zel\u00edt\u00e9sben<\/td>\n<td style=\"width: 73.0707%\">Dr. Dobolyi \u00c1rp\u00e1d tudom\u00e1nyos tan\u00e1csad\u00f3, PhD<\/td>\n<\/tr>\n<tr>\n<td style=\"width: 63.1879%\">Hum\u00e1n agyk\u00e9reg\u00a0g\u00e9nexpresszi\u00f3s v\u00e1ltoz\u00e1sai<\/td>\n<td style=\"width: 73.0707%\">Dr. Dobolyi \u00c1rp\u00e1d tudom\u00e1nyos tan\u00e1csad\u00f3, PhD<\/td>\n<\/tr>\n<tr>\n<td style=\"width: 63.1879%\">A szoci\u00e1lis diszkrimin\u00e1ci\u00f3 \u00e1llatk\u00eds\u00e9rletes vizsg\u00e1lata<\/td>\n<td style=\"width: 73.0707%\">Dr. Dobolyi \u00c1rp\u00e1d tudom\u00e1nyos tan\u00e1csad\u00f3, PhD<\/td>\n<\/tr>\n<tr>\n<td style=\"width: 63.1879%\">Extraembrion\u00e1lis eredet\u0171 v\u00e9rk\u00e9pz\u0151 \u0151ssejtek vizsg\u00e1lata embriomanipul\u00e1ci\u00f3s \u00e9s sejtk\u00f6vet\u00e9ses technik\u00e1kkal a korai embri\u00f3ban \u00e9s a fejl\u0151d\u0151 nyirokszervekben<\/td>\n<td style=\"width: 73.0707%\">Dr. D\u00f3ra D\u00e1vid egyetemi adjunktus, PhD<\/td>\n<\/tr>\n<tr>\n<td style=\"width: 63.1879%\">Neuroimmunol\u00f3giai kapcsolatok a b\u00e9lben: a b\u00e9lidegrendszer-makrof\u00e1g kapcsolat ultrastrukt\u00far\u00e1ja \u00e9s funkcion\u00e1lis jellemz\u00e9se fiziol\u00f3gi\u00e1s \u00e9s patol\u00f3gi\u00e1s \u00e1llapotokban<\/td>\n<td style=\"width: 73.0707%\">Dr. D\u00f3ra D\u00e1vid egyetemi adjunktus, PhD<\/td>\n<\/tr>\n<tr>\n<td style=\"width: 63.1879%\">A vegetat\u00edv idegrendszer vizsg\u00e1lata<\/td>\n<td style=\"width: 73.0707%\">Dr. Feh\u00e9r Erzs\u00e9bet nyug. egyetemi tan\u00e1r, szaktan\u00e1csad\u00f3, az orvosi tudom\u00e1nyok doktora<\/td>\n<\/tr>\n<tr>\n<td style=\"width: 63.1879%\">Neuroimmun-modul\u00e1ci\u00f3 a hasi zsigerekben<\/td>\n<td style=\"width: 73.0707%\">Dr. Feh\u00e9r Erzs\u00e9bet nyug. egyetemi tan\u00e1r, szaktan\u00e1csad\u00f3,az orvosi tudom\u00e1nyok doktora<\/td>\n<\/tr>\n<tr>\n<td style=\"width: 63.1879%\">A fogpulpa \u00f5ssejtjeinek vizsg\u00e1lata<\/td>\n<td style=\"width: 73.0707%\">Dr. Gerber G\u00e1bor egyetemi docens, PhD<\/td>\n<\/tr>\n<tr>\n<td style=\"width: 63.1879%\">A gerincvel\u00f5 szerkezet\u00e9nek vizsg\u00e1lata<\/td>\n<td style=\"width: 73.0707%\">Dr. Gerber G\u00e1bor egyetemi docens, PhD, Pusk\u00e1r Zita tudom\u00e1nyos f\u0151munkat\u00e1rs, PhD \u00e9s R\u00e9thelyi Mikl\u00f3s nyug. egyetemi tan\u00e1r, szaktan\u00e1csad\u00f3, az orvosi tudom\u00e1nyok doktora<\/td>\n<\/tr>\n<tr>\n<td style=\"width: 63.1879%\">Az aort\u00e1b\u00f3l sz\u00e1rmaz\u00f3 v\u00e9rk\u00e9pz\u0151 \u0151ssejtek r\u00e9szv\u00e9tele a nyirokszervek ben\u00e9pes\u00edt\u00e9s\u00e9ben\u00a0<\/td>\n<td style=\"width: 73.0707%\">Dr. H.-Mink\u00f3 Krisztina egyetemi adjunktus, PhD \u00e9s Dr.B\u00f3di Ildik\u00f3 egyetemi adjunktus, PhD<\/td>\n<\/tr>\n<tr>\n<td style=\"width: 63.1879%\">Az extracellul\u00e1ris m\u00e1trix szerepe a garat r\u00e9gi\u00f3 k\u00f6r\u00fcli ganglionl\u00e9c sejtek migr\u00e1ci\u00f3j\u00e1ban<\/td>\n<td style=\"width: 73.0707%\">Dr. H.-Mink\u00f3 Krisztina egyetemi adjunktus, PhD \u00e9s Dr.B\u00f3di Ildik\u00f3 egyetemi adjunktus, PhD<\/td>\n<\/tr>\n<tr>\n<td style=\"width: 63.1879%\">A kognit\u00edv folyamatok neuroanat\u00f3miai h\u00e1tter\u00e9nek szerkezeti \u00e9s funkcion\u00e1lis alapjai<\/td>\n<td style=\"width: 73.0707%\">Dr. Horv\u00e1th Andr\u00e1s Attila egyetmi adjunktus, PhD<\/td>\n<\/tr>\n<tr>\n<td style=\"width: 63.1879%\">Structural and functional background of the neuroanatomical correlates of cognitive processes<\/td>\n<td style=\"width: 73.0707%\">Dr. Horv\u00e1th Andr\u00e1s Attila egyetmi adjunktus, PhD<\/td>\n<\/tr>\n<tr>\n<td style=\"width: 63.1879%\">Gliovaszkul\u00e1ris \u00e9s glia-k\u00f6t\u0151sz\u00f6veti kapcsolatok vizsg\u00e1lata<\/td>\n<td style=\"width: 73.0707%\">Dr. K\u00e1lm\u00e1n Mih\u00e1ly egyetemi tan\u00e1r, az MTA doktora<\/td>\n<\/tr>\n<tr>\n<td style=\"width: 63.1879%\">A gyullad\u00e1s szerepe a neurodegenerat\u00edv betegs\u00e9gekben<\/td>\n<td style=\"width: 73.0707%\">Dr. Katz S\u00e1ndor egyetemi adjunktus, PhD<\/td>\n<\/tr>\n<tr>\n<td style=\"width: 63.1879%\">The role of inflammation in the neurodegenerative diseases<\/td>\n<td style=\"width: 73.0707%\">Dr. Katz S\u00e1ndor egyetemi adjunktus, PhD<\/td>\n<\/tr>\n<tr>\n<td style=\"width: 63.1879%\">A szegment\u00e1lis epe\u00fatszerkezeti vari\u00e1ci\u00f3k jelent\u0151s\u00e9ge a m\u00e1jseb\u00e9szetben, parci\u00e1lis m\u00e1j\u00e1t\u00fcltet\u00e9sben.<\/td>\n<td style=\"width: 73.0707%\">Dr. Kiss M\u00e1ty\u00e1s; Dr. Nemesk\u00e9ri \u00c1gnes egyetemi docens<\/td>\n<\/tr>\n<tr>\n<td style=\"width: 63.1879%\">A vena portae intersegmentalis anastomosisai \u00e9s jelent\u0151s\u00e9g\u00fck a hat\u00e1reseti resecabilit\u00e1s\u00fa malignus m\u00e1jdaganatok seb\u00e9szi kezel\u00e9s\u00e9ben<\/td>\n<td style=\"width: 73.0707%\">Dr. Kiss M\u00e1ty\u00e1s; Dr. Nemesk\u00e9ri \u00c1gnes egyetemi docens<\/td>\n<\/tr>\n<tr>\n<td style=\"width: 63.1879%\">Patk\u00e1ny limboretinalis rendszer\u00e9nek vizsg\u00e1lata tracing technik\u00e1kkal<\/td>\n<td style=\"width: 73.0707%\">Dr. K\u00f6ves Katalin egyetemi tan\u00e1r<\/td>\n<\/tr>\n<tr>\n<td style=\"width: 63.1879%\">A limboretinalis rendszer ered\u0151 sejtjeinek k\u00e9miai karakteriz\u00e1l\u00e1sa patk\u00e1nyban<\/td>\n<td style=\"width: 73.0707%\">Dr. K\u00f6ves Katalin egyetemi tan\u00e1r<\/td>\n<\/tr>\n<tr>\n<td style=\"width: 63.1879%\">Hosszan tart\u00f3 \u00f6sztrog\u00e9n \u00e9s progeszteron kezel\u00e9s hat\u00e1sa a hypophysis mells\u0151 lebeny hormon termel\u00e9s\u00e9re<\/td>\n<td style=\"width: 73.0707%\">Dr. K\u00f6ves Katalin egyetemi tan\u00e1r<\/td>\n<\/tr>\n<tr>\n<td style=\"width: 63.1879%\">A toll-like receptor 4 expresszi\u00f3j\u00e1nak \u00e9s jel\u00e1tviteli folyamatainak vizsg\u00e1lata gyullad\u00e1s sor\u00e1n, patk\u00e1ny hash\u00e1rtya mesothel sejtjeiben<\/td>\n<td style=\"width: 73.0707%\">Dr. L. Kiss Anna egyetemi tan\u00e1r<\/td>\n<\/tr>\n<tr>\n<td style=\"width: 63.1879%\">Caveol\u00e1k szerepe hash\u00e1rtya mesothel sejtjeiben<\/td>\n<td style=\"width: 73.0707%\">Dr. L. Kiss Anna egyetemi tan\u00e1r; Dr. Katz S\u00e1ndor egyetemi adjunktus, PhD<\/td>\n<\/tr>\n<tr>\n<td style=\"width: 63.1879%\">H\u00e1m\/mesenchyma \u00e1talakul\u00e1s (transzdifferenci\u00e1ci\u00f3) vizsg\u00e1lata patk\u00e1ny hash\u00e1rtya mesothel sejtjein<\/td>\n<td style=\"width: 73.0707%\">Dr. L. Kiss Anna egyetemi tan\u00e1r; Dr. Katz S\u00e1ndor egyetemi adjunktus, PhD<\/td>\n<\/tr>\n<tr>\n<td style=\"width: 63.1879%\">A nyirokszervek fejl\u0151d\u00e9sbiol\u00f3gi\u00e1ja<\/td>\n<td style=\"width: 73.0707%\">Dr. Nagy N\u00e1ndor egyetemi docens, PhD<\/td>\n<\/tr>\n<tr>\n<td style=\"width: 63.1879%\">A b\u00e9lidegrendszer fejl\u0151d\u00e9se<\/td>\n<td style=\"width: 73.0707%\">Dr. Nagy N\u00e1ndor egyetemi docens, PhD<\/td>\n<\/tr>\n<tr>\n<td style=\"width: 63.1879%\">H\u00e1m-mesenchyma k\u00f6lcs\u00f6nhat\u00e1sok a lymphoid organogenezis sor\u00e1n<\/td>\n<td style=\"width: 73.0707%\">Dr. Nagy N\u00e1ndor egyetemi docens, PhD<\/td>\n<\/tr>\n<tr>\n<td style=\"width: 63.1879%\">Sz\u00f6veti \u0151ssejtek a b\u00e9lidgrendszerben<\/td>\n<td style=\"width: 73.0707%\">Dr. Nagy N\u00e1ndor egyetemi docens, PhD<\/td>\n<\/tr>\n<tr>\n<td style=\"width: 63.1879%\">Hirschsprung-k\u00f3r fejl\u0151d\u00e9sbiol\u00f3gi\u00e1ja<\/td>\n<td style=\"width: 73.0707%\">Dr. Nagy N\u00e1ndor egyetemi docens, PhD<\/td>\n<\/tr>\n<tr>\n<td style=\"width: 63.1879%\">Implant\u00e1ci\u00f3 okozta sz\u00f6veti elv\u00e1ltoz\u00e1sok vizsg\u00e1lata agyk\u00e9regben<\/td>\n<td style=\"width: 73.0707%\">Dr. N\u00e9gyessy L\u00e1szl\u00f3 tud. f\u0151munkat\u00e1rs, PhD<\/td>\n<\/tr>\n<tr>\n<td style=\"width: 63.1879%\">Az agyk\u00e9reg szerepe a tapint\u00e1si ingerek feldolgoz\u00e1s\u00e1ban<\/td>\n<td style=\"width: 73.0707%\">Dr. N\u00e9gyessy L\u00e1szl\u00f3 tud. f\u0151munkat\u00e1rs, PhD<\/td>\n<\/tr>\n<tr>\n<td style=\"width: 63.1879%\">A nem sz\u00f6vetspecifikus alkalikus foszfat\u00e1z szerepe az agyk\u00e9rgi aktivit\u00e1s szab\u00e1lyoz\u00e1s\u00e1ban<\/td>\n<td style=\"width: 73.0707%\">Dr. N\u00e9gyessy L\u00e1szl\u00f3 tud. f\u0151munkat\u00e1rs, PhD<\/td>\n<\/tr>\n<tr>\n<td style=\"width: 63.1879%\">Nem sz\u00f6vetspecifikus alkalikus foszfat\u00e1z (TNAP) g\u00e9nki\u00fct\u00f6tt egerek neokortik\u00e1lis piramissejtjeinek jellemz\u00e9se<\/td>\n<td style=\"width: 73.0707%\">Dr. N\u00e9gyessy L\u00e1szl\u00f3 tud. f\u0151munkat\u00e1rs, PhD<\/td>\n<\/tr>\n<tr>\n<td style=\"width: 63.1879%\">A sz\u00edv koszor\u00faserek klinikai anat\u00f3mi\u00e1ja. Koszor\u00faserek rendellenes ered\u00e9se, el\u00e1gaz\u00f3d\u00e1sa. Inter- \u00e9s intracoronaria anasztom\u00f3zisok vizsg\u00e1lata. Korr\u00f3zi\u00f3s sz\u00edvprepar\u00e1tumok. Post mortem CT coronarogr\u00e1fia<\/td>\n<td style=\"width: 73.0707%\">Dr. Nemesk\u00e9ri \u00c1gnes egyetemi docens<\/td>\n<\/tr>\n<tr>\n<td style=\"width: 63.1879%\">A sz\u00edvv\u00e9n\u00e1k myocardi\u00e1lis h\u00fcvelyeinek funkcion\u00e1lis morfol\u00f3gi\u00e1ja, szerep\u00fck a pitvari fibrill\u00e1ci\u00f3 mechanizmus\u00e1ban.\u00a0\u00a0<\/td>\n<td style=\"width: 73.0707%\">Dr. Nemesk\u00e9ri \u00c1gnes egyetemi docens, dr. Kugler Szilvia rezidens<\/td>\n<\/tr>\n<tr>\n<td style=\"width: 63.1879%\">M\u00f3dszerek a m\u00e1j \u00e9r- \u00e9s epe\u00fatrendszer\u00e9nek post mortem 3D megjelen\u00edt\u00e9s\u00e9re \u2013 az \u00e9r \u00e9s epe\u00fatrendszer vari\u00e1ci\u00f3i, k\u00fcl\u00f6n\u00f6s tekintettel a parci\u00e1lis m\u00e1jtranszplant\u00e1ci\u00f3ra, valamint a preoperat\u00edv v. portae emboliz\u00e1ci\u00f3ra<\/td>\n<td style=\"width: 73.0707%\">Dr. Nemesk\u00e9ri \u00c1gnes egyetemi docens; Dr. Kiss M\u00e1ty\u00e1s<\/td>\n<\/tr>\n<tr>\n<td style=\"width: 63.1879%\">B\u0151r-izom szabad lebenyek k\u00e9pz\u00e9s\u00e9nek \u00faj lehet\u0151s\u00e9gei fej-nyaki rekonstrukci\u00f3s m\u0171t\u00e9tekn\u00e9l. Cadaver alap\u00fa kutat\u00e1s.<\/td>\n<td style=\"width: 73.0707%\">Dr. Nemesk\u00e9ri \u00c1gnes egyetemi docens; Dr. Kl\u00e1rik Zolt\u00e1n (Orsz\u00e1gos Onkol\u00f3giai Int\u00e9zet, Fej-nyak Seb\u00e9szeti Oszt\u00e1ly)<\/td>\n<\/tr>\n<tr>\n<td style=\"width: 63.1879%\">Komparat\u00edv sz\u00f6vettani vizsg\u00e1latok a be\u00fcltetett m\u0171billenty\u0171 k\u00f6r\u00fcl kialakul\u00f3 pannus sz\u00f6vetben. A pannus k\u00e9pz\u0151d\u00e9s\u00e9rt a reum\u00e1s degenerat\u00edv folyamatok felel\u0151sek-e?<\/td>\n<td style=\"width: 73.0707%\">Dr. Nemesk\u00e9ri \u00c1gnes egyetemi docens; Dr. Sz\u00e1nt\u00f3 M\u00e1ria (Gottsegen Orsz\u00e1gos Kardiol\u00f3giai Int\u00e9zet, Feln\u0151tt Sz\u00edvseb\u00e9szeti Oszt\u00e1ly)<\/td>\n<\/tr>\n<tr>\n<td style=\"width: 63.1879%\">A sz\u00f6vetp\u00f3tl\u00e1shoz felhaszn\u00e1lhat\u00f3 izomlebenyek v\u00e9rell\u00e1t\u00e1s\u00e1nak vizsg\u00e1lata<\/td>\n<td style=\"width: 73.0707%\">Dr. Nemesk\u00e9ri \u00c1gnes egyetemi docens, Dr. Tam\u00e1s R\u00f3bert oszt\u00e1lyvezet\u0151 f\u0151orvos<\/td>\n<\/tr>\n<tr>\n<td style=\"width: 63.1879%\">Stresszel kapcsolatos idegp\u00e1ly\u00e1k vizsg\u00e1lata<\/td>\n<td style=\"width: 73.0707%\">Dr. Palkovits Mikl\u00f3s professor emeritus, akad\u00e9mikus<\/td>\n<\/tr>\n<tr>\n<td style=\"width: 63.1879%\">\u00c9tv\u00e1ggyal, t\u00e1pl\u00e1lkoz\u00e1ssal kapcsolatos idegp\u00e1ly\u00e1k vizsg\u00e1lata<\/td>\n<td style=\"width: 73.0707%\">Dr. Palkovits Mikl\u00f3s professor emeritus, akad\u00e9mikus<\/td>\n<\/tr>\n<tr>\n<td style=\"width: 63.1879%\">Hipotalamikus neuropeptidek funkcion\u00e1lis vizsg\u00e1lata<\/td>\n<td style=\"width: 73.0707%\">Dr. Palkovits Mikl\u00f3s professor emeritus, akad\u00e9mikus \u00e9s Dr. T\u00f3th Zsuzsanna tudom\u00e1nyos f\u0151munkat\u00e1rs, PhD<\/td>\n<\/tr>\n<tr>\n<td style=\"width: 63.1879%\">F\u00e1jdalom\u00e9rz\u00e9sben szerepet viv\u00f5 agyter\u00fcletek \u00e9s agyp\u00e1ly\u00e1k k\u00eds\u00e9rletes morfol\u00f3giai \u00e9s immunohisztok\u00e9miai vizsg\u00e1lata<\/td>\n<td style=\"width: 73.0707%\">Dr. Pusk\u00e1r Zita tudom\u00e1nyos f\u0151munkat\u00e1rs, PhD<\/td>\n<\/tr>\n<tr>\n<td style=\"width: 63.1879%\">A dipeptidil-peptid\u00e1z 4 (DPP4\/CD26) enzim el\u0151fordul\u00e1sa \u00e9s inhibitorainak hat\u00e1sa a patk\u00e1ny gerincvel\u0151ben<\/td>\n<td style=\"width: 73.0707%\">Dr. Pusk\u00e1r Zita, tudom\u00e1nyos f\u0151munkat\u00e1rs, PhD \u00e9s Dr. Kozsurek M\u00e1rk egyetemi adjunktus, PhD<\/td>\n<\/tr>\n<tr>\n<td style=\"width: 63.1879%\">Platal Rugae Analysis (Forensic Dentistry)<\/td>\n<td style=\"width: 73.0707%\">Dr. Arvin Shahbadzi egyetemi adjunktus, PhD<\/td>\n<\/tr>\n<tr>\n<td style=\"width: 63.1879%\">A hum\u00e1n retina regener\u00e1ci\u00f3s kapacit\u00e1s\u00e1nak vizsg\u00e1lata organotipikus teny\u00e9szet modellben<\/td>\n<td style=\"width: 73.0707%\">Dr. Szab\u00f3 Arnold egyetemi tan\u00e1rseg\u00e9d<\/td>\n<\/tr>\n<tr>\n<td style=\"width: 63.1879%\">A mikro- \u00e9s makroglia sejtek vizsg\u00e1lata hum\u00e1n organotipikus retina teny\u00e9szet modellben<\/td>\n<td style=\"width: 73.0707%\">Dr. Szab\u00f3 Arnold egyetemi tan\u00e1rseg\u00e9d<\/td>\n<\/tr>\n<tr>\n<td style=\"width: 63.1879%\">Fotoreceptorok morfol\u00f3giai vizsg\u00e1lata human organotipikus retina teny\u00e9szetben<\/td>\n<td style=\"width: 73.0707%\">Dr. Szab\u00f3 Arnold egyetemi tan\u00e1rseg\u00e9d<\/td>\n<\/tr>\n<tr>\n<td style=\"width: 63.1879%\">A neuroprotekci\u00f3 lehet\u0151s\u00e9geinek vizsg\u00e1lata hum\u00e1n organotipikus retina teny\u00e9szet modellben<\/td>\n<td style=\"width: 73.0707%\">Dr. Szab\u00f3 Arnold egyetemi tan\u00e1rseg\u00e9d<\/td>\n<\/tr>\n<tr>\n<td style=\"width: 63.1879%\">A hum\u00e1n retina expresszi\u00f3s mint\u00e1zat\u00e1nak centroperif\u00e9ri\u00e1s elt\u00e9r\u00e9sei<\/td>\n<td style=\"width: 73.0707%\">Dr. Szab\u00f3 Arnold egyetemi tan\u00e1rseg\u00e9d<\/td>\n<\/tr>\n<tr>\n<td style=\"width: 63.1879%\">A regio pectoralis klinikai anat\u00f3mi\u00e1ja, v\u00e9rell\u00e1t\u00e1sa, eml\u0151seb\u00e9szeti vonatkoz\u00e1sai<\/td>\n<td style=\"width: 73.0707%\">Dr. Sz\u00e9kely Andrea Dorottya docens, PhD<\/td>\n<\/tr>\n<tr>\n<td style=\"width: 63.1879%\">Kombin\u00e1lt anabolikus szteroid &#8211; NSAID gyullad\u00e1scs\u00f6kkent\u0151 kezel\u00e9s hat\u00e1sainak kimutat\u00e1sa a m\u00e1j- \u00e9s veseparenchyma sz\u00f6vettani vizsg\u00e1lat\u00e1val<\/td>\n<td style=\"width: 73.0707%\">Dr. Sz\u00e9kely Andrea Dorottya egyetemi docens, PhD<\/td>\n<\/tr>\n<tr>\n<td style=\"width: 63.1879%\">A regio pectoralis klinikai anat\u00f3mi\u00e1ja, v\u00e9rell\u00e1t\u00e1sa, eml\u00f5seb\u00e9szeti vonatkoz\u00e1sai<\/td>\n<td style=\"width: 73.0707%\">Dr. Sz\u00e9kely Andrea egyetemi docens, PhD<\/td>\n<\/tr>\n<tr>\n<td style=\"width: 63.1879%\">Kombin\u00e1lt anabolikus szteroid \u2013 NSAID gyullad\u00e1scs\u00f6kkent\u00f5 kezel\u00e9s hat\u00e1sainak kimutat\u00e1sa a m\u00e1j- \u00e9s veseparenchyma sz\u00f6vettani vizsg\u00e1lat\u00e1val<\/td>\n<td style=\"width: 73.0707%\">Dr. Sz\u00e9kely Andrea egyetemi docens, PhD<\/td>\n<\/tr>\n<tr>\n<td style=\"width: 63.1879%\">A mellkasfalat ell\u00e1t\u00f3 ver\u0151erek el\u00e1gaz\u00f3d\u00e1si mint\u00e1zat\u00e1nak vizsg\u00e1lata k\u00e9palkot\u00f3 m\u00f3dszerek (CT, PETCT) alapj\u00e1n<\/td>\n<td style=\"width: 73.0707%\">Dr. Sz\u00e9kely Andrea egyetemi docens, PhD \u00e9s Dr. Lengyel Zsolt (Pozitron-Diagnosztika K\u00f6zpont)<\/td>\n<\/tr>\n<tr>\n<td style=\"width: 63.1879%\">Retin\u00e1lis fotoreceptorok fejl\u0151d\u00e9se \u00e9s differenci\u00e1l\u00f3d\u00e1sa<\/td>\n<td style=\"width: 73.0707%\">Dr. Sz\u00e9l \u00c1goston egyetemi tan\u00e1r<\/td>\n<\/tr>\n<tr>\n<td style=\"width: 63.1879%\">A fels\u0151 l\u00e9g\u00fat anat\u00f3miai vari\u00e1ci\u00f3i, \u00e9s klinikai vonatkoz\u00e1suk a l\u00e9g\u00fatbiztos\u00edt\u00e1sban<\/td>\n<td style=\"width: 73.0707%\">Dr. Szu\u00e1k Andr\u00e1s egyetemi tan\u00e1rseg\u00e9d; Dr. Nemesk\u00e9ri \u00c1gnes egyetemi docens<\/td>\n<\/tr>\n<tr>\n<td style=\"width: 63.1879%\">T\u00e1pl\u00e1l\u00e9kfelv\u00e9tel szab\u00e1lyoz\u00e1sban r\u00e9szvev\u00f5 neuropeptidek funkcion\u00e1lis vizsg\u00e1lata<\/td>\n<td style=\"width: 73.0707%\">Dr. T\u00f3th Zsuzsanna tudom\u00e1nyos f\u0151munkat\u00e1rs, PhD<\/td>\n<\/tr>\n<tr>\n<td style=\"width: 63.1879%\">A NUCB2\/nesfatin-1 peptid homeosztatikus funkci\u00f3i<\/td>\n<td style=\"width: 73.0707%\">Dr. T\u00f3th Zsuzsanna tudom\u00e1nyos f\u0151munkat\u00e1rs, PhD<\/td>\n<\/tr>\n<tr>\n<td style=\"width: 63.1879%\">Agyi l\u00e9zi\u00f3k hat\u00e1sa csirk\u00e9k szoci\u00e1lis izol\u00e1ci\u00f3 \u00e9s ragadoz\u00f3 jelenl\u00e9te eset\u00e9n mutatott f\u00e9lelmi reakci\u00f3j\u00e1ra<\/td>\n<td style=\"width: 73.0707%\">Dr. Zachar Gergely tud. munkat\u00e1rs, PhD<\/td>\n<\/tr>\n<tr>\n<td style=\"width: 63.1879%\">Egyes D-aminosavak eloszl\u00e1sa \u00e9s funkci\u00f3ja a k\u00f6zponti idegrendszerben<\/td>\n<td style=\"width: 73.0707%\">Dr. Zachar Gergely tud. munkat\u00e1rs, PhD<\/td>\n<\/tr>\n<tr>\n<td style=\"width: 63.1879%\">A D-aminosavak hat\u00e1sa a tanul\u00e1sra \u00e9s a neurogenezisre<\/td>\n<td style=\"width: 73.0707%\">Dr. Zachar Gergely tud. munkat\u00e1rs, PhD<\/td>\n<\/tr>\n<tr>\n<td style=\"width: 63.1879%\">Az autizmus lehets\u00e9ges \u00e1llatmodelljei, idegi aktiv\u00e1ci\u00f3 a szoci\u00e1lis vislked\u00e9ssel \u00f6sszef\u00fcgg\u00e9sben<\/td>\n<td style=\"width: 73.0707%\">Dr. Zachar Gergely tud. munkat\u00e1rs, PhD<\/td>\n<\/tr>\n<tr>\n<td style=\"width: 63.1879%\">Nonapeptid receptorok agyi eloszl\u00e1sa \u00e9s a szaporod\u00e1si viselked\u00e9sek k\u00f6z\u00f6tti \u00f6sszef\u00fcgg\u00e9sek vizsg\u00e1lata madarakon<\/td>\n<td style=\"width: 73.0707%\">Dr. Zachar Gergely tud. munkat\u00e1rs, PhD<\/td>\n<\/tr>\n<tr>\n<td style=\"width: 63.1879%\">Excitatorikus aminosav neurotranszmitterek v\u00e1ltoz\u00e1sai a baz\u00e1lis ganglionokban tanul\u00e1s, t\u00e1pl\u00e1lkoz\u00e1s \u00e9s stressz hat\u00e1s\u00e1ra\u00a0<\/td>\n<td style=\"width: 73.0707%\">Dr. Zachar Gergely tudom\u00e1nyos munkat\u00e1rs, PhD \u00e9s Csillag Andr\u00e1s, egyetemi tan\u00e1r, a biol\u00f3giai tudom\u00e1nyok doktora<\/td>\n<\/tr>\n<tr>\n<td style=\"width: 63.1879%\">\u00a0A hash\u00e1rtya mesothel sejtjeinek vizsg\u00e1lata a gyullad\u00e1st k\u00f6vet\u0151 regener\u00e1ci\u00f3 sor\u00e1n<\/td>\n<td style=\"width: 73.0707%\">Dr. Zsiros Vikt\u00f3ria egyetemi adjunktus, PhD<\/td>\n<\/tr>\n<tr>\n<td style=\"width: 63.1879%\">Mesothel sejtek epitheli\u00e1lis-mesenchym\u00e1lis \u00e1talakul\u00e1s\u00e1nak vizsg\u00e1lata n\u0151st\u00e9ny patk\u00e1nyokban<\/td>\n<td style=\"width: 73.0707%\">Dr. Zsiros Vikt\u00f3ria egyetemi adjunktus, PhD<\/td>\n<\/tr>\n<tr>\n<td style=\"width: 63.1879%\">Sejtkapcsol\u00f3 strukt\u00far\u00e1k sorsa az epitheli\u00e1lis-mesenchym\u00e1lis \u00e1talakul\u00e1s sor\u00e1n mesothel sejtekben<\/td>\n<td style=\"width: 73.0707%\">Dr. Zsiros Vikt\u00f3ria egyetemi adjunktus, PhD<\/td>\n<\/tr>\n<tr>\n<td style=\"width: 63.1879%\">\n<p>A ganglion pterygopalatinum ter\u00fclet\u00e9nek k\u00e9palkot\u00f3 diagnosztik\u00e1ja \u00e9s t\u00fcnettana<\/p>\n<\/td>\n<td style=\"width: 73.0707%\">dr. Lov\u00e1sz Kolos, egyetemi tan\u00e1rseg\u00e9d<\/td>\n<\/tr>\n<tr>\n<td style=\"width: 63.1879%\">\n<p>Orvosi sz\u00f6vegek (szak)nyelvi \u00e9s orvost\u00f6rt\u00e9nelmi vizsg\u00e1lata<\/p>\n<\/td>\n<td style=\"width: 73.0707%\">dr. Lov\u00e1sz Kolos, egyetemi tan\u00e1rseg\u00e9d<\/td>\n<\/tr>\n<\/tbody>\n<\/table>\n","protected":false},"excerpt":{"rendered":"<p>Az Anat\u00f3miai, Sz\u00f6vet- \u00e9s Fejl\u0151d\u00e9stani Int\u00e9zet TDK munkac\u00edmei \u00e9s t\u00e9mavezet\u0151i TDK-munka c\u00edme T\u00e9mavezet\u0151 neve (fokozattal) Designer drogok hat\u00e1sa a fejl\u00f5d\u00f5 \u00e9s \u00e9rett idegrendszer szerkezet\u00e9re \u00e9s viselked\u00e9s-szab\u00e1lyoz\u00f3 mechanizmusaira Dr. \u00c1d\u00e1m \u00c1gota, egyetemi docens, PhD A szubventrikul\u00e1ris z\u00f3na fejl\u0151d\u00e9s\u00e9nek immunhisztok\u00e9miai k\u00f6vet\u00e9se Dr. Adorj\u00e1n Istv\u00e1n tud. munkat\u00e1rs, PhD, Dr. K\u00e1lm\u00e1n Mih\u00e1ly egyetemi tan\u00e1r, az MTA doktora (biol\u00f3gia) Cellul\u00e1ris &hellip;<\/p>\n","protected":false},"author":158,"featured_media":0,"parent":10054,"menu_order":0,"comment_status":"closed","ping_status":"closed","template":"","meta":{"_acf_changed":false,"footnotes":""},"categories":[],"tags":[],"class_list":["post-1247","page","type-page","status-publish","hentry"],"acf":[],"publishpress_future_action":{"enabled":false,"date":"1970-01-01 01:00:00","action":"","terms":[],"taxonomy":"","browser_timezone_offset":0},"_links":{"self":[{"href":"https:\/\/semmelweis.hu\/tdk\/wp-json\/wp\/v2\/pages\/1247","targetHints":{"allow":["GET"]}}],"collection":[{"href":"https:\/\/semmelweis.hu\/tdk\/wp-json\/wp\/v2\/pages"}],"about":[{"href":"https:\/\/semmelweis.hu\/tdk\/wp-json\/wp\/v2\/types\/page"}],"author":[{"embeddable":true,"href":"https:\/\/semmelweis.hu\/tdk\/wp-json\/wp\/v2\/users\/158"}],"replies":[{"embeddable":true,"href":"https:\/\/semmelweis.hu\/tdk\/wp-json\/wp\/v2\/comments?post=1247"}],"version-history":[{"count":11,"href":"https:\/\/semmelweis.hu\/tdk\/wp-json\/wp\/v2\/pages\/1247\/revisions"}],"predecessor-version":[{"id":11930,"href":"https:\/\/semmelweis.hu\/tdk\/wp-json\/wp\/v2\/pages\/1247\/revisions\/11930"}],"up":[{"embeddable":true,"href":"https:\/\/semmelweis.hu\/tdk\/wp-json\/wp\/v2\/pages\/10054"}],"wp:attachment":[{"href":"https:\/\/semmelweis.hu\/tdk\/wp-json\/wp\/v2\/media?parent=1247"}],"wp:term":[{"taxonomy":"category","embeddable":true,"href":"https:\/\/semmelweis.hu\/tdk\/wp-json\/wp\/v2\/categories?post=1247"},{"taxonomy":"post_tag","embeddable":true,"href":"https:\/\/semmelweis.hu\/tdk\/wp-json\/wp\/v2\/tags?post=1247"}],"curies":[{"name":"wp","href":"https:\/\/api.w.org\/{rel}","templated":true}]}}