{"id":1241,"date":"2016-07-29T00:00:00","date_gmt":"2016-07-28T22:00:00","guid":{"rendered":"http:\/\/semmelweis.hu\/tdk\/a-semmelweis-egyetem-kivalo-tudomanyos-diakkori-neveloje-es-a-kivalo-diakkorose-palyazat\/"},"modified":"2024-05-08T15:13:07","modified_gmt":"2024-05-08T13:13:07","slug":"a-semmelweis-egyetem-kivalo-tudomanyos-diakkori-neveloje-es-a-kivalo-diakkorose-palyazat","status":"publish","type":"page","link":"https:\/\/semmelweis.hu\/tdk\/palyazatok\/a-semmelweis-egyetem-kivalo-tudomanyos-diakkori-neveloje-es-a-kivalo-diakkorose-palyazat\/","title":{"rendered":"A Semmelweis Egyetem Kiv\u00e1l\u00f3 Tudom\u00e1nyos Di\u00e1kk\u00f6ri Nevel\u0151je \u00e9s a Kiv\u00e1l\u00f3 Di\u00e1kk\u00f6r\u00f6se p\u00e1ly\u00e1zat eredm\u00e9nyei"},"content":{"rendered":"\n<p>A Tudom\u00e1nyos Di\u00e1kk\u00f6r Tan\u00e1cs p\u00e1ly\u00e1zatot hirdetett a Semmelweis Egyetem Kiv\u00e1l\u00f3 Di\u00e1kk\u00f6r\u00f6se, illetve Kiv\u00e1l\u00f3 Tudom\u00e1nyos Di\u00e1kk\u00f6ri Nevel\u0151je c\u00edm elnyer\u00e9s\u00e9re.<\/p>\n<h3>A Semmelweis Egyetem Kiv\u00e1l\u00f3 Tudom\u00e1nyos Di\u00e1kk\u00f6ri Nevel\u0151i 2013. \u00e9vben:<\/h3>\n<ul>\n<li>Dr. M\u00e1tyus P\u00e9ter, egyetemi tan\u00e1r, igazgat\u00f3<br \/><em>SE GYTK Szerves Vegytani Int\u00e9zet<\/em><\/li>\n<li>Dr. Rad\u00e1k Zsolt, d\u00e9k\u00e1n<br \/><em>SE Testnevel\u00e9si \u00e9s Sporttudom\u00e1nyi Kar<\/em><\/li>\n<li>So\u00f3sn\u00e9 Dr. Kiss Zsuzsanna, f\u0151iskolai docens<br \/><em>SE ETK, Eg\u00e9szs\u00e9gfejleszt\u00e9si \u00e9s Klinikai M\u00f3dszertani Int\u00e9zet, Eg\u00e9szs\u00e9gtudom\u00e1nyi Klinikai Tansz\u00e9k<\/em><\/li>\n<li>Dr. Szij\u00e1rt\u00f3 Attila, adjunktus<br \/><em>SE \u00c1OK I. sz. Seb\u00e9szeti Klinika<\/em><\/li>\n<li>Dr. T\u00f6r\u0151 Kl\u00e1ra Andrea, egyetemi docens<br \/><em>SE \u00c1OK Igazs\u00e1g\u00fcgyi \u00e9s Biztos\u00edt\u00e1s-orvostani Int\u00e9zet<\/em><\/li>\n<li>Dr. Windisch P\u00e9ter, egyetemi tan\u00e1r<br \/><em>SE FOK Parodontol\u00f3giai Klinika<\/em><\/li>\n<\/ul>\n<h3>A Semmelweis Egyetem Kiv\u00e1l\u00f3 Di\u00e1kk\u00f6r\u00f6sei 2013. \u00e9vben:<\/h3>\n<ul>\n<li>Dr. N\u00e9meth Bal\u00e1zs Tam\u00e1s<\/li>\n<li>Dr. Haraszti R\u00e9ka<\/li>\n<li>Dr. Czig\u00e1ny Zolt\u00e1n<\/li>\n<li>Dr. Herczeg Kata<\/li>\n<li>Dr. Orosz \u00c1d\u00e1m P\u00e9ter<\/li>\n<li>Dr. Balogh R\u00e9ka<\/li>\n<li>Dr. Syd\u00f3 N\u00f3ra<\/li>\n<li>Dr. \u00c1gg Bence K\u00e1roly<\/li>\n<li>Dr.Trimmel B\u00e1lint<\/li>\n<li>Dr. G\u00e1ti Endre<\/li>\n<\/ul>\n<p>Ez\u00faton is gratul\u00e1lunk a nyerteseknek. Jutalmukat a TDK konferencia nyit\u00f3\u00fcnneps\u00e9g\u00e9n vehetik \u00e1t.<\/p>\n<p>\u00a0<\/p>\n","protected":false},"excerpt":{"rendered":"<p>A Tudom\u00e1nyos Di\u00e1kk\u00f6r Tan\u00e1cs p\u00e1ly\u00e1zatot hirdetett a Semmelweis Egyetem Kiv\u00e1l\u00f3 Di\u00e1kk\u00f6r\u00f6se, illetve Kiv\u00e1l\u00f3 Tudom\u00e1nyos Di\u00e1kk\u00f6ri Nevel\u0151je c\u00edm elnyer\u00e9s\u00e9re. A Semmelweis Egyetem Kiv\u00e1l\u00f3 Tudom\u00e1nyos Di\u00e1kk\u00f6ri Nevel\u0151i 2013. \u00e9vben: Dr. M\u00e1tyus P\u00e9ter, egyetemi tan\u00e1r, igazgat\u00f3SE GYTK Szerves Vegytani Int\u00e9zet Dr. Rad\u00e1k Zsolt, d\u00e9k\u00e1nSE Testnevel\u00e9si \u00e9s Sporttudom\u00e1nyi Kar So\u00f3sn\u00e9 Dr. Kiss Zsuzsanna, f\u0151iskolai docensSE ETK, Eg\u00e9szs\u00e9gfejleszt\u00e9si \u00e9s Klinikai &hellip;<\/p>\n","protected":false},"author":158,"featured_media":0,"parent":1146,"menu_order":0,"comment_status":"closed","ping_status":"closed","template":"","meta":{"_acf_changed":false,"footnotes":""},"categories":[],"tags":[],"class_list":["post-1241","page","type-page","status-publish","hentry"],"acf":[],"publishpress_future_action":{"enabled":false,"date":"1970-01-01 01:00:00","action":"","terms":[],"taxonomy":"","browser_timezone_offset":0},"_links":{"self":[{"href":"https:\/\/semmelweis.hu\/tdk\/wp-json\/wp\/v2\/pages\/1241","targetHints":{"allow":["GET"]}}],"collection":[{"href":"https:\/\/semmelweis.hu\/tdk\/wp-json\/wp\/v2\/pages"}],"about":[{"href":"https:\/\/semmelweis.hu\/tdk\/wp-json\/wp\/v2\/types\/page"}],"author":[{"embeddable":true,"href":"https:\/\/semmelweis.hu\/tdk\/wp-json\/wp\/v2\/users\/158"}],"replies":[{"embeddable":true,"href":"https:\/\/semmelweis.hu\/tdk\/wp-json\/wp\/v2\/comments?post=1241"}],"version-history":[{"count":1,"href":"https:\/\/semmelweis.hu\/tdk\/wp-json\/wp\/v2\/pages\/1241\/revisions"}],"predecessor-version":[{"id":10139,"href":"https:\/\/semmelweis.hu\/tdk\/wp-json\/wp\/v2\/pages\/1241\/revisions\/10139"}],"up":[{"embeddable":true,"href":"https:\/\/semmelweis.hu\/tdk\/wp-json\/wp\/v2\/pages\/1146"}],"wp:attachment":[{"href":"https:\/\/semmelweis.hu\/tdk\/wp-json\/wp\/v2\/media?parent=1241"}],"wp:term":[{"taxonomy":"category","embeddable":true,"href":"https:\/\/semmelweis.hu\/tdk\/wp-json\/wp\/v2\/categories?post=1241"},{"taxonomy":"post_tag","embeddable":true,"href":"https:\/\/semmelweis.hu\/tdk\/wp-json\/wp\/v2\/tags?post=1241"}],"curies":[{"name":"wp","href":"https:\/\/api.w.org\/{rel}","templated":true}]}}

A Semmelweis Egyetem Kiváló Tudományos Diákköri Nevelője és a Kiváló Diákköröse pályázat eredményei

<p>A Tudományos Diákkör Tanács pályázatot hirdetett a Semmelweis Egyetem Kiváló Diákköröse, illetve Kiváló Tudományos Diákköri Nevelője cím elnyerésére.</p>
<h3>A Semmelweis Egyetem Kiváló Tudományos Diákköri Nevelői 2013. évben:</h3>
<ul>
<li>Dr. Mátyus Péter, egyetemi tanár, igazgató<br /><em>SE GYTK Szerves Vegytani Intézet</em></li>
<li>Dr. Radák Zsolt, dékán<br /><em>SE Testnevelési és Sporttudományi Kar</em></li>
<li>Soósné Dr. Kiss Zsuzsanna, főiskolai docens<br /><em>SE ETK, Egészségfejlesztési és Klinikai Módszertani Intézet, Egészségtudományi Klinikai Tanszék</em></li>
<li>Dr. Szijártó Attila, adjunktus<br /><em>SE ÁOK I. sz. Sebészeti Klinika</em></li>
<li>Dr. Törő Klára Andrea, egyetemi docens<br /><em>SE ÁOK Igazságügyi és Biztosítás-orvostani Intézet</em></li>
<li>Dr. Windisch Péter, egyetemi tanár<br /><em>SE FOK Parodontológiai Klinika</em></li>
</ul>
<h3>A Semmelweis Egyetem Kiváló Diákkörösei 2013. évben:</h3>
<ul>
<li>Dr. Németh Balázs Tamás</li>
<li>Dr. Haraszti Réka</li>
<li>Dr. Czigány Zoltán</li>
<li>Dr. Herczeg Kata</li>
<li>Dr. Orosz Ádám Péter</li>
<li>Dr. Balogh Réka</li>
<li>Dr. Sydó Nóra</li>
<li>Dr. Ágg Bence Károly</li>
<li>Dr.Trimmel Bálint</li>
<li>Dr. Gáti Endre</li>
</ul>
<p>Ezúton is gratulálunk a nyerteseknek. Jutalmukat a TDK konferencia nyitóünnepségén vehetik át.</p>
<p> </p>

<p>A Tudományos Diákkör Tanács pályázatot hirdetett a Semmelweis Egyetem Kiváló Diákköröse, illetve Kiváló Tudományos Diákköri Nevelője cím elnyerésére. A Semmelweis Egyetem Kiváló Tudományos Diákköri Nevelői 2013. évben: Dr. Mátyus Péter, egyetemi tanár, igazgatóSE GYTK Szerves Vegytani Intézet Dr. Radák Zsolt, dékánSE Testnevelési és Sporttudományi Kar Soósné Dr. Kiss Zsuzsanna, főiskolai docensSE ETK, Egészségfejlesztési és Klinikai &hellip;</p>
