{"id":1227,"date":"2016-07-29T00:00:00","date_gmt":"2016-07-28T22:00:00","guid":{"rendered":"http:\/\/semmelweis.hu\/tdk\/88-40881-php\/"},"modified":"2024-05-09T08:18:16","modified_gmt":"2024-05-09T06:18:16","slug":"88-40881-php","status":"publish","type":"page","link":"https:\/\/semmelweis.hu\/tdk\/palyazatok\/88-40881-php\/","title":{"rendered":"P\u00e1ly\u00e1zati felh\u00edv\u00e1s a Jessenius Faculty of Medicine of Comenius University (Martin, Szlov\u00e1kia) XXXIII. TDK konferenci\u00e1j\u00e1ra"},"content":{"rendered":"\n<p>A Semmelweis Egyetem Tudom\u00e1nyos Di\u00e1kk\u00f6ri Tan\u00e1csa p\u00e1ly\u00e1zatot hirdetett a <em>XXXIII. Students` Scientific Conference at Jessenius Faculty of Medicine of Comenius University <\/em>konferenci\u00e1n val\u00f3 r\u00e9szv\u00e9telre 2f\u0151 r\u00e9sz\u00e9re.<\/p>\n<div>\n<p><span><font color=\"#000000\">A konferencia id\u0151pontja:<span class=\"Apple-converted-space\"> <\/span><i>2012. m\u00e1jus 9.<\/i><\/font><\/span><\/p>\n<p><span><font color=\"#000000\"> <\/font><\/span><\/p>\n<p><span><font color=\"#000000\">A nyertesek sz\u00e1m\u00e1ra a sz\u00e1ll\u00e1s \u00e9s \u00e9tkez\u00e9s k\u00f6lts\u00e9geit vend\u00e9gl\u00e1t\u00f3nk fedezi, a kiutaz\u00e1s k\u00f6lts\u00e9geit egyetem\u00fcnk biztos\u00edtja.<\/font><\/span><\/p>\n<p><span><font color=\"#000000\"> <\/font><\/span><\/p>\n<p><b><span><font color=\"#000000\">P\u00e1ly\u00e1zati felt\u00e9telek:<\/font><\/span><\/b><\/p>\n<ul>\n<li>\n<div class=\"MsoNormal\"><span><font color=\"#000000\">akt\u00edv hallgat\u00f3i jogviszony a Semmelweis Egyetemen<\/font><\/span><\/div>\n<li>\n<div class=\"MsoNormal\"><span><font color=\"#000000\">a 2012. \u00e9vi SE TDK-konferenci\u00e1n d\u00edjat nyert<\/font><\/span><\/div>\n<li>\n<div class=\"MsoNormal\"><span><font color=\"#000000\">TDK-konferenci\u00e1n d\u00edjat nyert anyaga r\u00e9sze a k\u00fclf\u00f6ldi kongresszuson bemutatand\u00f3 el\u0151ad\u00e1snak<\/font><\/span><\/div>\n<li>\n<div class=\"MsoNormal\"><span><font color=\"#000000\">legal\u00e1bb k\u00f6z\u00e9pfok\u00fa angol nyelvvizsga<\/font><\/span><\/div>\n<li>\n<div class=\"MsoNormal\"><span><font color=\"#000000\">a moszkvai p\u00e1ly\u00e1zaton nyertes hallgat\u00f3k nem nevezhetnek<\/font><\/span><\/div>\n<\/li>\n<\/ul>\n<p><span><font color=\"#000000\"> <\/font><\/span><\/p>\n<p><b><span><font color=\"#000000\">Beny\u00fajtand\u00f3 dokumentumok:<\/font><\/span><\/b><\/p>\n<ul>\n<li>\n<div class=\"MsoNormal\"><span><font color=\"#000000\">r\u00f6vid szakmai \u00f6n\u00e9letrajz (magyar nyelv\u0171)<\/font><\/span><\/div>\n<li>\n<div class=\"MsoNormal\"><span><font color=\"#000000\">az eddigi tudom\u00e1nyos tev\u00e9kenys\u00e9g v\u00e1zlatos felsorol\u00e1sa<\/font><\/span><\/div>\n<li>\n<div class=\"MsoNormal\"><span><font color=\"#000000\">motiv\u00e1ci\u00f3s lev\u00e9l (magyar nyelv\u0171)<\/font><\/span><\/div>\n<li>\n<div class=\"MsoNormal\"><span><font color=\"#000000\">nyelvvizsga m\u00e1solata<\/font><\/span><\/div>\n<li>\n<div class=\"MsoNormal\"><span><font color=\"#000000\">angol nyelv\u0171 absztrakt <a href=\"https:\/\/semmelweis.hu\/php_images\/2012.felhivas.JPG-428x600.jpg\">(formai k\u00f6vetelm\u00e9nyek)<\/a><\/font><\/span><\/div>\n<\/li>\n<\/ul>\n<p><span><font color=\"#000000\"> <\/font><\/span><\/p>\n<p><b><span><font color=\"#000000\">A p\u00e1ly\u00e1zat beny\u00fajt\u00e1si hat\u00e1rideje:<\/font><\/span><\/b><\/p>\n<ul>\n<li>\n<div class=\"MsoNormal\"><span><font color=\"#000000\">2012. \u00e1prilis 5. (cs\u00fct\u00f6rt\u00f6k) 15 \u00f3ra<\/font><\/span><\/div>\n<\/li>\n<\/ul>\n<p><span><font color=\"#000000\"> <\/font><\/span><\/p>\n<p><b><span><font color=\"#000000\">A p\u00e1ly\u00e1zatok beny\u00fajt\u00e1s\u00e1nak m\u00f3dja:<\/font><\/span><\/b><\/p>\n<ul>\n<li>\n<div class=\"MsoNormal\"><span><font color=\"#000000\">Szem\u00e9lyesen Orosz Nikoletta koordin\u00e1tor r\u00e9sz\u00e9re (C\u00edm: Nagyv\u00e1rad t\u00e9ri Elm\u00e9leti T\u00f6mb, 1089 Budapest, Nagyv\u00e1rad t\u00e9r 4. fszt. 4.)<\/font><\/span><\/div>\n<li>\n<div class=\"MsoNormal\"><span><font color=\"#000000\">K\u00e9rj\u00fck, hogy a beadott p\u00e1ly\u00e1zatokat elektronikus \u00faton is k\u00fcldj\u00e9k be a<\/font><font color=\"#000000\"><a href=\"mailto:semmelweis.tdk@gmail.com\">semmelweis.tdk@gmail.com<\/a><span class=\"Apple-converted-space\"> <\/span><\/font><font color=\"#000000\">e-mail c\u00edmre.<\/font><\/span><\/div>\n<\/li>\n<\/ul>\n<p><span><font color=\"#000000\"> <\/font><\/span><\/p>\n<p><span><font color=\"#000000\"><\/font><\/span><\/p>\n<p><span><font color=\"#000000\"> <\/p>\n<p><span><font color=\"#000000\"><\/font><\/span><\/p>\n<p><\/font> <\/p>\n<p><font color=\"#000000\"><\/font><\/p>\n<p><i><span><font color=\"#000000\"><\/font><\/span><\/i> <\/p>\n<p><span><font color=\"#000000\">A kiv\u00e1lasztott hallgat\u00f3k a <a href=\"http:\/\/www.jfmed.uniba.sk\/index.php?id=2148\">http:\/\/www.jfmed.uniba.sk\/index.php?id=2148<\/a><span class=\"Apple-converted-space\"> <\/span><\/font><font color=\"#000000\">linken jelentkezhetnek a konferenci\u00e1ra.<\/font><\/span><\/p>\n<p><span><font color=\"#000000\">Jelentkez\u00e9si hat\u00e1rid\u0151:<i><span class=\"Apple-converted-space\"> <\/span>2012. \u00e1prilis 12.(cs\u00fct\u00f6rt\u00f6k)<\/i><\/font><\/span><\/p>\n<p><\/span><\/div>\n<p><\/TD><\/TR> <\/p>\n","protected":false},"excerpt":{"rendered":"<p>A Semmelweis Egyetem Tudom\u00e1nyos Di\u00e1kk\u00f6ri Tan\u00e1csa p\u00e1ly\u00e1zatot hirdetett a XXXIII. Students` Scientific Conference at Jessenius Faculty of Medicine of Comenius University konferenci\u00e1n val\u00f3 r\u00e9szv\u00e9telre 2f\u0151 r\u00e9sz\u00e9re. A konferencia id\u0151pontja: 2012. m\u00e1jus 9. A nyertesek sz\u00e1m\u00e1ra a sz\u00e1ll\u00e1s \u00e9s \u00e9tkez\u00e9s k\u00f6lts\u00e9geit vend\u00e9gl\u00e1t\u00f3nk fedezi, a kiutaz\u00e1s k\u00f6lts\u00e9geit egyetem\u00fcnk biztos\u00edtja. P\u00e1ly\u00e1zati felt\u00e9telek: akt\u00edv hallgat\u00f3i jogviszony a Semmelweis Egyetemen &hellip;<\/p>\n","protected":false},"author":158,"featured_media":0,"parent":1146,"menu_order":0,"comment_status":"closed","ping_status":"closed","template":"","meta":{"_acf_changed":false,"footnotes":""},"categories":[],"tags":[],"class_list":["post-1227","page","type-page","status-publish","hentry"],"acf":[],"publishpress_future_action":{"enabled":false,"date":"1970-01-01 01:00:00","action":"","terms":[],"taxonomy":"","browser_timezone_offset":0},"_links":{"self":[{"href":"https:\/\/semmelweis.hu\/tdk\/wp-json\/wp\/v2\/pages\/1227","targetHints":{"allow":["GET"]}}],"collection":[{"href":"https:\/\/semmelweis.hu\/tdk\/wp-json\/wp\/v2\/pages"}],"about":[{"href":"https:\/\/semmelweis.hu\/tdk\/wp-json\/wp\/v2\/types\/page"}],"author":[{"embeddable":true,"href":"https:\/\/semmelweis.hu\/tdk\/wp-json\/wp\/v2\/users\/158"}],"replies":[{"embeddable":true,"href":"https:\/\/semmelweis.hu\/tdk\/wp-json\/wp\/v2\/comments?post=1227"}],"version-history":[{"count":1,"href":"https:\/\/semmelweis.hu\/tdk\/wp-json\/wp\/v2\/pages\/1227\/revisions"}],"predecessor-version":[{"id":10182,"href":"https:\/\/semmelweis.hu\/tdk\/wp-json\/wp\/v2\/pages\/1227\/revisions\/10182"}],"up":[{"embeddable":true,"href":"https:\/\/semmelweis.hu\/tdk\/wp-json\/wp\/v2\/pages\/1146"}],"wp:attachment":[{"href":"https:\/\/semmelweis.hu\/tdk\/wp-json\/wp\/v2\/media?parent=1227"}],"wp:term":[{"taxonomy":"category","embeddable":true,"href":"https:\/\/semmelweis.hu\/tdk\/wp-json\/wp\/v2\/categories?post=1227"},{"taxonomy":"post_tag","embeddable":true,"href":"https:\/\/semmelweis.hu\/tdk\/wp-json\/wp\/v2\/tags?post=1227"}],"curies":[{"name":"wp","href":"https:\/\/api.w.org\/{rel}","templated":true}]}}