{"id":11317,"date":"2024-12-18T12:18:06","date_gmt":"2024-12-18T11:18:06","guid":{"rendered":"https:\/\/semmelweis.hu\/tdk\/?page_id=11317"},"modified":"2024-12-18T12:18:06","modified_gmt":"2024-12-18T11:18:06","slug":"habilitacios-palyazat","status":"publish","type":"page","link":"https:\/\/semmelweis.hu\/tdk\/palyazatok\/habilitacios-palyazat\/","title":{"rendered":"Habilit\u00e1ci\u00f3s p\u00e1ly\u00e1zat"},"content":{"rendered":"<div style=\"text-align: justify\" data-olk-copy-source=\"MessageBody\">A Habilit\u00e1ci\u00f3s p\u00e1ly\u00e1zatokhoz t\u00f6rt\u00e9n\u0151 tehets\u00e9ggondoz\u00e1s igazol\u00e1s\u00e1nak ki\u00e1ll\u00edt\u00e1s\u00e1ban a TDT seg\u00edts\u00e9get ny\u00fajt. Az igazol\u00e1sok sor\u00e1n a TDT az adatok \u00f6sszegy\u0171jt\u00e9s\u00e9ben nem, csak az adatok ellen\u0151rz\u00e9s\u00e9ben \u00e9s hiteles\u00edt\u00e9s\u00e9ben tud seg\u00edts\u00e9get ny\u00fajtani.<\/div>\n<div data-olk-copy-source=\"MessageBody\">\u00a0<\/div>\n<div style=\"text-align: justify\" data-olk-copy-source=\"MessageBody\">A sz\u00fcks\u00e9ges adatok az igazol\u00e1shoz a k\u00f6vetkez\u0151k:<\/div>\n<ul data-editing-info=\"{&quot;applyListStyleFromLevel&quot;:true}\">\n<li>\n<div>TDK hallgat\u00f3 neve, TDK munka kezdete-v\u00e9ge (t\u00e9ma)<\/div>\n<\/li>\n<li>\n<div>&#8222;SE TDK&#8221;, &#8222;OTDK&#8221;, &#8222;Semmelweis International Students\u2019 Conference&#8221; konferenci\u00e1kon el\u0151ad\u00f3 hallgat\u00f3 neve, a r\u00e9szv\u00e9tel \u00e9ve, helyez\u00e9se (el\u0151ad\u00e1s c\u00edme)<\/div>\n<\/li>\n<li>\n<div>Rektori p\u00e1lyamunk\u00e1t beny\u00fajt\u00f3 hallgat\u00f3 neve, \u00e9ve, helyez\u00e9se (c\u00edm)<\/div>\n<\/li>\n<\/ul>\n<div style=\"text-align: justify\">Egy\u00e9b konferenci\u00e1k igazol\u00e1s\u00e1ra nincs m\u00f3dunk!<\/div>\n<div style=\"text-align: justify\">Az ellen\u0151rz\u00e9st a TDT 10 munkanapos hat\u00e1rid\u0151vel tudja v\u00e1llalni. A sz\u00fcks\u00e9ges adatokat szerkeszthet\u0151, sz\u00f6veges form\u00e1tumban k\u00e9rj\u00fck megk\u00fcldeni a <a id=\"LPlnkOWA2b5a5b94-f46d-7bc4-88a6-d3a2e7cc1da7\" href=\"mailto:tudomanyos.diakkor@semmelweis.hu\">tudomanyos.diakkor@semmelweis.hu<\/a>\u00a0e-mail c\u00edmre.<\/div>\n","protected":false},"excerpt":{"rendered":"<p>A Habilit\u00e1ci\u00f3s p\u00e1ly\u00e1zatokhoz t\u00f6rt\u00e9n\u0151 tehets\u00e9ggondoz\u00e1s igazol\u00e1s\u00e1nak ki\u00e1ll\u00edt\u00e1s\u00e1ban a TDT seg\u00edts\u00e9get ny\u00fajt. Az igazol\u00e1sok sor\u00e1n a TDT az adatok \u00f6sszegy\u0171jt\u00e9s\u00e9ben nem, csak az adatok ellen\u0151rz\u00e9s\u00e9ben \u00e9s hiteles\u00edt\u00e9s\u00e9ben tud seg\u00edts\u00e9get ny\u00fajtani. \u00a0 A sz\u00fcks\u00e9ges adatok az igazol\u00e1shoz a k\u00f6vetkez\u0151k: TDK hallgat\u00f3 neve, TDK munka kezdete-v\u00e9ge (t\u00e9ma) &#8222;SE TDK&#8221;, &#8222;OTDK&#8221;, &#8222;Semmelweis International Students\u2019 Conference&#8221; konferenci\u00e1kon el\u0151ad\u00f3 hallgat\u00f3 neve, &hellip;<\/p>\n","protected":false},"author":102422,"featured_media":0,"parent":1146,"menu_order":0,"comment_status":"closed","ping_status":"closed","template":"","meta":{"_acf_changed":false,"footnotes":""},"categories":[],"tags":[],"class_list":["post-11317","page","type-page","status-publish","hentry"],"acf":[],"publishpress_future_action":{"enabled":false,"date":"1970-01-01 01:00:00","action":"","terms":[],"taxonomy":"","browser_timezone_offset":0},"_links":{"self":[{"href":"https:\/\/semmelweis.hu\/tdk\/wp-json\/wp\/v2\/pages\/11317","targetHints":{"allow":["GET"]}}],"collection":[{"href":"https:\/\/semmelweis.hu\/tdk\/wp-json\/wp\/v2\/pages"}],"about":[{"href":"https:\/\/semmelweis.hu\/tdk\/wp-json\/wp\/v2\/types\/page"}],"author":[{"embeddable":true,"href":"https:\/\/semmelweis.hu\/tdk\/wp-json\/wp\/v2\/users\/102422"}],"replies":[{"embeddable":true,"href":"https:\/\/semmelweis.hu\/tdk\/wp-json\/wp\/v2\/comments?post=11317"}],"version-history":[{"count":5,"href":"https:\/\/semmelweis.hu\/tdk\/wp-json\/wp\/v2\/pages\/11317\/revisions"}],"predecessor-version":[{"id":11323,"href":"https:\/\/semmelweis.hu\/tdk\/wp-json\/wp\/v2\/pages\/11317\/revisions\/11323"}],"up":[{"embeddable":true,"href":"https:\/\/semmelweis.hu\/tdk\/wp-json\/wp\/v2\/pages\/1146"}],"wp:attachment":[{"href":"https:\/\/semmelweis.hu\/tdk\/wp-json\/wp\/v2\/media?parent=11317"}],"wp:term":[{"taxonomy":"category","embeddable":true,"href":"https:\/\/semmelweis.hu\/tdk\/wp-json\/wp\/v2\/categories?post=11317"},{"taxonomy":"post_tag","embeddable":true,"href":"https:\/\/semmelweis.hu\/tdk\/wp-json\/wp\/v2\/tags?post=11317"}],"curies":[{"name":"wp","href":"https:\/\/api.w.org\/{rel}","templated":true}]}}