{"id":10978,"date":"2024-07-22T12:55:16","date_gmt":"2024-07-22T10:55:16","guid":{"rendered":"https:\/\/semmelweis.hu\/tdk\/?page_id=10978"},"modified":"2024-07-25T08:17:37","modified_gmt":"2024-07-25T06:17:37","slug":"kozepiskolasok-tdk-munkaja","status":"publish","type":"page","link":"https:\/\/semmelweis.hu\/tdk\/a-tudomanyos-diakkorrol\/kozepiskolasok-tdk-munkaja\/","title":{"rendered":"K\u00f6z\u00e9piskol\u00e1sok TDK munk\u00e1ja"},"content":{"rendered":"<h1>Hogyan lesz valaki tagja a Tudom\u00e1nyos Di\u00e1kk\u00f6rnek k\u00f6z\u00e9piskol\u00e1sk\u00e9nt?<\/h1>\n<h5>TDK munka:<\/h5>\n<p style=\"text-align: left;\">A tudom\u00e1nyos di\u00e1kk\u00f6r (TDK) keret\u00e9ben a kiemelked\u0151 oktat\u00f3k \u00e9s kutat\u00f3k mentor-tan\u00edtv\u00e1ny m\u0171helymunk\u00e1n kereszt\u00fcl seg\u00edtik a tehets\u00e9ges di\u00e1kokat \u00e9s hallgat\u00f3kat az els\u0151 tudom\u00e1nyos \u00e9lm\u00e9nyeikhez a tanulm\u00e1nyaik sor\u00e1n.<br \/>\nEnnek elkezd\u00e9s\u00e9hez az \u00e9rdekl\u0151d\u00e9si k\u00f6r\u00f6dnek megfelel\u0151 kutat\u00f3helyen jelezd kutat\u00e1si sz\u00e1nd\u00e9kodat a t\u00e9mavezet\u0151n\u00e9l vagy tutorn\u00e1l. TDK munk\u00e1dr\u00f3l a t\u00e9mavezet\u0151 vagy tutor k\u00f6teles a Tudom\u00e1nyos Di\u00e1kk\u00f6ri Tan\u00e1csot (TDT) t\u00e1j\u00e9koztatni (TDK hallgat\u00f3k \u00e9venk\u00e9nti lejelent\u00e9se).<\/p>\n<p style=\"padding-left: 40px; text-align: center;\"><a class=\"btn btn-secondary\" href=\"https:\/\/semmelweis.hu\/tdk\/tdk-temak-es-temavezetok\/\" target=\"null\" rel=\"noopener\">TDK t\u00e9m\u00e1k \u00e9s t\u00e9mavezet\u0151k<\/a><\/p>\n<p>A TDT adatb\u00e1zist vezet a TDK munk\u00e1t v\u00e9gz\u0151 di\u00e1kokr\u00f3l (hol v\u00e9gzi a TDK munk\u00e1t, mikor kezdte, t\u00e1mogatott programon bel\u00fcl vagy \u00f6n\u00e1ll\u00f3an kezdte el a kutat\u00e1st), mely a konferencia r\u00e9szv\u00e9tel \u00e9s az egyetemi sz\u00f3beli felv\u00e9teli kapcs\u00e1n az al\u00e1bbiak szerint sz\u00fcks\u00e9ges: <br \/>\nAz egyetemi felv\u00e9teli besz\u00e9lget\u00e9s sor\u00e1n el\u0151nyt jelenthet a TDK munk\u00e1ban val\u00f3 r\u00e9szv\u00e9tel, azonban t\u00f6bbletpontot nem kap \u00e9rte a jelentkez\u0151.<br \/>\nA TDK konferenci\u00e1n t\u00f6rt\u00e9n\u0151 indul\u00e1shoz sz\u00fcks\u00e9ges, hogy a hallgat\u00f3\/di\u00e1k a szab\u00e1lyzatnak megfelel\u0151en minimum 1 \u00e9ve m\u00e1r v\u00e9gezzen TDK munk\u00e1t (pontos r\u00e9szletek\u00e9rt l\u00e1sd: <a href=\"https:\/\/semmelweis.hu\/tdk\/tudomanyos-diakkori-konferenciak\/eves-tdk-konferencia\/reszveteli-informaciok\/\" target=\"_blank\" rel=\"noopener\">R\u00e9szv\u00e9teli inform\u00e1ci\u00f3k<\/a>).<\/p>\n<p><a href=\"https:\/\/semmelweis.hu\/tdk\/files\/2024\/07\/kerelem_tdk-munka-elkezdese-kozepiskolasoknak.docx\" target=\"_blank\" rel=\"noopener\">K\u00e9relem TDK munk\u00e1ra vonatkoz\u00f3an k\u00f6z\u00e9piskol\u00e1sok sz\u00e1m\u00e1ra<\/a> (let\u00f6lthet\u0151 dokumentum)<\/p>\n<h5>TDK konferencia:<\/h5>\n<p>A Semmelweis Egyetemen \u00e9vente megrendezett Tudom\u00e1nyos Di\u00e1kk\u00f6ri Konferencia c\u00e9lja, hogy a tudom\u00e1nyos munka ir\u00e1nt \u00e9rdekl\u0151d\u0151 hallgat\u00f3k \u00e9s di\u00e1kok bemutathass\u00e1k kutat\u00e1si eredm\u00e9nyeiket.<\/p>\n<p>R\u00e9szleteket l\u00e1sd: <a href=\"https:\/\/semmelweis.hu\/tdk\/tudomanyos-diakkori-konferenciak\/eves-tdk-konferencia\/\" target=\"_blank\" rel=\"noopener\">Egyetemi TDK Konferencia<\/a>.<\/p>\n<p>K\u00f6z\u00e9piskol\u00e1sok sz\u00e1m\u00e1ra a TDK Konferenci\u00e1ra t\u00f6rt\u00e9n\u0151 <strong>jelentkez\u00e9s<\/strong> az egyetemi hallgat\u00f3kkal hasonl\u00f3 m\u00f3don \u00e9s azonos id\u0151ben t\u00f6rt\u00e9nik (honlapon kereszt\u00fcl absztrakt felt\u00f6lt\u00e9ssel, november v\u00e9g\u00e9n \u2013 december elej\u00e9n).<\/p>\n<p>A Konferenci\u00e1n val\u00f3 <strong>r\u00e9szv\u00e9tel<\/strong> az egyetemi hallgat\u00f3kkal k\u00f6z\u00f6s szekci\u00f3kban, adott l\u00e9tsz\u00e1m feletti jelentkez\u00e9s eset\u00e9n k\u00fcl\u00f6n szekci\u00f3ban t\u00f6rt\u00e9nik. A di\u00e1kok kutat\u00f3munk\u00e1jukat el\u0151ad\u00e1s form\u00e1j\u00e1ban mutatj\u00e1k be (az egyetemi hallgat\u00f3kra is vonatkoz\u00f3 szakmai \u00e9s formai k\u00f6vetelm\u00e9nyek \u00e9s szab\u00e1lyok alapj\u00e1n). A k\u00f6z\u00e9piskol\u00e1s di\u00e1kok \u201ereview\u201d form\u00e1tum\u00fa kutat\u00f3munk\u00e1val is jelentkezhetnek, amennyiben az megfelel\u0151 min\u0151s\u00e9g\u0171 \u00e9s kell\u0151 alaposs\u00e1g\u00fa.<\/p>\n<p>A k\u00f6z\u00e9piskol\u00e1s di\u00e1kok el\u0151ad\u00e1sa nem ker\u00fcl pontoz\u00e1sra, a versenyben nem vesznek r\u00e9szt, azonban a d\u00edj\u00e1tad\u00f3 \u00fcnneps\u00e9gen el\u0151ad\u00e1suk\u00e9rt elismer\u0151 oklev\u00e9lben r\u00e9szes\u00fclnek, melyet szem\u00e9lyesen vehetnek \u00e1t.<\/p>\n<p>El\u0151ad\u00f3nak a 2025\/2026-os tan\u00e9vt\u0151l a legal\u00e1bb 1 f\u00e9l\u00e9ves TDT regisztr\u00e1ci\u00f3val rendelkez\u0151k jelentkezhetnek a konferenci\u00e1ra. Id\u00e9n (2024\/2025-\u00f6s tan\u00e9v) az absztrakt bek\u00fcld\u00e9s idej\u00e9n nem sz\u00fcks\u00e9ges egy teljes f\u00e9l\u00e9v TDK munk\u00e1val rendelkezni, azonban a hallgat\u00f3k \u00e9s di\u00e1kok TDT adatb\u00e1zisban val\u00f3 regisztr\u00e1l\u00e1sa sz\u00fcks\u00e9ges \u00e9s k\u00f6telez\u0151 a konferenci\u00e1ra t\u00f6rt\u00e9n\u0151 jelentkez\u00e9shez.<\/p>\n<h5>OTDK konferencia:<\/h5>\n<p>A k\u00e9t\u00e9vente megrendezett Orsz\u00e1gos Tudom\u00e1nyos Di\u00e1kk\u00f6ri Konferencia (OTDK) Magyarorsz\u00e1g legnagyobb hallgat\u00f3i tudom\u00e1nyos rendezv\u00e9nye.<\/p>\n<p>R\u00e9szleteket l\u00e1sd: <a href=\"https:\/\/otdk.hu\/\" target=\"_blank\" rel=\"noopener\">Orsz\u00e1gos Tudom\u00e1nyos Di\u00e1kk\u00f6ri Konferencia<\/a>.<\/p>\n<p>A k\u00f6z\u00e9piskol\u00e1s di\u00e1kok a <a href=\"https:\/\/www.kutdiak.hu\/hu\/rendezvenyek\/tudok\/\" target=\"_blank\" rel=\"noopener\">Tudom\u00e1nyos Di\u00e1kk\u00f6r\u00f6k Orsz\u00e1gos Konferenci\u00e1j\u00e1n<\/a> kereszt\u00fcl tudnak kvalifik\u00e1lni az Orsz\u00e1gos Tudom\u00e1nyos Di\u00e1kk\u00f6ri Konferenci\u00e1ra.<\/p>\n<p>A KutDi\u00e1kban saj\u00e1t kutat\u00e1sodon kereszt\u00fcl olyan tud\u00e1st \u00e9s gondolkod\u00e1sm\u00f3dot saj\u00e1t\u00edthatsz el, amely az iskolapadb\u00f3l el\u00e9rhetetlen.<\/p>\n<p style=\"text-align: center;\"><strong><a href=\"https:\/\/www.kutdiak.hu\/hu\/\" target=\"_blank\" rel=\"noopener\">Ismerd meg \u0151ket jobban!<\/a><\/strong><\/p>\n<p>Az OTDK konferenci\u00e1n r\u00e9sztvev\u0151 di\u00e1kok, az egyetemi felv\u00e9teli elj\u00e1r\u00e1s sor\u00e1n plusz pontot kaphatnak, amelynek r\u00e9szletei a felv\u00e9teli t\u00e1j\u00e9koztat\u00f3ban tal\u00e1lhat\u00f3k meg.<\/p>\n<h5>TDK t\u00e9m\u00e1k \u00e9s t\u00e9mavezet\u0151k a Semmelweis Egyetemen Kari bont\u00e1sban:<\/h5>\n<p><a href=\"https:\/\/semmelweis.hu\/tdk\/tdk-temak-es-temavezetok\/aok\/\" target=\"_blank\" rel=\"noopener\">\u00c1ltal\u00e1nos Orvostudom\u00e1nyi Kar<\/a><\/p>\n<p><a href=\"https:\/\/semmelweis.hu\/tdk\/tdk-temak-es-temavezetok\/fok\/\" target=\"_blank\" rel=\"noopener\">Fogorvostudom\u00e1nyi Kar<\/a><\/p>\n<p><a href=\"https:\/\/semmelweis.hu\/tdk\/tdk-temak-es-temavezetok\/gytk\/\" target=\"_blank\" rel=\"noopener\">Gy\u00f3gyszer\u00e9sztudom\u00e1nyi Kar<\/a><\/p>\n<p><a href=\"https:\/\/semmelweis.hu\/etk\/tudomany\/tudomanyos-diakkor-tdk\/\" target=\"_blank\" rel=\"noopener\">Eg\u00e9szs\u00e9gtudom\u00e1nyi Kar<\/a><\/p>\n<p><a href=\"https:\/\/semmelweis.hu\/tdk\/tdk-temak-es-temavezetok\/ekk\/\" target=\"_blank\" rel=\"noopener\">Eg\u00e9szs\u00e9g\u00fcgyi K\u00f6zszolg\u00e1lati Kar<\/a><\/p>\n<p><a href=\"https:\/\/semmelweis.hu\/tdk\/tdk-temak-es-temavezetok\/peto-andras-kar-tdk-temak\/\" target=\"_blank\" rel=\"noopener\">Pet\u0151 Andr\u00e1s Kar<\/a><\/p>\n<h5>Kapcsolat:<\/h5>\n<p>Felmer\u00fcl\u0151 k\u00e9rd\u00e9s, k\u00e9r\u00e9s eset\u00e9n Dr. Babity M\u00e1t\u00e9 TDT titk\u00e1rt keresd bizalommal e-mailen kereszt\u00fcl: <a href=\"mailto:tudomanyos.diakkor@semmelweis.hu\">tudomanyos.diakkor@semmelweis.hu<\/a><\/p>\n","protected":false},"excerpt":{"rendered":"<p>Hogyan lesz valaki tagja a Tudom\u00e1nyos Di\u00e1kk\u00f6rnek k\u00f6z\u00e9piskol\u00e1sk\u00e9nt? TDK munka: A tudom\u00e1nyos di\u00e1kk\u00f6r (TDK) keret\u00e9ben a kiemelked\u0151 oktat\u00f3k \u00e9s kutat\u00f3k mentor-tan\u00edtv\u00e1ny m\u0171helymunk\u00e1n kereszt\u00fcl seg\u00edtik a tehets\u00e9ges di\u00e1kokat \u00e9s hallgat\u00f3kat az els\u0151 tudom\u00e1nyos \u00e9lm\u00e9nyeikhez a tanulm\u00e1nyaik sor\u00e1n. Ennek elkezd\u00e9s\u00e9hez az \u00e9rdekl\u0151d\u00e9si k\u00f6r\u00f6dnek megfelel\u0151 kutat\u00f3helyen jelezd kutat\u00e1si sz\u00e1nd\u00e9kodat a t\u00e9mavezet\u0151n\u00e9l vagy tutorn\u00e1l. TDK munk\u00e1dr\u00f3l a t\u00e9mavezet\u0151 vagy &hellip;<\/p>\n","protected":false},"author":102365,"featured_media":0,"parent":4119,"menu_order":2,"comment_status":"closed","ping_status":"closed","template":"","meta":{"_acf_changed":false,"footnotes":""},"categories":[],"tags":[],"class_list":["post-10978","page","type-page","status-publish","hentry"],"acf":[],"publishpress_future_action":{"enabled":false,"date":"1970-01-01 01:00:00","action":"","terms":[],"taxonomy":"","browser_timezone_offset":0},"_links":{"self":[{"href":"https:\/\/semmelweis.hu\/tdk\/wp-json\/wp\/v2\/pages\/10978","targetHints":{"allow":["GET"]}}],"collection":[{"href":"https:\/\/semmelweis.hu\/tdk\/wp-json\/wp\/v2\/pages"}],"about":[{"href":"https:\/\/semmelweis.hu\/tdk\/wp-json\/wp\/v2\/types\/page"}],"author":[{"embeddable":true,"href":"https:\/\/semmelweis.hu\/tdk\/wp-json\/wp\/v2\/users\/102365"}],"replies":[{"embeddable":true,"href":"https:\/\/semmelweis.hu\/tdk\/wp-json\/wp\/v2\/comments?post=10978"}],"version-history":[{"count":7,"href":"https:\/\/semmelweis.hu\/tdk\/wp-json\/wp\/v2\/pages\/10978\/revisions"}],"predecessor-version":[{"id":10994,"href":"https:\/\/semmelweis.hu\/tdk\/wp-json\/wp\/v2\/pages\/10978\/revisions\/10994"}],"up":[{"embeddable":true,"href":"https:\/\/semmelweis.hu\/tdk\/wp-json\/wp\/v2\/pages\/4119"}],"wp:attachment":[{"href":"https:\/\/semmelweis.hu\/tdk\/wp-json\/wp\/v2\/media?parent=10978"}],"wp:term":[{"taxonomy":"category","embeddable":true,"href":"https:\/\/semmelweis.hu\/tdk\/wp-json\/wp\/v2\/categories?post=10978"},{"taxonomy":"post_tag","embeddable":true,"href":"https:\/\/semmelweis.hu\/tdk\/wp-json\/wp\/v2\/tags?post=10978"}],"curies":[{"name":"wp","href":"https:\/\/api.w.org\/{rel}","templated":true}]}}