{"id":10598,"date":"2024-06-14T10:00:43","date_gmt":"2024-06-14T08:00:43","guid":{"rendered":"https:\/\/semmelweis.hu\/tdk\/?page_id=10598"},"modified":"2025-02-14T00:20:13","modified_gmt":"2025-02-13T23:20:13","slug":"orszagos-tdk-konferencia","status":"publish","type":"page","link":"https:\/\/semmelweis.hu\/tdk\/tudomanyos-diakkori-konferenciak\/orszagos-tdk-konferencia\/","title":{"rendered":"Orsz\u00e1gos TDK Konferencia (OTDK)"},"content":{"rendered":"<div class=\"keretes w-100\" style=\"float: left !important;border-left: 6px solid #4D9DE0 !important;border-right: 1px solid lightgray !important;border-top: 1px solid lightgray !important;background-color: #ffff !important;border-bottom: 1px solid lightgray\">\n<p><a href=\"https:\/\/otdk.hu\/\" target=\"_blank\" rel=\"noopener\"><img loading=\"lazy\" decoding=\"async\" class=\"alignright wp-image-10599 size-medium\" src=\"https:\/\/semmelweis.hu\/tdk\/files\/2024\/06\/otdk-otdt-logo-400x210.png\" alt=\"\" width=\"400\" height=\"210\" srcset=\"https:\/\/semmelweis.hu\/tdk\/files\/2024\/06\/otdk-otdt-logo-400x210.png 400w, https:\/\/semmelweis.hu\/tdk\/files\/2024\/06\/otdk-otdt-logo.png 727w\" sizes=\"auto, (max-width: 400px) 100vw, 400px\" \/><\/a>A k\u00e9t\u00e9vente megrendezett <strong>Orsz\u00e1gos Tudom\u00e1nyos Di\u00e1kk\u00f6ri Konferencia <\/strong>(<a href=\"https:\/\/otdk.hu\/\" target=\"_blank\" rel=\"noopener\">OTDK<\/a>) Magyarorsz\u00e1g legnagyobb hallgat\u00f3i tudom\u00e1nyos rendezv\u00e9nye. Szervez\u0151je az <a href=\"https:\/\/otdk.hu\/otdt\" target=\"_blank\" rel=\"noopener\">Orsz\u00e1gos Tudom\u00e1nyos Di\u00e1kk\u00f6ri Tan\u00e1cs<\/a>. A rendezv\u00e9nysorozat t\u00f6bb mint hetven \u00e9ves m\u00faltra tekint vissza.\u00a0A Semmelweis Egyetem azon hallgat\u00f3i vehetnek r\u00e9szt az OTDK-n, akik erre az <a href=\"https:\/\/semmelweis.hu\/tdk\/tudomanyos-diakkori-konferenciak\/eves-tdk-konferencia\/\">egyetem Tudom\u00e1nyos Di\u00e1kk\u00f6ri Konferenci\u00e1j\u00e1n<\/a> jogosults\u00e1got szereztek.<\/p>\n<\/div>\n<h4 style=\"text-align: center\">A 37. OTDK Orvosi szekci\u00f3j\u00e1nak id\u0151pontja: 2025. \u00e1prilis 22\u201325.<br \/>\nA konferenci\u00e1t a P\u00e9csi Tudom\u00e1nyegyetem szervezi.\u00a0<\/h4>\n<h6 style=\"text-align: center\"><strong>Nevez\u00e9si hat\u00e1rid\u0151: 2025. febru\u00e1r 19. 16:00<\/strong>\u00a0<br \/>\n<a href=\"https:\/\/otdk.hu\/szekcio-felhivasok\/orvos-es-egeszsegtudomanyi-szekcio\" target=\"_blank\" rel=\"noopener\">https:\/\/otdk.hu\/szekcio-felhivasok\/orvos-es-egeszsegtudomanyi-szekcio<\/a><\/h6>\n<style>\n           #page-grid .card-body > .line-clamp-box.excerpt{\n        width: inherit;\n        max-width: inherit;\n        display:flex;\n        min-height: 2.4em;\n        flex-direction: column;\n        justify-content: space-around;\n        background-color: #D6E4EA;\n        min-height: 3.4rem;\n        font-family: \"Montserrat\", sans-serif;\n    }\n\n    #page-grid a:hover .card-body > .line-clamp-box.excerpt {\n        background-color: #fff;\n        color: #313B40;\n    }\n\n    #page-grid .card-body .line-clamp-box.excerpt section{\n        max-width: inherit;\n        display: -webkit-box;\n        -webkit-line-clamp: 2;\n        -webkit-box-orient: vertical;\n        overflow: hidden;\n        text-overflow: ellipsis;\n        hyphens: auto;\n        margin: auto;\n        \n    }\n    .line-clamp-box.excerpt section, .line-clamp-box.excerpt section p{\n        font-size:0.8em;\n    }\n    \n<\/style>\n    <section id=\"page-grid\">\n        \n        <div class=\"row row-cols-1 row-cols-md-2 row-cols-lg-3 no-gutters mx-0 \">    <div class =\"col  mb-2 card-wrapper\">\n        <a class=\"d-flex flex-fill card-link-warapper m-md-1\" href=\"https:\/\/semmelweis.hu\/tdk\/tudomanyos-diakkori-konferenciak\/orszagos-tdk-konferencia\/otdk\/\">\n            <div class=\"card border border-secondary se-border flex-fill\">\n                <div class=\"row no-gutters mx-0 d-flex flex-nowrap flex-md-wrap align-items-center\">\n                    <div class =\"  col-5 col-md-12  d-none  d-md-none d-md-none  bg-image  card-image justify-content-center\">\n                        <img class='wp-post-image img-fluid landscape' src='https:\/\/semmelweis.hu\/tdk\/wp-content\/themes\/se18\/dist\/images\/svg\/bg-image.svg' \/>\n                    <\/div>\n                    <div class=\"card-body  col flex-column  col-md-12 p-0\">\n                        <div class=\"line-clamp-box p-3\">\n                            <h5 class=\"ml-0 ml-sm-1 mt-2 align-items-center\"  >Aktu\u00e1lis OTDK Konferencia<\/h5>\n                        <\/div>\n                        \n                    <\/div>\n                <\/div>\n\n            <\/div>\n        <\/a>\n    <\/div>    <div class =\"col  mb-2 card-wrapper\">\n        <a class=\"d-flex flex-fill card-link-warapper m-md-1\" href=\"https:\/\/semmelweis.hu\/tdk\/tudomanyos-diakkori-konferenciak\/orszagos-tdk-konferencia\/reszveteli-informaciok\/\">\n            <div class=\"card border border-secondary se-border flex-fill\">\n                <div class=\"row no-gutters mx-0 d-flex flex-nowrap flex-md-wrap align-items-center\">\n                    <div class =\"  col-5 col-md-12  d-none  d-md-none d-md-none  bg-image  card-image justify-content-center\">\n                        <img class='wp-post-image img-fluid landscape' src='https:\/\/semmelweis.hu\/tdk\/wp-content\/themes\/se18\/dist\/images\/svg\/bg-image.svg' \/>\n                    <\/div>\n                    <div class=\"card-body  col flex-column  col-md-12 p-0\">\n                        <div class=\"line-clamp-box p-3\">\n                            <h5 class=\"ml-0 ml-sm-1 mt-2 align-items-center\"  >R\u00e9szv\u00e9teli inform\u00e1ci\u00f3k<\/h5>\n                        <\/div>\n                        \n                    <\/div>\n                <\/div>\n\n            <\/div>\n        <\/a>\n    <\/div>    <div class =\"col  mb-2 card-wrapper\">\n        <a class=\"d-flex flex-fill card-link-warapper m-md-1\" href=\"https:\/\/semmelweis.hu\/tdk\/tudomanyos-diakkori-konferenciak\/orszagos-tdk-konferencia\/korabbi-otdk-konferenciak\/\">\n            <div class=\"card border border-secondary se-border flex-fill\">\n                <div class=\"row no-gutters mx-0 d-flex flex-nowrap flex-md-wrap align-items-center\">\n                    <div class =\"  col-5 col-md-12  d-none  d-md-none d-md-none  bg-image  card-image justify-content-center\">\n                        <img class='wp-post-image img-fluid landscape' src='https:\/\/semmelweis.hu\/tdk\/wp-content\/themes\/se18\/dist\/images\/svg\/bg-image.svg' \/>\n                    <\/div>\n                    <div class=\"card-body  col flex-column  col-md-12 p-0\">\n                        <div class=\"line-clamp-box p-3\">\n                            <h5 class=\"ml-0 ml-sm-1 mt-2 align-items-center\"  >Kor\u00e1bbi OTDK Konferenci\u00e1k<\/h5>\n                        <\/div>\n                        \n                    <\/div>\n                <\/div>\n\n            <\/div>\n        <\/a>\n    <\/div>        <\/div>\n    <\/section>\n    \r\n    <div id=\"import-title\">\r\n      \r\n      <div class=\"section-row row my-2 pr-0 ml-0 mb-3\">\r\n        <div class=\"col-12 col-md-auto section-title\">\r\n          <h2 style=\"margin-top: 0;\">Kapcsol\u00f3d\u00f3 h\u00edrek<\/h2>\r\n        <\/div>\r\n        <div class=\"col section-divider px-0 mx-2 event-mobil-hidden d-none d-md-block\"><\/div>\r\n        <div class=\"col col-md-auto section-link text-uppercase px-0 event-mobil-hidden d-none d-md-block mr-5\">\r\n                      <h5 class=\"m-0\" style=\"width: fit-content;\"><a href=\"https:\/\/semmelweis.hu\/hirek\/tag\/otdk\/\" target=\"_blank\">\u00d6sszes cikk<\/a><\/h5>\r\n                  <\/div>\r\n      <\/div>\r\n        \r\n    <\/div>\r\n\r\n\r\n    <div class=\"import-posts row ml-0 mr-0\">\r\n      \r\n\r\n      \r\n\r\n        <article class=\"list-format post-158301 post type-post status-publish format-standard has-post-thumbnail hentry category-tudomany category-kiemelt tag-alhonlapokra tag-mki-alairas tag-otdk tag-tdk\">\r\n          <div class=\"row mb-2 mx-0 p-2 mr-2 mr-lg-0\" style=\"border: 1px solid #DFE3E6;\">\r\n            \r\n            <div class=\"col px-normal px-lg-0\">\r\n              <div class=\"row w-100 mx-0\">\r\n                \r\n                  <div class=\"col-12 col-lg-4 pl-0 pr-1 pr-md-2\">\r\n                    <div class=\"img-container w-100 mt-2 mt-md-0 mb-2 mb-md-0 \">\r\n                      <img loading=\"lazy\" decoding=\"async\" width=\"400\" height=\"267\" src=\"https:\/\/semmelweis.hu\/hirek\/wp-content\/blogs.dir\/2\/files\/2025\/10\/otdk_70-233-400x267.jpg\" class=\"attachment-medium size-medium wp-post-image\" alt=\"\" srcset=\"https:\/\/semmelweis.hu\/hirek\/wp-content\/blogs.dir\/2\/files\/2025\/10\/otdk_70-233-400x267.jpg 400w, https:\/\/semmelweis.hu\/hirek\/wp-content\/blogs.dir\/2\/files\/2025\/10\/otdk_70-233-900x601.jpg 900w, https:\/\/semmelweis.hu\/hirek\/wp-content\/blogs.dir\/2\/files\/2025\/10\/otdk_70-233-768x513.jpg 768w, https:\/\/semmelweis.hu\/hirek\/wp-content\/blogs.dir\/2\/files\/2025\/10\/otdk_70-233-1536x1025.jpg 1536w, https:\/\/semmelweis.hu\/hirek\/wp-content\/blogs.dir\/2\/files\/2025\/10\/otdk_70-233-2048x1367.jpg 2048w, https:\/\/semmelweis.hu\/hirek\/wp-content\/blogs.dir\/2\/files\/2025\/10\/otdk_70-233-753x503.jpg 753w, https:\/\/semmelweis.hu\/hirek\/wp-content\/blogs.dir\/2\/files\/2025\/10\/otdk_70-233-203x135.jpg 203w\" sizes=\"auto, (max-width: 400px) 100vw, 400px\" \/>                    <\/div>\r\n                  <\/div>\r\n\r\n                                <div class=\"entry-summary col-12 col-lg-8 px-0\">\r\n                  <div class=\"col-12 mb-2 px-0\">\r\n                    <h3 class=\"entry-title mb-1\"><a target=\"_blank\" href=\"https:\/\/semmelweis.hu\/hirek\/2025\/10\/02\/otdk70-emlekkituzo-elismerest-vehetett-at-a-semmelweis-tobb-oktatoja\/\">OTDK70 eml\u00e9kkit\u0171z\u0151 elismer\u00e9st vehetett \u00e1t a Semmelweis t\u00f6bb oktat\u00f3ja<\/a><\/h3>\r\n                    <h6 class=\"entry-meta text-uppercase\">\r\n                      <time class=\"mr-3\" datetime=\"2025-10-02T04:00:21+00:00\">2025. okt\u00f3ber 2.  cs\u00fct\u00f6rt\u00f6k 06:00<\/time>\r\n                    <\/h6>\r\n                  <\/div>\r\n                  <p>Az Orsz\u00e1gos Tudom\u00e1nyos Di\u00e1kk\u00f6ri Konferencia alap\u00edt\u00e1s\u00e1nak 70 \u00e9ves \u00e9vfordul\u00f3j\u00e1t \u00fcnnepelt\u00e9k a NET-ben. <\/p>\n                <\/div>\r\n              <\/div>\r\n            <\/div>\r\n          <\/div>\r\n        <\/article>\r\n        <hr \/>\r\n      \r\n\r\n        <article class=\"list-format post-152713 post type-post status-publish format-standard has-post-thumbnail hentry category-semmelweis-vilag category-kiemelt tag-alhonlapokra tag-mki-alairas tag-otdk tag-tdk\">\r\n          <div class=\"row mb-2 mx-0 p-2 mr-2 mr-lg-0\" style=\"border: 1px solid #DFE3E6;\">\r\n            \r\n            <div class=\"col px-normal px-lg-0\">\r\n              <div class=\"row w-100 mx-0\">\r\n                \r\n                  <div class=\"col-12 col-lg-4 pl-0 pr-1 pr-md-2\">\r\n                    <div class=\"img-container w-100 mt-2 mt-md-0 mb-2 mb-md-0 \">\r\n                      <img loading=\"lazy\" decoding=\"async\" width=\"400\" height=\"267\" src=\"https:\/\/semmelweis.hu\/hirek\/wp-content\/blogs.dir\/2\/files\/2025\/04\/2025.04.23_298-400x267.jpg\" class=\"attachment-medium size-medium wp-post-image\" alt=\"\" srcset=\"https:\/\/semmelweis.hu\/hirek\/wp-content\/blogs.dir\/2\/files\/2025\/04\/2025.04.23_298-400x267.jpg 400w, https:\/\/semmelweis.hu\/hirek\/wp-content\/blogs.dir\/2\/files\/2025\/04\/2025.04.23_298-900x600.jpg 900w, https:\/\/semmelweis.hu\/hirek\/wp-content\/blogs.dir\/2\/files\/2025\/04\/2025.04.23_298-768x512.jpg 768w, https:\/\/semmelweis.hu\/hirek\/wp-content\/blogs.dir\/2\/files\/2025\/04\/2025.04.23_298-1536x1024.jpg 1536w, https:\/\/semmelweis.hu\/hirek\/wp-content\/blogs.dir\/2\/files\/2025\/04\/2025.04.23_298-2048x1365.jpg 2048w, https:\/\/semmelweis.hu\/hirek\/wp-content\/blogs.dir\/2\/files\/2025\/04\/2025.04.23_298-753x502.jpg 753w, https:\/\/semmelweis.hu\/hirek\/wp-content\/blogs.dir\/2\/files\/2025\/04\/2025.04.23_298-203x135.jpg 203w\" sizes=\"auto, (max-width: 400px) 100vw, 400px\" \/>                    <\/div>\r\n                  <\/div>\r\n\r\n                                <div class=\"entry-summary col-12 col-lg-8 px-0\">\r\n                  <div class=\"col-12 mb-2 px-0\">\r\n                    <h3 class=\"entry-title mb-1\"><a target=\"_blank\" href=\"https:\/\/semmelweis.hu\/hirek\/2025\/04\/30\/dijesovel-zarta-a-37-otdk-t-a-semmelweis-egyetem\/\">D\u00edjes\u0151vel z\u00e1rta a 37. OTDK-t a Semmelweis Egyetem<\/a><\/h3>\r\n                    <h6 class=\"entry-meta text-uppercase\">\r\n                      <time class=\"mr-3\" datetime=\"2025-04-30T04:00:08+00:00\">2025. \u00e1prilis 30.  szerda 06:00<\/time>\r\n                    <\/h6>\r\n                  <\/div>\r\n                  <p>A r\u00e9sztvev\u0151 Semmelweis-hallgat\u00f3k k\u00e9tharmada t\u00e9rt haza d\u00edjjal vagy k\u00fcl\u00f6nd\u00edjjal.<\/p>\n                <\/div>\r\n              <\/div>\r\n            <\/div>\r\n          <\/div>\r\n        <\/article>\r\n        <hr \/>\r\n      \r\n\r\n        <article class=\"list-format post-134305 post type-post status-publish format-standard has-post-thumbnail hentry category-tudomany category-kiemelt tag-alhonlapokra tag-mki-alairas tag-dijak-kituntetesek tag-otdk tag-tdk tag-tdk-sorozat\">\r\n          <div class=\"row mb-2 mx-0 p-2 mr-2 mr-lg-0\" style=\"border: 1px solid #DFE3E6;\">\r\n            \r\n            <div class=\"col px-normal px-lg-0\">\r\n              <div class=\"row w-100 mx-0\">\r\n                \r\n                  <div class=\"col-12 col-lg-4 pl-0 pr-1 pr-md-2\">\r\n                    <div class=\"img-container w-100 mt-2 mt-md-0 mb-2 mb-md-0 \">\r\n                      <img loading=\"lazy\" decoding=\"async\" width=\"400\" height=\"267\" src=\"https:\/\/semmelweis.hu\/hirek\/wp-content\/blogs.dir\/2\/files\/2023\/12\/OTDK_23_0081-400x267.jpg\" class=\"attachment-medium size-medium wp-post-image\" alt=\"\" srcset=\"https:\/\/semmelweis.hu\/hirek\/wp-content\/blogs.dir\/2\/files\/2023\/12\/OTDK_23_0081-400x267.jpg 400w, https:\/\/semmelweis.hu\/hirek\/wp-content\/blogs.dir\/2\/files\/2023\/12\/OTDK_23_0081-900x600.jpg 900w, https:\/\/semmelweis.hu\/hirek\/wp-content\/blogs.dir\/2\/files\/2023\/12\/OTDK_23_0081-768x512.jpg 768w, https:\/\/semmelweis.hu\/hirek\/wp-content\/blogs.dir\/2\/files\/2023\/12\/OTDK_23_0081-1536x1024.jpg 1536w, https:\/\/semmelweis.hu\/hirek\/wp-content\/blogs.dir\/2\/files\/2023\/12\/OTDK_23_0081-2048x1366.jpg 2048w, https:\/\/semmelweis.hu\/hirek\/wp-content\/blogs.dir\/2\/files\/2023\/12\/OTDK_23_0081-753x502.jpg 753w, https:\/\/semmelweis.hu\/hirek\/wp-content\/blogs.dir\/2\/files\/2023\/12\/OTDK_23_0081-203x135.jpg 203w\" sizes=\"auto, (max-width: 400px) 100vw, 400px\" \/>                    <\/div>\r\n                  <\/div>\r\n\r\n                                <div class=\"entry-summary col-12 col-lg-8 px-0\">\r\n                  <div class=\"col-12 mb-2 px-0\">\r\n                    <h3 class=\"entry-title mb-1\"><a target=\"_blank\" href=\"https:\/\/semmelweis.hu\/hirek\/2023\/12\/13\/kituntetesek-az-egyetem-tudomanyos-diakkori-temavezetoinek-es-kutatoinak\/\">Kit\u00fcntet\u00e9sek az egyetem tudom\u00e1nyos di\u00e1kk\u00f6ri t\u00e9mavezet\u0151inek \u00e9s kutat\u00f3inak<\/a><\/h3>\r\n                    <h6 class=\"entry-meta text-uppercase\">\r\n                      <time class=\"mr-3\" datetime=\"2023-12-13T13:13:29+00:00\">2023. december 13.  szerda 14:13<\/time>\r\n                    <\/h6>\r\n                  <\/div>\r\n                  <p>Pro Scientia \u00e9s mestertan\u00e1ri arany\u00e9rmet vehettek \u00e1t kiv\u00e1l\u00f3 munk\u00e1juk elismer\u00e9sek\u00e9nt.<\/p>\n                <\/div>\r\n              <\/div>\r\n            <\/div>\r\n          <\/div>\r\n        <\/article>\r\n        <hr \/>\r\n      \r\n\r\n        <article class=\"list-format post-126928 post type-post status-publish format-standard has-post-thumbnail hentry category-tudomany category-kiemelt tag-alhonlapokra tag-mki-alairas tag-innovacio tag-otdk\">\r\n          <div class=\"row mb-2 mx-0 p-2 mr-2 mr-lg-0\" style=\"border: 1px solid #DFE3E6;\">\r\n            \r\n            <div class=\"col px-normal px-lg-0\">\r\n              <div class=\"row w-100 mx-0\">\r\n                \r\n                  <div class=\"col-12 col-lg-4 pl-0 pr-1 pr-md-2\">\r\n                    <div class=\"img-container w-100 mt-2 mt-md-0 mb-2 mb-md-0 \">\r\n                      <img loading=\"lazy\" decoding=\"async\" width=\"400\" height=\"267\" src=\"https:\/\/semmelweis.hu\/hirek\/wp-content\/blogs.dir\/2\/files\/2023\/04\/RS172692_3P1A0978-scr-400x267.jpg\" class=\"attachment-medium size-medium wp-post-image\" alt=\"\" srcset=\"https:\/\/semmelweis.hu\/hirek\/wp-content\/blogs.dir\/2\/files\/2023\/04\/RS172692_3P1A0978-scr-400x267.jpg 400w, https:\/\/semmelweis.hu\/hirek\/wp-content\/blogs.dir\/2\/files\/2023\/04\/RS172692_3P1A0978-scr-900x600.jpg 900w, https:\/\/semmelweis.hu\/hirek\/wp-content\/blogs.dir\/2\/files\/2023\/04\/RS172692_3P1A0978-scr-768x512.jpg 768w, https:\/\/semmelweis.hu\/hirek\/wp-content\/blogs.dir\/2\/files\/2023\/04\/RS172692_3P1A0978-scr-753x502.jpg 753w, https:\/\/semmelweis.hu\/hirek\/wp-content\/blogs.dir\/2\/files\/2023\/04\/RS172692_3P1A0978-scr-203x135.jpg 203w, https:\/\/semmelweis.hu\/hirek\/wp-content\/blogs.dir\/2\/files\/2023\/04\/RS172692_3P1A0978-scr.jpg 1200w\" sizes=\"auto, (max-width: 400px) 100vw, 400px\" \/>                    <\/div>\r\n                  <\/div>\r\n\r\n                                <div class=\"entry-summary col-12 col-lg-8 px-0\">\r\n                  <div class=\"col-12 mb-2 px-0\">\r\n                    <h3 class=\"entry-title mb-1\"><a target=\"_blank\" href=\"https:\/\/semmelweis.hu\/hirek\/2023\/04\/24\/atadtak-a-36-otdk-orvos-es-egeszsegtudomanyi-szekciojanak-dijait\/\">\u00c1tadt\u00e1k a 36. OTDK Orvos- \u00e9s Eg\u00e9szs\u00e9gtudom\u00e1nyi Szekci\u00f3j\u00e1nak d\u00edjait<\/a><\/h3>\r\n                    <h6 class=\"entry-meta text-uppercase\">\r\n                      <time class=\"mr-3\" datetime=\"2023-04-24T04:00:19+00:00\">2023. \u00e1prilis 24.  h\u00e9tf\u0151 06:00<\/time>\r\n                    <\/h6>\r\n                  <\/div>\r\n                  <p>A TDK \u00f6r\u00f6k, \u00e9s val\u00f3ban a magyar fels\u0151oktat\u00e1s \u00e9s orvostudom\u00e1ny b\u00f6lcs\u0151je \u2013 hangzott el a d\u00edj\u00e1tad\u00f3n.<\/p>\n                <\/div>\r\n              <\/div>\r\n            <\/div>\r\n          <\/div>\r\n        <\/article>\r\n        <hr \/>\r\n      \r\n\r\n        <article class=\"list-format post-103136 post type-post status-publish format-standard has-post-thumbnail hentry category-hallgatok-oktatas category-kiemelt tag-alhonlapokra tag-mki-alairas tag-otdk\">\r\n          <div class=\"row mb-2 mx-0 p-2 mr-2 mr-lg-0\" style=\"border: 1px solid #DFE3E6;\">\r\n            \r\n            <div class=\"col px-normal px-lg-0\">\r\n              <div class=\"row w-100 mx-0\">\r\n                \r\n                  <div class=\"col-12 col-lg-4 pl-0 pr-1 pr-md-2\">\r\n                    <div class=\"img-container w-100 mt-2 mt-md-0 mb-2 mb-md-0 \">\r\n                      <img loading=\"lazy\" decoding=\"async\" width=\"400\" height=\"267\" src=\"https:\/\/semmelweis.hu\/hirek\/wp-content\/blogs.dir\/2\/files\/2021\/04\/RS27346_20120109-IMG_5714-scr-400x267.jpg\" class=\"attachment-medium size-medium wp-post-image\" alt=\"\" srcset=\"https:\/\/semmelweis.hu\/hirek\/wp-content\/blogs.dir\/2\/files\/2021\/04\/RS27346_20120109-IMG_5714-scr-400x267.jpg 400w, https:\/\/semmelweis.hu\/hirek\/wp-content\/blogs.dir\/2\/files\/2021\/04\/RS27346_20120109-IMG_5714-scr-900x600.jpg 900w, https:\/\/semmelweis.hu\/hirek\/wp-content\/blogs.dir\/2\/files\/2021\/04\/RS27346_20120109-IMG_5714-scr-768x512.jpg 768w, https:\/\/semmelweis.hu\/hirek\/wp-content\/blogs.dir\/2\/files\/2021\/04\/RS27346_20120109-IMG_5714-scr-753x502.jpg 753w, https:\/\/semmelweis.hu\/hirek\/wp-content\/blogs.dir\/2\/files\/2021\/04\/RS27346_20120109-IMG_5714-scr-203x135.jpg 203w, https:\/\/semmelweis.hu\/hirek\/wp-content\/blogs.dir\/2\/files\/2021\/04\/RS27346_20120109-IMG_5714-scr.jpg 950w\" sizes=\"auto, (max-width: 400px) 100vw, 400px\" \/>                    <\/div>\r\n                  <\/div>\r\n\r\n                                <div class=\"entry-summary col-12 col-lg-8 px-0\">\r\n                  <div class=\"col-12 mb-2 px-0\">\r\n                    <h3 class=\"entry-title mb-1\"><a target=\"_blank\" href=\"https:\/\/semmelweis.hu\/hirek\/2021\/04\/15\/a-semmelweis-egyetem-95-hallgatoja-nyert-dijat-az-otdk-n\/\">OTDK: a Semmelweis Egyetem 95 hallgat\u00f3ja nyert d\u00edjat<\/a><\/h3>\r\n                    <h6 class=\"entry-meta text-uppercase\">\r\n                      <time class=\"mr-3\" datetime=\"2021-04-15T04:00:56+00:00\">2021. \u00e1prilis 15.  cs\u00fct\u00f6rt\u00f6k 06:00<\/time>\r\n                    <\/h6>\r\n                  <\/div>\r\n                  <p>Az egyetem 32 hallgat\u00f3ja 1. d\u00edjat, 42-en 2. d\u00edjat, 22-en pedig k\u00fcl\u00f6nd\u00edjat nyertek el.<\/p>\n                <\/div>\r\n              <\/div>\r\n            <\/div>\r\n          <\/div>\r\n        <\/article>\r\n        <hr \/>\r\n                  <div class=\"section-row row w-100 mt-2 mb-2\">\r\n        <div class=\"col-7 section-divider px-0 mx-2 d-md-none\"><\/div>\r\n          <div class=\"col-4 d-block d-md-none text-uppercase px-0 section-link ml-2\">\r\n            <h5 class=\"m-0\" style=\"width: fit-content;\"><a href=\"https:\/\/semmelweis.hu\/hirek\/tag\/\/\" target=\"_blank\"> \u00d6sszes cikk><\/a><\/h5>\r\n            \r\n        <\/div>\r\n      <\/div>\r\n\r\n    <\/div><!-- \/.import-posts -->\r\n\r\n\n","protected":false},"excerpt":{"rendered":"<p>A Semmelweis 160 hallgat\u00f3val indult a Szegedi Tudom\u00e1nyegyetemen (SZTE) megrendezett Orsz\u00e1gos Tudom\u00e1nyos Di\u00e1kk\u00f6ri Konferencia (OTDK) Orvos- \u00e9s Eg\u00e9szs\u00e9gtudom\u00e1nyi Szekci\u00f3j\u00e1ban. K\u00f6z\u00fcl\u00fck 32-en 1. d\u00edjat, 42-en 2. d\u00edjat, 22-en pedig k\u00fcl\u00f6nd\u00edjat nyertek el. Id\u00e9n 35. alkalommal rendezt\u00e9k meg az OTDK-t, melynek Orvos- \u00e9s Eg\u00e9szs\u00e9gtudom\u00e1nyi Szekci\u00f3j\u00e1nak a Szegedi Tudom\u00e1nyegyetem adott otthont. Az \u00e1prilis 6-9. k\u00f6z\u00f6tti esem\u00e9nyen 77 tagozatban &hellip;<\/p>\n","protected":false},"author":12,"featured_media":0,"parent":4144,"menu_order":2,"comment_status":"closed","ping_status":"closed","template":"template-fullwidth.php","meta":{"_acf_changed":false,"footnotes":""},"categories":[],"tags":[],"class_list":["post-10598","page","type-page","status-publish","hentry"],"acf":[],"publishpress_future_action":{"enabled":false,"date":"1970-01-01 01:00:00","action":"","terms":[],"taxonomy":"","browser_timezone_offset":0},"_links":{"self":[{"href":"https:\/\/semmelweis.hu\/tdk\/wp-json\/wp\/v2\/pages\/10598","targetHints":{"allow":["GET"]}}],"collection":[{"href":"https:\/\/semmelweis.hu\/tdk\/wp-json\/wp\/v2\/pages"}],"about":[{"href":"https:\/\/semmelweis.hu\/tdk\/wp-json\/wp\/v2\/types\/page"}],"author":[{"embeddable":true,"href":"https:\/\/semmelweis.hu\/tdk\/wp-json\/wp\/v2\/users\/12"}],"replies":[{"embeddable":true,"href":"https:\/\/semmelweis.hu\/tdk\/wp-json\/wp\/v2\/comments?post=10598"}],"version-history":[{"count":10,"href":"https:\/\/semmelweis.hu\/tdk\/wp-json\/wp\/v2\/pages\/10598\/revisions"}],"predecessor-version":[{"id":11376,"href":"https:\/\/semmelweis.hu\/tdk\/wp-json\/wp\/v2\/pages\/10598\/revisions\/11376"}],"up":[{"embeddable":true,"href":"https:\/\/semmelweis.hu\/tdk\/wp-json\/wp\/v2\/pages\/4144"}],"wp:attachment":[{"href":"https:\/\/semmelweis.hu\/tdk\/wp-json\/wp\/v2\/media?parent=10598"}],"wp:term":[{"taxonomy":"category","embeddable":true,"href":"https:\/\/semmelweis.hu\/tdk\/wp-json\/wp\/v2\/categories?post=10598"},{"taxonomy":"post_tag","embeddable":true,"href":"https:\/\/semmelweis.hu\/tdk\/wp-json\/wp\/v2\/tags?post=10598"}],"curies":[{"name":"wp","href":"https:\/\/api.w.org\/{rel}","templated":true}]}}