{"id":10251,"date":"2024-05-17T10:45:22","date_gmt":"2024-05-17T08:45:22","guid":{"rendered":"https:\/\/semmelweis.hu\/tdk\/?page_id=10251"},"modified":"2025-09-04T09:36:56","modified_gmt":"2025-09-04T07:36:56","slug":"rektori-palyamunka-parodontologiai-klinika","status":"publish","type":"page","link":"https:\/\/semmelweis.hu\/tdk\/rektori-palyazat\/rektori-palyazat-meghirdetett-temak\/rektori-palyamunka-parodontologiai-klinika\/","title":{"rendered":"Parodontol\u00f3giai Klinika &#8211; Rektori p\u00e1ly\u00e1zat"},"content":{"rendered":"<p><strong>Rektori p\u00e1lyamunka Paradontol\u00f3giai Klinika 2025\/2026-os Tan\u00e9v<\/strong><\/p>\n<table style=\"border-collapse: collapse;width: 100%\">\n<tbody>\n<tr>\n<td style=\"width: 50%\"><strong>Rektori p\u00e1lyamunka c\u00edme<\/strong><\/td>\n<td style=\"width: 50%\"><strong>\u00a0T\u00e9mavezet\u0151<\/strong><\/td>\n<\/tr>\n<tr>\n<td style=\"width: 50%\">Applications of Magnesium-based biomaterials in reconstructive periodontal surgery<\/td>\n<td style=\"width: 50%\">Prof. Dr. Windisch P\u00e9ter egyetemi tan\u00e1r, igazgat\u00f3; Dr. Palkovics D\u00e1niel PhD egyetemi adjunktus<\/td>\n<\/tr>\n<tr>\n<td style=\"width: 50%\">Mesters\u00e9ges intelligencia \u00e9s 3D technol\u00f3gia alkalmaz\u00e1sa a dento-alveol\u00e1ris rekonstrukt\u00edv seb\u00e9szetben<\/td>\n<td style=\"width: 50%\">Dr. Palkovics D\u00e1niel PhD egyetemi adjunktus<\/td>\n<\/tr>\n<tr>\n<td style=\"width: 50%\">Autol\u00f3g fogeredet\u0171 graft alkalmaz\u00e1sa a parodont\u00e1lis regenerat\u00edv seb\u00e9szetben<\/td>\n<td style=\"width: 50%\">Dr. Palkovics D\u00e1niel, egyetemi adjunktus; dr. Forg\u00f3 Krist\u00f3f, PhD-hallgat\u00f3<\/td>\n<\/tr>\n<tr>\n<td style=\"width: 50%\">Autol\u00f3g csontp\u00f3tl\u00f3k alkalmaz\u00e1sa a parodont\u00e1lis rekonstrukt\u00edv seb\u00e9szetben<\/td>\n<td style=\"width: 50%\">Dr. S\u00f3lyom Eleon\u00f3ra egyetemi tan\u00e1rseg\u00e9d, PhD-hallgat\u00f3<\/td>\n<\/tr>\n<tr>\n<td style=\"width: 50%\">Modern alveol\u00e1ris gerincprezerv\u00e1ci\u00f3s elj\u00e1r\u00e1sok hat\u00e1sa EDS 3-4 gerincdefektusok regener\u00e1ci\u00f3j\u00e1ra<\/td>\n<td style=\"width: 50%\">Prof. Dr. Windisch P\u00e9ter<\/td>\n<\/tr>\n<tr>\n<td style=\"width: 50%\">K\u00fcl\u00f6nb\u00f6z\u0151 t\u00edpus\u00fa v\u00e9rlemezke koncentr\u00e1tumok klinikai hat\u00e1sa a parodont\u00e1lis csonttasakok seb\u00e9szi kezel\u00e9s\u00e9ben<\/td>\n<td style=\"width: 50%\">Prof. D\u0151ri Ferenc<\/td>\n<\/tr>\n<\/tbody>\n<\/table>\n","protected":false},"excerpt":{"rendered":"<p>Rektori p\u00e1lyamunka Paradontol\u00f3giai Klinika 2025\/2026-os Tan\u00e9v Rektori p\u00e1lyamunka c\u00edme \u00a0T\u00e9mavezet\u0151 Applications of Magnesium-based biomaterials in reconstructive periodontal surgery Prof. Dr. Windisch P\u00e9ter egyetemi tan\u00e1r, igazgat\u00f3; Dr. Palkovics D\u00e1niel PhD egyetemi adjunktus Mesters\u00e9ges intelligencia \u00e9s 3D technol\u00f3gia alkalmaz\u00e1sa a dento-alveol\u00e1ris rekonstrukt\u00edv seb\u00e9szetben Dr. Palkovics D\u00e1niel PhD egyetemi adjunktus Autol\u00f3g fogeredet\u0171 graft alkalmaz\u00e1sa a parodont\u00e1lis regenerat\u00edv seb\u00e9szetben &hellip;<\/p>\n","protected":false},"author":101883,"featured_media":0,"parent":9092,"menu_order":0,"comment_status":"closed","ping_status":"closed","template":"","meta":{"_acf_changed":false,"footnotes":""},"categories":[],"tags":[97],"class_list":["post-10251","page","type-page","status-publish","hentry","tag-fok-rektori-palyazat"],"acf":[],"publishpress_future_action":{"enabled":false,"date":"1970-01-01 01:00:00","action":"","terms":[],"taxonomy":"","browser_timezone_offset":0},"_links":{"self":[{"href":"https:\/\/semmelweis.hu\/tdk\/wp-json\/wp\/v2\/pages\/10251","targetHints":{"allow":["GET"]}}],"collection":[{"href":"https:\/\/semmelweis.hu\/tdk\/wp-json\/wp\/v2\/pages"}],"about":[{"href":"https:\/\/semmelweis.hu\/tdk\/wp-json\/wp\/v2\/types\/page"}],"author":[{"embeddable":true,"href":"https:\/\/semmelweis.hu\/tdk\/wp-json\/wp\/v2\/users\/101883"}],"replies":[{"embeddable":true,"href":"https:\/\/semmelweis.hu\/tdk\/wp-json\/wp\/v2\/comments?post=10251"}],"version-history":[{"count":11,"href":"https:\/\/semmelweis.hu\/tdk\/wp-json\/wp\/v2\/pages\/10251\/revisions"}],"predecessor-version":[{"id":11652,"href":"https:\/\/semmelweis.hu\/tdk\/wp-json\/wp\/v2\/pages\/10251\/revisions\/11652"}],"up":[{"embeddable":true,"href":"https:\/\/semmelweis.hu\/tdk\/wp-json\/wp\/v2\/pages\/9092"}],"wp:attachment":[{"href":"https:\/\/semmelweis.hu\/tdk\/wp-json\/wp\/v2\/media?parent=10251"}],"wp:term":[{"taxonomy":"category","embeddable":true,"href":"https:\/\/semmelweis.hu\/tdk\/wp-json\/wp\/v2\/categories?post=10251"},{"taxonomy":"post_tag","embeddable":true,"href":"https:\/\/semmelweis.hu\/tdk\/wp-json\/wp\/v2\/tags?post=10251"}],"curies":[{"name":"wp","href":"https:\/\/api.w.org\/{rel}","templated":true}]}}

Parodontológiai Klinika &#8211; Rektori pályázat

<p><strong>Rektori pályamunka Paradontológiai Klinika 2025/2026-os Tanév</strong></p>
<table style="border-collapse: collapse;width: 100%">
<tbody>
<tr>
<td style="width: 50%"><strong>Rektori pályamunka címe</strong></td>
<td style="width: 50%"><strong> Témavezető</strong></td>
</tr>
<tr>
<td style="width: 50%">Applications of Magnesium-based biomaterials in reconstructive periodontal surgery</td>
<td style="width: 50%">Prof. Dr. Windisch Péter egyetemi tanár, igazgató; Dr. Palkovics Dániel PhD egyetemi adjunktus</td>
</tr>
<tr>
<td style="width: 50%">Mesterséges intelligencia és 3D technológia alkalmazása a dento-alveoláris rekonstruktív sebészetben</td>
<td style="width: 50%">Dr. Palkovics Dániel PhD egyetemi adjunktus</td>
</tr>
<tr>
<td style="width: 50%">Autológ fogeredetű graft alkalmazása a parodontális regeneratív sebészetben</td>
<td style="width: 50%">Dr. Palkovics Dániel, egyetemi adjunktus; dr. Forgó Kristóf, PhD-hallgató</td>
</tr>
<tr>
<td style="width: 50%">Autológ csontpótlók alkalmazása a parodontális rekonstruktív sebészetben</td>
<td style="width: 50%">Dr. Sólyom Eleonóra egyetemi tanársegéd, PhD-hallgató</td>
</tr>
<tr>
<td style="width: 50%">Modern alveoláris gerincprezervációs eljárások hatása EDS 3-4 gerincdefektusok regenerációjára</td>
<td style="width: 50%">Prof. Dr. Windisch Péter</td>
</tr>
<tr>
<td style="width: 50%">Különböző típusú vérlemezke koncentrátumok klinikai hatása a parodontális csonttasakok sebészi kezelésében</td>
<td style="width: 50%">Prof. Dőri Ferenc</td>
</tr>
</tbody>
</table>

<p>Rektori pályamunka Paradontológiai Klinika 2025/2026-os Tanév Rektori pályamunka címe  Témavezető Applications of Magnesium-based biomaterials in reconstructive periodontal surgery Prof. Dr. Windisch Péter egyetemi tanár, igazgató; Dr. Palkovics Dániel PhD egyetemi adjunktus Mesterséges intelligencia és 3D technológia alkalmazása a dento-alveoláris rekonstruktív sebészetben Dr. Palkovics Dániel PhD egyetemi adjunktus Autológ fogeredetű graft alkalmazása a parodontális regeneratív sebészetben &hellip;</p>
