{"id":1427,"date":"2024-10-28T18:42:42","date_gmt":"2024-10-28T17:42:42","guid":{"rendered":"https:\/\/semmelweis.hu\/szolgaltatas\/?page_id=1427"},"modified":"2024-10-28T18:42:42","modified_gmt":"2024-10-28T17:42:42","slug":"udulo-es-ingatlangondnokolasi-osztaly","status":"publish","type":"page","link":"https:\/\/semmelweis.hu\/szolgaltatas\/szervezeti-egysegek\/udulo-es-ingatlangondnokolasi-osztaly\/","title":{"rendered":"\u00dcd\u00fcl\u0151- \u00e9s Ingatlangondnokol\u00e1si Oszt\u00e1ly"},"content":{"rendered":"<p><span style=\"color: #ff0000\"><strong>Az oldal szerkeszt\u00e9s alatt \u00e1ll. K\u00e9rj\u00fck keresse fel k\u00e9s\u0151bb!<\/strong><\/span><\/p>\n<p><span style=\"color: #ff0000\"><strong>Meg\u00e9rt\u00e9s\u00e9t k\u00f6sz\u00f6nj\u00fck!<\/strong><\/span><\/p>\n","protected":false},"excerpt":{"rendered":"<p>Az oldal szerkeszt\u00e9s alatt \u00e1ll. K\u00e9rj\u00fck keresse fel k\u00e9s\u0151bb!<br \/>\nMeg\u00e9rt\u00e9s\u00e9t k\u00f6sz\u00f6nj\u00fck!<\/p>\n","protected":false},"author":102187,"featured_media":0,"parent":7,"menu_order":0,"comment_status":"closed","ping_status":"closed","template":"","meta":{"_acf_changed":false,"footnotes":""},"categories":[],"tags":[],"class_list":["post-1427","page","type-page","status-publish","hentry"],"acf":[],"_links":{"self":[{"href":"https:\/\/semmelweis.hu\/szolgaltatas\/wp-json\/wp\/v2\/pages\/1427","targetHints":{"allow":["GET"]}}],"collection":[{"href":"https:\/\/semmelweis.hu\/szolgaltatas\/wp-json\/wp\/v2\/pages"}],"about":[{"href":"https:\/\/semmelweis.hu\/szolgaltatas\/wp-json\/wp\/v2\/types\/page"}],"author":[{"embeddable":true,"href":"https:\/\/semmelweis.hu\/szolgaltatas\/wp-json\/wp\/v2\/users\/102187"}],"replies":[{"embeddable":true,"href":"https:\/\/semmelweis.hu\/szolgaltatas\/wp-json\/wp\/v2\/comments?post=1427"}],"version-history":[{"count":2,"href":"https:\/\/semmelweis.hu\/szolgaltatas\/wp-json\/wp\/v2\/pages\/1427\/revisions"}],"predecessor-version":[{"id":1429,"href":"https:\/\/semmelweis.hu\/szolgaltatas\/wp-json\/wp\/v2\/pages\/1427\/revisions\/1429"}],"up":[{"embeddable":true,"href":"https:\/\/semmelweis.hu\/szolgaltatas\/wp-json\/wp\/v2\/pages\/7"}],"wp:attachment":[{"href":"https:\/\/semmelweis.hu\/szolgaltatas\/wp-json\/wp\/v2\/media?parent=1427"}],"wp:term":[{"taxonomy":"category","embeddable":true,"href":"https:\/\/semmelweis.hu\/szolgaltatas\/wp-json\/wp\/v2\/categories?post=1427"},{"taxonomy":"post_tag","embeddable":true,"href":"https:\/\/semmelweis.hu\/szolgaltatas\/wp-json\/wp\/v2\/tags?post=1427"}],"curies":[{"name":"wp","href":"https:\/\/api.w.org\/{rel}","templated":true}]}}