{"id":141,"date":"2015-04-30T10:18:20","date_gmt":"2015-04-30T10:18:20","guid":{"rendered":"http:\/\/semmelweis.hu\/szolgaltatas\/?page_id=141"},"modified":"2026-04-07T10:48:19","modified_gmt":"2026-04-07T08:48:19","slug":"szolgaltatasi-osztaly","status":"publish","type":"page","link":"https:\/\/semmelweis.hu\/szolgaltatas\/szervezeti-egysegek\/szolgaltatasi-osztaly\/","title":{"rendered":"SZOLG\u00c1LTAT\u00c1S- \u00c9S SZERZ\u0150D\u00c9SMENEDZSMENT OSZT\u00c1LY"},"content":{"rendered":"<p style=\"text-align: justify\"><i class=\"fa fa-cutlery\" aria-hidden=\"true\"><\/i> A Szolg\u00e1ltat\u00e1s- \u00e9s Szerz\u0151d\u00e9smenedzsment Oszt\u00e1ly \u00f6sszefogja az al\u00e1bbi k\u00fcls\u0151 \u00e9s bels\u0151 er\u0151forr\u00e1sokkal biztos\u00edtott szolg\u00e1ltat\u00e1sok k\u00f6r\u00e9t, tartalm\u00e1t, az ig\u00e9nybev\u00e9tel szab\u00e1lyait, a szolg\u00e1ltat\u00e1sok elsz\u00e1mol\u00e1s\u00e1nak m\u00f3dj\u00e1t. Szakter\u00fcletenk\u00e9nt \u00f6ssze\u00e1ll\u00edtja a k\u00f6zbeszerz\u00e9sek szakmai, m\u0171szaki tartalm\u00e1t, valamint r\u00e9szt vesz a k\u00f6zbeszerz\u00e9si elj\u00e1r\u00e1sokban:<\/p>\n<ul style=\"text-align: justify\">\n<li><span style=\"color: #000000\"><strong><em>beteg- \u00e9s alkalmazotti \u00e9tkeztet\u00e9s:<\/em><\/strong><\/span> a klinik\u00e1kon di\u00e9tat\u00edpusokk\u00e9nt egy\u00e9ni t\u00e1lc\u00e1s, az \u00e9ttermekben a&#8217;la carte rendszerben t\u00f6rt\u00e9nik, melyben k\u00f6zbeszerz\u00e9s alapj\u00e1n <strong>2024.03.09-t\u0151l \u00faj \u00e9lelmez\u00e9si Szolg\u00e1ltat\u00f3, a GasztViT\u00e1l c\u00e9gcsoport tagjak\u00e9nt a Pannon Menza Kft. ny\u00fajtja az \u00e9lelmez\u00e9si szolg\u00e1ltat\u00e1st. <\/strong><\/li>\n<\/ul>\n<p>T\u00e1j\u00e9koztat\u00f3 a kedvezm\u00e9nyes dolgoz\u00f3i men\u00fcr\u0151l:\u00a0<a href=\"https:\/\/semmelweis.hu\/szolgaltatas\/files\/2024\/07\/Tajekoztato-a-kedvezmenyes-dolgozoi-menurol.pdf\">T\u00e1j\u00e9koztat\u00f3 a kedvezm\u00e9nyes dolgoz\u00f3i men\u00fcr\u0151l<\/a><\/p>\n<ul style=\"text-align: justify\">\n<li>Az <span style=\"color: #0000ff\">\u00fcgyfelek el\u00e9gedetts\u00e9g\u00e9t rendszeresen m\u00e9rj\u00fck<\/span>, \u00e9s bevon\u00e1sukkal t\u00e1mogatjuk a Semmelweis Egyetem Eg\u00e9szs\u00e9gtudom\u00e1nyi Kar dietetikus hallgat\u00f3inak gyakorlati oktat\u00e1s\u00e1t<\/li>\n<li><span style=\"color: #000000\"><em><strong>orvosi g\u00e1zok beszerz\u00e9se:<\/strong><\/em> <\/span>eg\u00e9szs\u00e9g\u00fcgyi-orvosi \u00e9s az egy\u00e9b g\u00e1zokkal ell\u00e1t\u00e1st t\u00e1mogatjuk<\/li>\n<li><span style=\"color: #000000\"><em><strong>takar\u00edt\u00e1si szolg\u00e1ltat\u00e1sok:<\/strong><\/em> <\/span>k\u00fcls\u0151- \u00e9s saj\u00e1t munkat\u00e1rsakkal biztos\u00edtjuk a klinik\u00e1k sokr\u00e9t\u0171 takar\u00edt\u00e1si ig\u00e9ny\u00e9t, k\u00fcls\u0151 partnereinkkel k\u00f6zbeszerz\u00e9s \u00fatj\u00e1n \u00e1llapodunk meg<\/li>\n<li>a Szolg\u00e1ltat\u00e1si Oszt\u00e1ly k\u00f6zrem\u0171k\u00f6dik az \u00e9p\u00fclettakar\u00edt\u00e1s min\u0151s\u00e9gellen\u0151rz\u00e9s\u00e9ben a Semmelweis Egyetem \u00e9p\u00fcleteiben.<\/li>\n<li><span style=\"color: #000000\"><em><strong>egyetemi \u00fcd\u00fcl\u0151k m\u0171k\u00f6dtet\u00e9se:<\/strong><\/em> <\/span>a gazd\u00e1lkod\u00e1s szervez\u00e9se<\/li>\n<\/ul>\n<p style=\"text-align: justify\">A k\u00f6zbeszerz\u00e9si elj\u00e1r\u00e1sokkal kapcsolatos nyilv\u00e1nos adatokat a kapcsol\u00f3d\u00f3 jogszab\u00e1lyok alapj\u00e1n tessz\u00fck nyilv\u00e1noss\u00e1, a dokumentumokat a k\u00f6vetkez\u0151 oldalakon \u00e9rheti el:<\/p>\n<p><a href=\"https:\/\/ekr.gov.hu\/portal\/kezdolap\">https:\/\/ekr.gov.hu\/portal\/kezdolap<\/a><br \/>\n<a href=\"https:\/\/kereso-core.kozbeszerzes.hu\/\">https:\/\/kereso-core.kozbeszerzes.hu\/<\/a><br \/>\n<a href=\"https:\/\/ted.europa.eu\/TED\/browse\/browseByMap.do\">https:\/\/ted.europa.eu\/TED\/browse\/browseByMap.do<\/a><\/p>\n","protected":false},"excerpt":{"rendered":"<p>A Szolg\u00e1ltat\u00e1s- \u00e9s Szerz\u0151d\u00e9smenedzsment Oszt\u00e1ly \u00f6sszefogja az al\u00e1bbi k\u00fcls\u0151 \u00e9s bels\u0151 er\u0151forr\u00e1sokkal biztos\u00edtott szolg\u00e1ltat\u00e1sok k\u00f6r\u00e9t, tartalm\u00e1t, az ig\u00e9nybev\u00e9tel szab\u00e1lyait, a szolg\u00e1ltat\u00e1sok elsz\u00e1mol\u00e1s\u00e1nak m\u00f3dj\u00e1t. Szakter\u00fcletenk\u00e9nt \u00f6ssze\u00e1ll\u00edtja a k\u00f6zbeszerz\u00e9sek szakmai, m\u0171szaki tartalm\u00e1t, valamint r\u00e9szt vesz a k\u00f6zbeszerz\u00e9si elj\u00e1r\u00e1sokban: beteg- \u00e9s alkalmazotti \u00e9tkeztet\u00e9s: a klinik\u00e1kon di\u00e9tat\u00edpusokk\u00e9nt egy\u00e9ni t\u00e1lc\u00e1s, az \u00e9ttermekben a&#8217;la carte rendszerben t\u00f6rt\u00e9nik, melyben k\u00f6zbeszerz\u00e9s alapj\u00e1n 2024.03.09-t\u0151l &hellip;<\/p>\n","protected":false},"author":286,"featured_media":0,"parent":7,"menu_order":0,"comment_status":"closed","ping_status":"closed","template":"","meta":{"_acf_changed":false,"footnotes":""},"categories":[],"tags":[],"class_list":["post-141","page","type-page","status-publish","hentry"],"acf":[],"_links":{"self":[{"href":"https:\/\/semmelweis.hu\/szolgaltatas\/wp-json\/wp\/v2\/pages\/141","targetHints":{"allow":["GET"]}}],"collection":[{"href":"https:\/\/semmelweis.hu\/szolgaltatas\/wp-json\/wp\/v2\/pages"}],"about":[{"href":"https:\/\/semmelweis.hu\/szolgaltatas\/wp-json\/wp\/v2\/types\/page"}],"author":[{"embeddable":true,"href":"https:\/\/semmelweis.hu\/szolgaltatas\/wp-json\/wp\/v2\/users\/286"}],"replies":[{"embeddable":true,"href":"https:\/\/semmelweis.hu\/szolgaltatas\/wp-json\/wp\/v2\/comments?post=141"}],"version-history":[{"count":11,"href":"https:\/\/semmelweis.hu\/szolgaltatas\/wp-json\/wp\/v2\/pages\/141\/revisions"}],"predecessor-version":[{"id":1841,"href":"https:\/\/semmelweis.hu\/szolgaltatas\/wp-json\/wp\/v2\/pages\/141\/revisions\/1841"}],"up":[{"embeddable":true,"href":"https:\/\/semmelweis.hu\/szolgaltatas\/wp-json\/wp\/v2\/pages\/7"}],"wp:attachment":[{"href":"https:\/\/semmelweis.hu\/szolgaltatas\/wp-json\/wp\/v2\/media?parent=141"}],"wp:term":[{"taxonomy":"category","embeddable":true,"href":"https:\/\/semmelweis.hu\/szolgaltatas\/wp-json\/wp\/v2\/categories?post=141"},{"taxonomy":"post_tag","embeddable":true,"href":"https:\/\/semmelweis.hu\/szolgaltatas\/wp-json\/wp\/v2\/tags?post=141"}],"curies":[{"name":"wp","href":"https:\/\/api.w.org\/{rel}","templated":true}]}}