{"id":139,"date":"2015-04-30T10:18:02","date_gmt":"2015-04-30T10:18:02","guid":{"rendered":"http:\/\/semmelweis.hu\/szolgaltatas\/?page_id=139"},"modified":"2025-09-18T08:05:05","modified_gmt":"2025-09-18T06:05:05","slug":"parkfenntartasi-osztaly","status":"publish","type":"page","link":"https:\/\/semmelweis.hu\/szolgaltatas\/szervezeti-egysegek\/parkfenntartasi-osztaly\/","title":{"rendered":"Parkfenntart\u00e1si Oszt\u00e1ly"},"content":{"rendered":"<p>&nbsp;<\/p>\n<p><img loading=\"lazy\" decoding=\"async\" class=\"aligncenter\" src=\"https:\/\/semmelweis.hu\/szolgaltatas\/files\/2025\/09\/SE-Parkfenntartas.jpg\" width=\"368\" height=\"88\" \/><\/p>\n<p>&nbsp;<\/p>\n<p>Oszt\u00e1lyunk elk\u00f6telezett a z\u00f6ld ter\u00fcletek fenntart\u00e1sa \u00e9s fejleszt\u00e9se ir\u00e1nt a Semmelweis Egyetem teljes ter\u00fclet\u00e9n, bele\u00e9rtve az \u00fcd\u00fcl\u0151ket is. C\u00e9lunk, hogy az Egyetem k\u00f6rnyezet\u00e9t harmonikus, tiszta \u00e9s rendezett \u00e1llapotban tartsuk.<\/p>\n<p><img decoding=\"async\" src=\"https:\/\/semmelweis.hu\/szolgaltatas\/files\/2025\/09\/parkfenntartas_flotta.jpg\" \/><\/p>\n<h4><strong>Feladataink<\/strong><\/h4>\n<ul>\n<li><strong>Intenz\u00edv parkfenntart\u00e1s:<\/strong> Rendszeres f\u0171ny\u00edr\u00e1s, cserj\u00e9k \u00e9s vir\u00e1g\u00e1gyak gondoz\u00e1sa, \u00f6nt\u00f6z\u00e9s, egy- \u00e9s k\u00e9tny\u00e1ri vir\u00e1gok \u00fcltet\u00e9se \u00e9s p\u00f3tl\u00e1sa, lombgy\u0171jt\u00e9s- \u00e9s komposzt\u00e1l\u00e1s.\n<\/li>\n<li><strong>Utak \u00e9s j\u00e1rd\u00e1k takar\u00edt\u00e1sa:<\/strong> A j\u00e1rd\u00e1k \u00e9s utak rendszeres sepr\u00e9se, k\u00e9zi \u00e9s g\u00e9pi h\u00f3eltakar\u00edt\u00e1s, valamint s\u00edkoss\u00e1gmentes\u00edt\u00e9s.\n<\/li>\n<li><strong>Hullad\u00e9kt\u00f6m\u00f6r\u00edt\u00e9s:<\/strong> Az Egyetem m\u0171k\u00f6d\u00e9se sor\u00e1n keletkez\u0151 hullad\u00e9kok kezel\u00e9se \u00e9s t\u00f6m\u00f6r\u00edt\u00e9se.\n<\/li>\n<li><strong>Ingatlanok parkjainak \u00e1llagmeg\u00f3v\u00e1sa:<\/strong> A Semmelweis Egyetemhez \u00e9s eg\u00e9szs\u00e9g\u00fcgyi int\u00e9zm\u00e9nyeihez tartoz\u00f3, haszn\u00e1laton k\u00edv\u00fcli ingatlanok parkjainak \u00e1llagmeg\u00f3v\u00e1sa, bele\u00e9rtve a boz\u00f3tirt\u00e1st, kasz\u00e1l\u00e1st \u00e9s m\u00e1s fenntart\u00e1si munk\u00e1latokat.\n<\/li>\n<li><strong>Eseti megb\u00edz\u00e1sok &#8211; <\/strong>\u00daj parkok, vir\u00e1g\u00e1gyak \u00e9s pihen\u0151kertek tervez\u00e9se, kivitelez\u00e9se egyedi aj\u00e1nlat alapj\u00e1n.\n<\/li>\n<li><strong>Fa\u00e1llom\u00e1ny kezel\u00e9s <\/strong>&#8211; fa\u00e1llom\u00e1nyfenntart\u00e1s az Egyetemi ingatlanokon. Sz\u00fcks\u00e9gszer\u0171en m\u0171szeres vizsg\u00e1lattal kieg\u00e9sz\u00edtett favizsg\u00e1latok elv\u00e9gz\u00e9se, \u00e1llom\u00e1nynyilv\u00e1ntart\u00e1s \u00e9s fakataszter k\u00e9sz\u00edt\u00e9se, naprak\u00e9szen tart\u00e1sa.<\/li>\n<\/ul>\n<hr \/>\n<p>&nbsp;<\/p>\n<h4><strong>Kivonul\u00f3 Szolg\u00e1lat<\/strong><\/h4>\n<p>A Parkfenntart\u00e1si Oszt\u00e1ly Kivonul\u00f3 Szolg\u00e1latot biztos\u00edt az eseti feladatok gyors \u00e9s hat\u00e9kony megold\u00e1s\u00e1ra. A kert\u00e9szekb\u0151l \u00e9s udvarosokb\u00f3l \u00e1ll\u00f3 csapat b\u00e1rmely, a Semmelweis Egyetem kezel\u00e9s\u00e9ben l\u00e9v\u0151 ter\u00fcleten bevethet\u0151. Feladataik k\u00f6z\u00e9 tartoznak az eseti gondoz\u00e1s\u00fa ter\u00fcletek \u00e1llagmeg\u00f3v\u00e1sa, beseg\u00edt\u00e9s a s\u00edkoss\u00e1gmentes\u00edt\u00e9sben, \u00e1gleszakad\u00e1s eset\u00e9n vesz\u00e9lyelh\u00e1r\u00edt\u00e1s.<\/p>\n<hr \/>\n<p>&nbsp;<\/p>\n<h4><strong>Fa\u00e1llom\u00e1ny fenntart\u00e1s<\/strong><\/h4>\n<p><strong>Feladataink:<\/strong><\/p>\n<ul>\n<li><strong>Fa\u00e1llom\u00e1ny felm\u00e9r\u00e9s, fakataszter:<\/strong> Rendszeres felm\u00e9r\u00e9s a megl\u00e9v\u0151 fa\u00e1llom\u00e1nyr\u00f3l, a f\u00e1k \u00e1llapot\u00e1nak ellen\u0151rz\u00e9se, dokument\u00e1l\u00e1sa, \u00e1llom\u00e1ny nyilv\u00e1ntart\u00e1s, \u00fctemezett fa\u00e1pol\u00e1s tervez\u00e9s<\/li>\n<li><strong>Fa\u00e1pol\u00e1s:<\/strong> Sz\u00fcks\u00e9g szerinti beavatkoz\u00e1sok v\u00e9grehajt\u00e1sa, mint \u00e1pol\u00e1s, ifj\u00edt\u00e1s, betegs\u00e9gek kezel\u00e9se; balesetvesz\u00e9lyes f\u00e1k elt\u00e1vol\u00edt\u00e1sa.<\/li>\n<li><strong>Fav\u00e9delmi tervek k\u00e9sz\u00edt\u00e9se:<\/strong> \u00e9p\u00edt\u00e9si ter\u00fcleten \u00e1ll\u00f3 f\u00e1khoz egyedi fav\u00e9delmi terv k\u00e9sz\u00fcl, amely a beruh\u00e1z\u00e1s sor\u00e1n biztos\u00edtja a fa eg\u00e9sz\u00e9ges k\u00f6rnyezet\u00e9nek fenntart\u00e1s\u00e1t, minimaliz\u00e1lja a k\u00e1rokoz\u00e1s lehet\u0151s\u00e9g\u00e9t \u00e9s megel\u0151zi a balesetvesz\u00e9lyes helyzet kialakul\u00e1s\u00e1nak kock\u00e1zat\u00e1t<\/li>\n<li><strong>Fap\u00f3tl\u00e1s<\/strong> a \u201eFogadj \u00f6r\u00f6kbe egy f\u00e1t!\u201d projekt kert\u00e9ben<\/li>\n<li><strong>Vesz\u00e9lyelh\u00e1r\u00edt\u00e1s: <\/strong>\u00e1gleszakad\u00e1s, fakid\u0151l\u00e9s eset\u00e9n gyors beavatkoz\u00e1s, a ter\u00fclet megtiszt\u00edt\u00e1sa<\/li>\n<li><strong style=\"font-size: 1rem\">Hat\u00f3s\u00e1gi \u00fcgyint\u00e9z\u00e9s:<\/strong><span style=\"font-size: 1rem\"> fav\u00e1g\u00e1s, fap\u00f3tl\u00e1si elj\u00e1r\u00e1sok lefolytat\u00e1sa, fa\u00e1pol\u00e1shoz sz\u00fcks\u00e9ges \u00fatlez\u00e1r\u00e1sok megszervez\u00e9se, lebonyol\u00edt\u00e1sa<\/span><\/li>\n<\/ul>\n<hr \/>\n<p>&nbsp;<\/p>\n<h4><strong>\u201eFogadj \u00f6r\u00f6kbe egy f\u00e1t\u201d projekt<\/strong><\/h4>\n<p>Az \u00f6kol\u00f3giai v\u00e1ls\u00e1g napjaink egyik legnagyobb kih\u00edv\u00e1sa, amelyre mindannyiunknak reag\u00e1lnunk kell. A term\u00e9szet meg\u00f3v\u00e1sa \u00e9s a fenntarthat\u00f3s\u00e1g el\u0151seg\u00edt\u00e9se k\u00f6z\u00f6s felel\u0151ss\u00e9g\u00fcnk. A <strong>&#8222;Fogadj \u00f6r\u00f6kbe egy f\u00e1t!&#8221;<\/strong> projekt c\u00e9lja a fap\u00f3tl\u00e1s, a k\u00f6rnyezettudatoss\u00e1g n\u00f6vel\u00e9se \u00e9s a z\u00f6ld k\u00f6rnyezet fenntart\u00e1sa az Egyetem ter\u00fclet\u00e9n.<\/p>\n<p><img loading=\"lazy\" decoding=\"async\" class=\"aligncenter\" src=\"https:\/\/semmelweis.hu\/szolgaltatas\/files\/2025\/09\/213145scr_28c5161249903e0.jpg\" alt=\"\" width=\"752\" height=\"501\" \/><\/p>\n<p><strong>A projekt c\u00e9lja<\/strong><\/p>\n<p>A <strong>&#8222;Fogadj \u00f6r\u00f6kbe egy f\u00e1t!&#8221;<\/strong> projekt f\u0151 c\u00e9lkit\u0171z\u00e9se a Semmelweis Egyetem z\u00f6ldter\u00fcleteinek gazdag\u00edt\u00e1sa, a k\u00f6rnyezetbar\u00e1t szeml\u00e9let er\u0151s\u00edt\u00e9se, valamint a hallgat\u00f3k, dolgoz\u00f3k \u00e9s t\u00e1mogat\u00f3k bevon\u00e1sa a fenntarthat\u00f3s\u00e1gi t\u00f6rekv\u00e9sekbe. A v\u00e1rosi k\u00f6rnyezet, k\u00fcl\u00f6n\u00f6sen a nagy forgalomnak kitett ter\u00fcleteken, fokozott kih\u00edv\u00e1sokkal szembes\u00fcl: a leveg\u0151szennyez\u00e9s, a h\u0151sziget hat\u00e1s \u00e9s a cs\u00f6kken\u0151 z\u00f6ldter\u00fcletek mind vesz\u00e9lyeztetik a mindennapi \u00e9let min\u0151s\u00e9g\u00e9t \u00e9s az eg\u00e9szs\u00e9ges k\u00f6rnyezet fenntart\u00e1s\u00e1t. A f\u00e1k fontos szerepet j\u00e1tszanak a leveg\u0151 tiszt\u00edt\u00e1s\u00e1ban, az \u00e1rny\u00e9kol\u00e1sban \u00e9s a biodiverzit\u00e1s fenntart\u00e1s\u00e1ban, \u00edgy a projekt kulcsfontoss\u00e1g\u00fa hozz\u00e1j\u00e1rul\u00e1s az Egyetem fenntarthat\u00f3 j\u00f6v\u0151j\u00e9hez.<\/p>\n<hr \/>\n<h4><strong>El\u00e9rhet\u0151s\u00e9gek<\/strong><\/h4>\n<p>Amennyiben b\u00e1rmilyen, az Egyetem parkjait \u00e9rint\u0151 \u00e9p\u00edt\u00e9si, k\u00f6zm\u0171\u00e9p\u00edt\u00e9si vagy z\u00f6ldter\u00fcletet \u00e9rint\u0151 hibaelh\u00e1r\u00edt\u00e1si feladat megrendel\u00e9s\u00e9re ker\u00fclne sor a munkater\u00fclet \u00e1tad\u00e1s el\u0151tt legal\u00e1bb 10 munkanappal vegye fel vel\u00fcnk a kapcsolatot.<\/p>\n<table style=\"border-collapse: collapse;width: 100%\">\n<tbody>\n<tr>\n<td style=\"width: 100%\"><img loading=\"lazy\" decoding=\"async\" class=\"aligncenter\" src=\"https:\/\/semmelweis.hu\/szolgaltatas\/files\/2025\/09\/Jonas_Zsuzsanna.jpg\" alt=\"\" width=\"250\" height=\"250\" \/><\/td>\n<\/tr>\n<tr>\n<td style=\"width: 100%\">\n<p style=\"text-align: center\"><strong>J\u00f3n\u00e1s Zsuzsanna<\/strong> <br \/>\nParkfenntart\u00e1si oszt\u00e1lyvezet\u0151<\/p>\n<hr \/>\n<p style=\"text-align: center\">+36 20 825 8480\u00a0<img loading=\"lazy\" decoding=\"async\" class=\"\" src=\"https:\/\/semmelweis.hu\/szolgaltatas\/files\/2025\/09\/viber_logo.png\" alt=\"\" width=\"35\" height=\"35\" \/> Viber<br \/>\n<a href=\"mailto:jonas.zsuzsanna@semmelweis.hu\">jonas.zsuzsanna@semmelweis.hu<\/a><br \/>\n<a href=\"mailto:parkfenntartas@semmelweis.hu\">parkfenntartas@semmelweis.hu<\/a><\/p>\n<\/td>\n<\/tr>\n<\/tbody>\n<\/table>\n<table style=\"border-collapse: collapse;width: 100%\">\n<tbody>\n<tr>\n<td style=\"width: 33.3333%\"><img loading=\"lazy\" decoding=\"async\" class=\"aligncenter\" src=\"https:\/\/semmelweis.hu\/szolgaltatas\/files\/2025\/09\/Sipos_Emese.jpg\" alt=\"\" width=\"194\" height=\"194\" \/><\/td>\n<td style=\"width: 33.3333%\"><img loading=\"lazy\" decoding=\"async\" class=\"aligncenter\" src=\"https:\/\/semmelweis.hu\/szolgaltatas\/files\/2025\/09\/Onodi_Andrea.jpg\" alt=\"\" width=\"183\" height=\"183\" \/><\/td>\n<td style=\"width: 33.3333%\"><img loading=\"lazy\" decoding=\"async\" class=\"aligncenter\" src=\"https:\/\/semmelweis.hu\/szolgaltatas\/files\/2025\/09\/Szabo_Apor_Ors.jpg\" alt=\"\" width=\"174\" height=\"174\" \/><\/td>\n<\/tr>\n<tr>\n<td style=\"width: 33.3333%\">\n<p style=\"text-align: center\"><strong>Sipos Emese<br \/>\n<\/strong>Adminisztr\u00e1tor<\/p>\n<hr \/>\n<p style=\"text-align: center\">+36 30 877 2754 <img loading=\"lazy\" decoding=\"async\" class=\"\" src=\"https:\/\/semmelweis.hu\/szolgaltatas\/files\/2025\/09\/viber_logo.png\" alt=\"\" width=\"35\" height=\"35\" \/> Viber<br \/>\n<a href=\"mailto:toth.sipos.emese@semmelweis.hu\">toth.sipos.emese@semmelweis.hu<\/a><br \/>\n<a href=\"mailto:parkfenntartas@semmelweis.hu\">parkfenntartas@semmelweis.hu<\/a><\/p>\n<\/td>\n<td style=\"width: 33.3333%\">\n<p style=\"text-align: center\"><strong>\u00d3nodi Andrea<br \/>\n<\/strong>Kivonul\u00f3 szolg\u00e1lat vezet\u0151je<\/p>\n<hr \/>\n<p style=\"text-align: center\">+36 20 825 9904 <img loading=\"lazy\" decoding=\"async\" class=\"\" src=\"https:\/\/semmelweis.hu\/szolgaltatas\/files\/2025\/09\/viber_logo.png\" alt=\"\" width=\"35\" height=\"35\" \/> Viber<br \/>\n<a href=\"mailto:mailtoonodi.andrea@semmelweis.hu\">onodi.andrea@semmelweis.hu<\/a><br \/>\n<a href=\"mailto:parkfenntartas@semmelweis.hu\">parkfenntartas@semmelweis.hu<\/a><\/p>\n<\/td>\n<td style=\"width: 33.3333%\">\n<p style=\"text-align: center\"><strong>Szab\u00f3 Apor \u00d6rs<br \/>\n<\/strong>Fa\u00e1llom\u00e1ny fenntart\u00e1si koordin\u00e1tor<\/p>\n<hr \/>\n<p style=\"text-align: center\">+36 30 877 1644 <img loading=\"lazy\" decoding=\"async\" class=\"\" src=\"https:\/\/semmelweis.hu\/szolgaltatas\/files\/2025\/09\/viber_logo.png\" alt=\"\" width=\"35\" height=\"35\" \/> Viber<br \/>\n<a href=\"mailto:szabo.apor.ors@semmelweis.hu\">szabo.apor.ors@semmelweis.hu<\/a><br \/>\n<a href=\"mailto:parkfenntartas@semmelweis.hu\">parkfenntartas@semmelweis.hu<\/a><\/p>\n<\/td>\n<\/tr>\n<\/tbody>\n<\/table>\n<p>&nbsp;<\/p>\n<p style=\"text-align: center\"><strong>Fakid\u0151l\u00e9s\u00a0vesz\u00e9lye eset\u00e9n k\u00e9rj\u00fck \u00e9rtes\u00edtse <\/strong><strong>az Operat\u00edv Ir\u00e1nyit\u00f3 K\u00f6zpont <br \/>\n<\/strong><strong>0-24-<\/strong><strong>ig el\u00e9rhet\u0151 munkat\u00e1rsait:<\/strong><\/p>\n<p style=\"text-align: center\"><strong>Mobil sz\u00e1m:\u00a0<\/strong>06 20\u00a0666 3333<br \/>\n<strong>Bels\u0151 mell\u00e9k:<\/strong>\u00a063333<br \/>\n<strong>E-mail:<\/strong>\u00a0oik@semmelweis.hu<\/p>\n<p style=\"text-align: center\">\u00a0<\/p>\n","protected":false},"excerpt":{"rendered":"<p>&nbsp; &nbsp; Oszt\u00e1lyunk elk\u00f6telezett a z\u00f6ld ter\u00fcletek fenntart\u00e1sa \u00e9s fejleszt\u00e9se ir\u00e1nt a Semmelweis Egyetem teljes ter\u00fclet\u00e9n, bele\u00e9rtve az \u00fcd\u00fcl\u0151ket is. C\u00e9lunk, hogy az Egyetem k\u00f6rnyezet\u00e9t harmonikus, tiszta \u00e9s rendezett \u00e1llapotban tartsuk. Feladataink Intenz\u00edv parkfenntart\u00e1s: Rendszeres f\u0171ny\u00edr\u00e1s, cserj\u00e9k \u00e9s vir\u00e1g\u00e1gyak gondoz\u00e1sa, \u00f6nt\u00f6z\u00e9s, egy- \u00e9s k\u00e9tny\u00e1ri vir\u00e1gok \u00fcltet\u00e9se \u00e9s p\u00f3tl\u00e1sa, lombgy\u0171jt\u00e9s- \u00e9s komposzt\u00e1l\u00e1s. Utak \u00e9s j\u00e1rd\u00e1k takar\u00edt\u00e1sa: &hellip;<\/p>\n","protected":false},"author":286,"featured_media":0,"parent":7,"menu_order":0,"comment_status":"closed","ping_status":"closed","template":"","meta":{"_acf_changed":false,"footnotes":""},"categories":[],"tags":[],"class_list":["post-139","page","type-page","status-publish","hentry"],"acf":[],"_links":{"self":[{"href":"https:\/\/semmelweis.hu\/szolgaltatas\/wp-json\/wp\/v2\/pages\/139","targetHints":{"allow":["GET"]}}],"collection":[{"href":"https:\/\/semmelweis.hu\/szolgaltatas\/wp-json\/wp\/v2\/pages"}],"about":[{"href":"https:\/\/semmelweis.hu\/szolgaltatas\/wp-json\/wp\/v2\/types\/page"}],"author":[{"embeddable":true,"href":"https:\/\/semmelweis.hu\/szolgaltatas\/wp-json\/wp\/v2\/users\/286"}],"replies":[{"embeddable":true,"href":"https:\/\/semmelweis.hu\/szolgaltatas\/wp-json\/wp\/v2\/comments?post=139"}],"version-history":[{"count":12,"href":"https:\/\/semmelweis.hu\/szolgaltatas\/wp-json\/wp\/v2\/pages\/139\/revisions"}],"predecessor-version":[{"id":1770,"href":"https:\/\/semmelweis.hu\/szolgaltatas\/wp-json\/wp\/v2\/pages\/139\/revisions\/1770"}],"up":[{"embeddable":true,"href":"https:\/\/semmelweis.hu\/szolgaltatas\/wp-json\/wp\/v2\/pages\/7"}],"wp:attachment":[{"href":"https:\/\/semmelweis.hu\/szolgaltatas\/wp-json\/wp\/v2\/media?parent=139"}],"wp:term":[{"taxonomy":"category","embeddable":true,"href":"https:\/\/semmelweis.hu\/szolgaltatas\/wp-json\/wp\/v2\/categories?post=139"},{"taxonomy":"post_tag","embeddable":true,"href":"https:\/\/semmelweis.hu\/szolgaltatas\/wp-json\/wp\/v2\/tags?post=139"}],"curies":[{"name":"wp","href":"https:\/\/api.w.org\/{rel}","templated":true}]}}