{"id":1156,"date":"2020-09-02T10:53:00","date_gmt":"2020-09-02T08:53:00","guid":{"rendered":"https:\/\/semmelweis.hu\/szolgaltatas\/?page_id=1156"},"modified":"2025-12-04T09:37:36","modified_gmt":"2025-12-04T08:37:36","slug":"szabalyzataink","status":"publish","type":"page","link":"https:\/\/semmelweis.hu\/szolgaltatas\/magunkrol\/szabalyzataink\/","title":{"rendered":"Szab\u00e1lyzataink"},"content":{"rendered":"<p>A mindenkor \u00e9rv\u00e9nyben l\u00e9v\u0151 szab\u00e1lyzatok \u00e9s ir\u00e1nyelvek r\u00e9szletes tartalma az al\u00e1bbi hivatkoz\u00e1son kereszt\u00fcl \u00e9rhet\u0151 el:<\/p>\n<p><a href=\"https:\/\/semmelweis.hu\/szolgaltatas\/wp-admin\/upload.php?item=1793\">Szervezeti fel\u00e9p\u00edt\u00e9s (2025)<\/a><\/p>\n<p><a href=\"https:\/\/semmelweis.hu\/jogigfoig\/files\/2024\/10\/Szolgaltatasi_szabalyzat_I_Konyv_hataly_2024.XI_.01.pdf\">Szolg\u00e1ltat\u00e1si Szab\u00e1lyzat (2024.)<\/a><\/p>\n<p><a href=\"https:\/\/semmelweis.hu\/szolgaltatas\/files\/2025\/12\/Ugyrend2025_-tervezet_.docx\">\u00dcgyrend (2025) <\/a><\/p>\n<p><a href=\"https:\/\/semmelweis.hu\/szolgaltatas\/files\/2025\/12\/Alairt-fedlap.pdf\">Al\u00e1\u00edrt fedlap (2025)<\/a><\/p>\n<p>Munkautas\u00edt\u00e1sok (2025):<\/p>\n<ul style=\"list-style-type: square\">\n<li>Orvosi g\u00e1zok\n<ul>\n<li><a href=\"https:\/\/semmelweis.hu\/szolgaltatas\/files\/2025\/12\/SE-MU-01_Orvosi_gazok-kezelese.docx\">Orvosi g\u00e1zok kezel\u00e9se<\/a><\/li>\n<\/ul>\n<\/li>\n<li>Takar\u00edt\u00e1s\n<ul style=\"list-style-type: circle\">\n<li><a href=\"https:\/\/semmelweis.hu\/szolgaltatas\/files\/2025\/12\/SE-MFI-SZI-MU-08_-A03-Teljesitesi-naplo.xlsx\"><span style=\"font-size: 1rem\">Takar\u00edt\u00e1s teljes\u00edt\u00e9si napl\u00f3<\/span><\/a><\/li>\n<li><a href=\"https:\/\/semmelweis.hu\/szolgaltatas\/files\/2025\/12\/SE-MFI-SZI-MU-04-A03_-A-takaritas-ellenorzese-Munkafolyamatok-leirasa-es-minosegellenorzes-szempontjai-1.docx\">A takar\u00edt\u00e1s ellen\u0151rz\u00e9se, munkafolyamatok le\u00edr\u00e1sa \u00e9s a min\u0151s\u00e9g-ellen\u0151rz\u00e9s szempontjai<\/a><\/li>\n<li><a href=\"https:\/\/semmelweis.hu\/szolgaltatas\/files\/2025\/12\/SE_MFI_SZI_MU_08_SZI-altal-sajat-munkavallaloval-biztositott-takaritasi-munkautasitas-1.doc\"><span style=\"font-size: 1rem\">Saj\u00e1t munkav\u00e1llal\u00f3val biztos\u00edtott szolg\u00e1ltat\u00e1s (takar\u00edt\u00e1s)<\/span><\/a><\/li>\n<li><a href=\"https:\/\/semmelweis.hu\/szolgaltatas\/files\/2025\/12\/SE-MFI-SZI-MU-04-A-szerzodes-szerinti-es-a-SZI-altal-ellatott-takaritasi-szolgalatas-monitorozasanak-folyamata.docx\"><span style=\"font-size: 1rem\">A szerz\u0151d\u00e9s szerinti \u00e9s a saj\u00e1t munkav\u00e1llal\u00f3val biztos\u00edtott szolg\u00e1ltat\u00e1s (takar\u00edt\u00e1s) monitoroz\u00e1s\u00e1nak folyamata<\/span><\/a><\/li>\n<li><a href=\"https:\/\/semmelweis.hu\/szolgaltatas\/files\/2025\/12\/SE-MFI-SZI-MU-04-A02_Emlekezeteto-jegyzokonyv-epulettakaritas-szolgaltatassal-kapcsolatos-napi-ellenorzesrol.xlsx\">Jegyz\u0151k\u00f6nyv &#8211; \u00c9p\u00fclettakar\u00edt\u00e1s szolg\u00e1ltat\u00e1ssal kapcsolatos ellen\u0151rz\u00e9s<\/a><\/li>\n<li><a href=\"https:\/\/semmelweis.hu\/szolgaltatas\/files\/2025\/12\/SE-MFI-SZI-MU-04-A04_Takaritas-ellenorzese-es-kellekszavatossag-ervenyesitese-1.docx\">A takar\u00edt\u00e1s ellen\u0151rz\u00e9se \u00e9s a kell\u00e9kszavatoss\u00e1g \u00e9rv\u00e9nyes\u00edt\u00e9se<\/a><\/li>\n<li><a href=\"https:\/\/semmelweis.hu\/szolgaltatas\/files\/2025\/12\/SE-MFI-SZI-MU-04-A05_1_hiba-fogalma_kiegeszites.docx\">A hiba fogalma<\/a><\/li>\n<\/ul>\n<\/li>\n<li><span style=\"font-size: 1rem\">\u00c9lelmez\u00e9s<\/span>\n<ul style=\"list-style-type: circle\">\n<li><a href=\"https:\/\/semmelweis.hu\/szolgaltatas\/files\/2025\/12\/SE_MFI-SZI_MU-03-A02_-Elelmezessel-kapcsolatos-hibak-es-panaszok-bejelentesere-adatlap.docx\"><span style=\"font-size: 1rem\">Beteg\u00e9lelmez\u00e9si ell\u00e1t\u00e1st \u00e9rint\u0151 hib\u00e1k \u00e9s rendk\u00edv\u00fcli esem\u00e9nyek bejelent\u00e9s\u00e9nek protokollja<\/span><\/a><\/li>\n<li><a href=\"https:\/\/semmelweis.hu\/szolgaltatas\/files\/2025\/12\/SE-MFI-SZI-MU-03-A01-Fekvobeteg-elelmezes-minosegmeres-kerdoiv-1.docx\"><span style=\"font-size: 1rem\">\u00c9lelmez\u00e9s min\u0151s\u00e9gm\u00e9r\u00e9s &#8211; k\u00e9rd\u0151\u00edv<\/span><\/a><\/li>\n<li><a href=\"https:\/\/semmelweis.hu\/szolgaltatas\/files\/2025\/12\/SE-MFI-SZI-MU-03_A-kiszervezett-elelmezes-monitorizalasanak-folyamata.doc\"><span style=\"font-size: 1rem\">Kiszervezett \u00e9lelmez\u00e9s monitoroz\u00e1s\u00e1nak folyamata<\/span><\/a><\/li>\n<\/ul>\n<\/li>\n<li>Textilell\u00e1t\u00e1s\n<ul style=\"list-style-type: circle\">\n<li><a href=\"https:\/\/semmelweis.hu\/szolgaltatas\/files\/2025\/12\/SE-MFI_SZI_MU_05_Bertextilia-munkautasitas-1.docx\">B\u00e9rtextili\u00e1k \u00e1tv\u00e9tel\u00e9nek \u00e9s \u00e1tad\u00e1s\u00e1nak folyamata<\/a><\/li>\n<li>\u00a0<\/li>\n<\/ul>\n<\/li>\n<li>Parkfenntart\u00e1s\n<ul style=\"list-style-type: circle\">\n<li><a href=\"https:\/\/semmelweis.hu\/szolgaltatas\/files\/2025\/12\/SE_MFI_SZI_MU_06_Favedelmi-eloiras-munkautasitas.docx\">Fav\u00e9delmi el\u0151\u00edr\u00e1s<\/a><\/li>\n<li><a href=\"https:\/\/semmelweis.hu\/szolgaltatas\/files\/2025\/12\/SE_MFI_SZI_MU_07_Noveny-es-parkvedelmi-eloirasok-epitesi-tevekenyseg-soran-_adatlap.docx\">N\u00f6v\u00e9ny- \u00e9s parkv\u00e9delmi el\u0151\u00edr\u00e1s \u00e9p\u00edt\u00e9si tev\u00e9kenys\u00e9g eset\u00e9n<\/a><\/li>\n<li><a href=\"https:\/\/semmelweis.hu\/szolgaltatas\/files\/2025\/12\/SE_MFI_SZI_SZR_A02_Parkfenntartasi-teruletellenorzesi-jegyzokonyv.docx\">Ter\u00fcletellen\u0151rz\u00e9si jegyz\u0151k\u00f6nyv<\/a><\/li>\n<\/ul>\n<\/li>\n<\/ul>\n<p><a href=\"https:\/\/semmelweis.hu\/minoseg\/mir-dokumentacio\/kozponti-szervezeti-egysegek\/szolgaltatasi-igazgatosag\/\">Min\u0151s\u00e9g\u00fcgyi dokumentumok<\/a><\/p>\n<p><a href=\"https:\/\/semmelweis.hu\/jogigfoig\/dokumentumtar\/szabalyzattar\/\">Egyetemi szab\u00e1lyzatt\u00e1r<\/a><\/p>\n<p>K\u00e9rj\u00fck, hogy a t\u00e1j\u00e9koz\u00f3d\u00e1s \u00e9s az el\u0151\u00edr\u00e1sok betart\u00e1sa \u00e9rdek\u00e9ben rendszeresen tekintse meg az itt k\u00f6zz\u00e9tett dokumentumokat.<\/p>\n<p>&nbsp;<\/p>\n","protected":false},"excerpt":{"rendered":"<p>A mindenkor \u00e9rv\u00e9nyben l\u00e9v\u0151 szab\u00e1lyzatok \u00e9s ir\u00e1nyelvek r\u00e9szletes tartalma az al\u00e1bbi hivatkoz\u00e1son kereszt\u00fcl \u00e9rhet\u0151 el: <a href=\"https:\/\/semmelweis.hu\/szolgaltatas\/wp-admin\/upload.php?item=1793\">Szervezeti fel\u00e9p\u00edt\u00e9s (2025)<\/a> <a href=\"https:\/\/semmelweis.hu\/jogigfoig\/files\/2024\/10\/Szolgaltatasi_szabalyzat_I_Konyv_hataly_2024.XI_.01.pdf\">Szolg\u00e1ltat\u00e1si Szab\u00e1lyzat (2024.)<\/a> <a href=\"https:\/\/semmelweis.hu\/szolgaltatas\/files\/2025\/12\/Ugyrend2025_-tervezet_.docx\">\u00dcgyrend (2025) <\/a> <a href=\"https:\/\/semmelweis.hu\/szolgaltatas\/files\/2025\/12\/Alairt-fedlap.pdf\">Al\u00e1\u00edrt fedlap (2025)<\/a> Munkautas\u00edt\u00e1sok (2025): Orvosi g\u00e1zok <a href=\"https:\/\/semmelweis.hu\/szolgaltatas\/files\/2025\/12\/SE-MU-01_Orvosi_gazok-kezelese.docx\">Orvosi g\u00e1zok kezel\u00e9se<\/a> Takar\u00edt\u00e1s <a href=\"https:\/\/semmelweis.hu\/szolgaltatas\/files\/2025\/12\/SE-MFI-SZI-MU-08_-A03-Teljesitesi-naplo.xlsx\">Takar\u00edt\u00e1s teljes\u00edt\u00e9si napl\u00f3<\/a> <a href=\"https:\/\/semmelweis.hu\/szolgaltatas\/files\/2025\/12\/SE-MFI-SZI-MU-04-A03_-A-takaritas-ellenorzese-Munkafolyamatok-leirasa-es-minosegellenorzes-szempontjai-1.docx\">A takar\u00edt\u00e1s ellen\u0151rz\u00e9se, munkafolyamatok le\u00edr\u00e1sa \u00e9s a min\u0151s\u00e9g-ellen\u0151rz\u00e9s szempontjai<\/a> <a href=\"https:\/\/semmelweis.hu\/szolgaltatas\/files\/2025\/12\/SE_MFI_SZI_MU_08_SZI-altal-sajat-munkavallaloval-biztositott-takaritasi-munkautasitas-1.doc\">Saj\u00e1t munkav\u00e1llal\u00f3val biztos\u00edtott szolg\u00e1ltat\u00e1s (takar\u00edt\u00e1s)<\/a> <a href=\"https:\/\/semmelweis.hu\/szolgaltatas\/files\/2025\/12\/SE-MFI-SZI-MU-04-A-szerzodes-szerinti-es-a-SZI-altal-ellatott-takaritasi-szolgalatas-monitorozasanak-folyamata.docx\">A szerz\u0151d\u00e9s szerinti \u00e9s a saj\u00e1t munkav\u00e1llal\u00f3val biztos\u00edtott szolg\u00e1ltat\u00e1s (takar\u00edt\u00e1s) monitoroz\u00e1s\u00e1nak folyamata<\/a> <a href=\"https:\/\/semmelweis.hu\/szolgaltatas\/files\/2025\/12\/SE-MFI-SZI-MU-04-A02_Emlekezeteto-jegyzokonyv-epulettakaritas-szolgaltatassal-kapcsolatos-napi-ellenorzesrol.xlsx\">Jegyz\u0151k\u00f6nyv &#8211; \u00c9p\u00fclettakar\u00edt\u00e1s szolg\u00e1ltat\u00e1ssal kapcsolatos ellen\u0151rz\u00e9s<\/a> <a href=\"https:\/\/semmelweis.hu\/szolgaltatas\/files\/2025\/12\/SE-MFI-SZI-MU-04-A04_Takaritas-ellenorzese-es-kellekszavatossag-ervenyesitese-1.docx\">A takar\u00edt\u00e1s ellen\u0151rz\u00e9se \u00e9s a kell\u00e9kszavatoss\u00e1g \u00e9rv\u00e9nyes\u00edt\u00e9se<\/a> <a href=\"https:\/\/semmelweis.hu\/szolgaltatas\/files\/2025\/12\/SE-MFI-SZI-MU-04-A05_1_hiba-fogalma_kiegeszites.docx\">A hiba fogalma<\/a> \u00c9lelmez\u00e9s <a href=\"https:\/\/semmelweis.hu\/szolgaltatas\/files\/2025\/12\/SE_MFI-SZI_MU-03-A02_-Elelmezessel-kapcsolatos-hibak-es-panaszok-bejelentesere-adatlap.docx\">Beteg\u00e9lelmez\u00e9si ell\u00e1t\u00e1st \u00e9rint\u0151 hib\u00e1k \u00e9s rendk\u00edv\u00fcli esem\u00e9nyek bejelent\u00e9s\u00e9nek protokollja<\/a> <a href=\"https:\/\/semmelweis.hu\/szolgaltatas\/files\/2025\/12\/SE-MFI-SZI-MU-03-A01-Fekvobeteg-elelmezes-minosegmeres-kerdoiv-1.docx\">\u00c9lelmez\u00e9s min\u0151s\u00e9gm\u00e9r\u00e9s &#8211; k\u00e9rd\u0151\u00edv<\/a> <a href=\"https:\/\/semmelweis.hu\/szolgaltatas\/files\/2025\/12\/SE-MFI-SZI-MU-03_A-kiszervezett-elelmezes-monitorizalasanak-folyamata.doc\">Kiszervezett \u00e9lelmez\u00e9s monitoroz\u00e1s\u00e1nak folyamata<\/a> Textilell\u00e1t\u00e1s <a href=\"https:\/\/semmelweis.hu\/szolgaltatas\/files\/2025\/12\/SE-MFI_SZI_MU_05_Bertextilia-munkautasitas-1.docx\">B\u00e9rtextili\u00e1k \u00e1tv\u00e9tel\u00e9nek \u00e9s \u00e1tad\u00e1s\u00e1nak folyamata<\/a> \u00a0 Parkfenntart\u00e1s <a href=\"https:\/\/semmelweis.hu\/szolgaltatas\/files\/2025\/12\/SE_MFI_SZI_MU_06_Favedelmi-eloiras-munkautasitas.docx\">Fav\u00e9delmi el\u0151\u00edr\u00e1s<\/a> <a href=\"https:\/\/semmelweis.hu\/szolgaltatas\/files\/2025\/12\/SE_MFI_SZI_MU_07_Noveny-es-parkvedelmi-eloirasok-epitesi-tevekenyseg-soran-_adatlap.docx\">N\u00f6v\u00e9ny- \u00e9s parkv\u00e9delmi el\u0151\u00edr\u00e1s \u00e9p\u00edt\u00e9si tev\u00e9kenys\u00e9g eset\u00e9n<\/a> <a href=\"https:\/\/semmelweis.hu\/szolgaltatas\/files\/2025\/12\/SE_MFI_SZI_SZR_A02_Parkfenntartasi-teruletellenorzesi-jegyzokonyv.docx\">Ter\u00fcletellen\u0151rz\u00e9si jegyz\u0151k\u00f6nyv<\/a> <a href=\"https:\/\/semmelweis.hu\/minoseg\/mir-dokumentacio\/kozponti-szervezeti-egysegek\/szolgaltatasi-igazgatosag\/\">Min\u0151s\u00e9g\u00fcgyi dokumentumok<\/a> <a href=\"https:\/\/semmelweis.hu\/jogigfoig\/dokumentumtar\/szabalyzattar\/\">Egyetemi szab\u00e1lyzatt\u00e1r<\/a> K\u00e9rj\u00fck, hogy a t\u00e1j\u00e9koz\u00f3d\u00e1s \u00e9s az el\u0151\u00edr\u00e1sok betart\u00e1sa \u00e9rdek\u00e9ben rendszeresen tekintse meg az itt k\u00f6zz\u00e9tett dokumentumokat. &hellip;<\/p>\n","protected":false},"author":286,"featured_media":0,"parent":127,"menu_order":0,"comment_status":"closed","ping_status":"closed","template":"","meta":{"_acf_changed":false,"footnotes":""},"categories":[],"tags":[],"class_list":["post-1156","page","type-page","status-publish","hentry"],"acf":[],"_links":{"self":[{"href":"https:\/\/semmelweis.hu\/szolgaltatas\/wp-json\/wp\/v2\/pages\/1156","targetHints":{"allow":["GET"]}}],"collection":[{"href":"https:\/\/semmelweis.hu\/szolgaltatas\/wp-json\/wp\/v2\/pages"}],"about":[{"href":"https:\/\/semmelweis.hu\/szolgaltatas\/wp-json\/wp\/v2\/types\/page"}],"author":[{"embeddable":true,"href":"https:\/\/semmelweis.hu\/szolgaltatas\/wp-json\/wp\/v2\/users\/286"}],"replies":[{"embeddable":true,"href":"https:\/\/semmelweis.hu\/szolgaltatas\/wp-json\/wp\/v2\/comments?post=1156"}],"version-history":[{"count":8,"href":"https:\/\/semmelweis.hu\/szolgaltatas\/wp-json\/wp\/v2\/pages\/1156\/revisions"}],"predecessor-version":[{"id":1801,"href":"https:\/\/semmelweis.hu\/szolgaltatas\/wp-json\/wp\/v2\/pages\/1156\/revisions\/1801"}],"up":[{"embeddable":true,"href":"https:\/\/semmelweis.hu\/szolgaltatas\/wp-json\/wp\/v2\/pages\/127"}],"wp:attachment":[{"href":"https:\/\/semmelweis.hu\/szolgaltatas\/wp-json\/wp\/v2\/media?parent=1156"}],"wp:term":[{"taxonomy":"category","embeddable":true,"href":"https:\/\/semmelweis.hu\/szolgaltatas\/wp-json\/wp\/v2\/categories?post=1156"},{"taxonomy":"post_tag","embeddable":true,"href":"https:\/\/semmelweis.hu\/szolgaltatas\/wp-json\/wp\/v2\/tags?post=1156"}],"curies":[{"name":"wp","href":"https:\/\/api.w.org\/{rel}","templated":true}]}}