{"id":9,"date":"2019-04-29T14:57:22","date_gmt":"2019-04-29T12:57:22","guid":{"rendered":"http:\/\/semmelweis.hu\/szimulacios-kozpont\/?page_id=9"},"modified":"2025-09-23T10:59:49","modified_gmt":"2025-09-23T08:59:49","slug":"elerhetoseg","status":"publish","type":"page","link":"https:\/\/semmelweis.hu\/szimulacios-kozpont\/elerhetoseg\/","title":{"rendered":"Kapcsolat"},"content":{"rendered":"<p><span style=\"font-family: georgia, palatino, serif\">Klinikai Szimul\u00e1ci\u00f3s Tansz\u00e9ki Csoport <br \/><\/span><\/p>\n<p><span style=\"font-family: georgia, palatino, serif\">Semmelweis Szimul\u00e1ci\u00f3s K\u00f6zpont <br \/><\/span><span style=\"font-family: georgia, palatino, serif\">1096 Budapest, Ern\u0151 u. 7.<\/span><\/p>\n<p>Oktat\u00e1si koordin\u00e1torok:<\/p>\n<p>Hornung Barbara\/ 06 20 772-4382<\/p>\n<p>Orgov\u00e1nyi Szilvia\/ 06 20 666-3533<\/p>\n<p><span style=\"font-family: georgia, palatino, serif\">e-mail: <a href=\"mailto:szimulacioskozpont@semmelweis.hu\">szimulacioskozpont@semmelweis.hu<\/a><\/span> \u00a0<\/p>\n<p><span style=\"font-family: georgia, palatino, serif\"><em>A helysz\u00edn a Nagyv\u00e1rad t\u00e9rt\u0151l \u00f6t perces s\u00e9t\u00e1val k\u00f6zel\u00edthet\u0151 meg, aut\u00f3val k\u00f6zvetlen\u00fcl az Ern\u0151 utc\u00e1ban is van lehet\u0151s\u00e9g parkol\u00e1sra. <\/em><\/span><\/p>\n<p><span style=\"font-family: georgia, palatino, serif\"><em>A parkol\u00e1s az utc\u00e1ban d\u00edjk\u00f6teles.<\/em><\/span><\/p>\n","protected":false},"excerpt":{"rendered":"<p>Klinikai Szimul\u00e1ci\u00f3s Tansz\u00e9ki Csoport<br \/>\nSemmelweis Szimul\u00e1ci\u00f3s K\u00f6zpont 1096 Budapest, Ern\u0151 u. 7.<br \/>\nOktat\u00e1si koordin\u00e1torok:<br \/>\nHornung Barbara\/ 06 20 772-4382<br \/>\nOrgov\u00e1nyi Szilvia\/ 06 20 666-3533<br \/>\ne-mail: <a href=\"mailto:szimulacioskozpont@semmelweis.hu\">szimulacioskozpont@semmelweis.hu<\/a> \u00a0<br \/>\nA helysz\u00edn a Nagyv\u00e1rad t\u00e9rt\u0151l \u00f6t perces s\u00e9t\u00e1val k\u00f6zel\u00edthet\u0151 meg, aut\u00f3val k\u00f6zvetlen\u00fcl az Ern\u0151 utc\u00e1ban is van lehet\u0151s\u00e9g parkol\u00e1sra.<br \/>\nA parkol\u00e1s az utc\u00e1ban d\u00edjk\u00f6teles.<\/p>\n","protected":false},"author":101484,"featured_media":0,"parent":0,"menu_order":7,"comment_status":"closed","ping_status":"closed","template":"","meta":{"_acf_changed":false,"footnotes":""},"categories":[],"tags":[],"class_list":["post-9","page","type-page","status-publish","hentry"],"acf":[],"_links":{"self":[{"href":"https:\/\/semmelweis.hu\/szimulacios-kozpont\/wp-json\/wp\/v2\/pages\/9","targetHints":{"allow":["GET"]}}],"collection":[{"href":"https:\/\/semmelweis.hu\/szimulacios-kozpont\/wp-json\/wp\/v2\/pages"}],"about":[{"href":"https:\/\/semmelweis.hu\/szimulacios-kozpont\/wp-json\/wp\/v2\/types\/page"}],"author":[{"embeddable":true,"href":"https:\/\/semmelweis.hu\/szimulacios-kozpont\/wp-json\/wp\/v2\/users\/101484"}],"replies":[{"embeddable":true,"href":"https:\/\/semmelweis.hu\/szimulacios-kozpont\/wp-json\/wp\/v2\/comments?post=9"}],"version-history":[{"count":10,"href":"https:\/\/semmelweis.hu\/szimulacios-kozpont\/wp-json\/wp\/v2\/pages\/9\/revisions"}],"predecessor-version":[{"id":595,"href":"https:\/\/semmelweis.hu\/szimulacios-kozpont\/wp-json\/wp\/v2\/pages\/9\/revisions\/595"}],"wp:attachment":[{"href":"https:\/\/semmelweis.hu\/szimulacios-kozpont\/wp-json\/wp\/v2\/media?parent=9"}],"wp:term":[{"taxonomy":"category","embeddable":true,"href":"https:\/\/semmelweis.hu\/szimulacios-kozpont\/wp-json\/wp\/v2\/categories?post=9"},{"taxonomy":"post_tag","embeddable":true,"href":"https:\/\/semmelweis.hu\/szimulacios-kozpont\/wp-json\/wp\/v2\/tags?post=9"}],"curies":[{"name":"wp","href":"https:\/\/api.w.org\/{rel}","templated":true}]}}