{"id":85,"date":"2019-10-29T13:04:51","date_gmt":"2019-10-29T12:04:51","guid":{"rendered":"http:\/\/semmelweis.hu\/szimulacios-kozpont\/?page_id=85"},"modified":"2019-10-29T13:04:51","modified_gmt":"2019-10-29T12:04:51","slug":"kepzesek-tarsklinikak-es-tarsintezetek-reszere","status":"publish","type":"page","link":"https:\/\/semmelweis.hu\/szimulacios-kozpont\/szolgaltatasok\/kepzesek-tarsklinikak-es-tarsintezetek-reszere\/","title":{"rendered":"K\u00e9pz\u00e9sek T\u00e1rsklinik\u00e1k \u00e9s T\u00e1rsint\u00e9zetek r\u00e9sz\u00e9re"},"content":{"rendered":"<p>A Klinikai Szimul\u00e1ci\u00f3s Tansz\u00e9ki Csoport a Semmelweis Egyetem int\u00e9zetei \u00e9s klinik\u00e1i sz\u00e1m\u00e1ra alapszint\u0171 \u00fajra\u00e9leszt\u00e9st (BLS-AED), valamint a vesz\u00e9lyeztetett \u00e1llapot\u00fa p\u00e1ciens felismer\u00e9s\u00e9nek \u00e9s ell\u00e1t\u00e1s\u00e1nak k\u00e9szs\u00e9gszint\u0171 elsaj\u00e1t\u00edt\u00e1s\u00e1t (ABCDE-SBAR) c\u00e9lz\u00f3 k\u00e9pz\u00e9seket szervez.<\/p>\n<p>Az alapszint\u0171 \u00fajra\u00e9leszt\u00e9s k\u00e9pz\u00e9st az ABCDE-SBAR gyakorlatt\u00f3l f\u00fcggetlen\u00fcl is tartjuk. A BLS-AED \u00e9s ABCDE-SBAR gyakorlatok egy\u00fcttes elv\u00e9gz\u00e9s\u00e9t, azonban kifejezetten aj\u00e1nljuk beteg\u00e1gy mellett dolgoz\u00f3 munkat\u00e1rsaink r\u00e9sz\u00e9re.<\/p>\n<p>Az ABCDE-SBAR-gyakorlatok magash\u0171s\u00e9g\u0171 szimul\u00e1ci\u00f3s k\u00f6rnyezetben ker\u00fclnek megtart\u00e1sra. A magash\u0171s\u00e9g\u0171 (r\u00f6viden: HiFi (high fidelity)) k\u00f6rnyezetben sz\u00e1m\u00edt\u00f3g\u00e9p \u00e1ltal szab\u00e1lyozott fiziol\u00f3giai jeleket \u00e9s bizonyos \u00e9letjelens\u00e9geket (pl. l\u00e9gz\u00e9s, pulzus, pislog\u00e1s) mutat\u00f3 manikin szem\u00e9lyes\u00edti meg a p\u00e1cienst.<\/p>\n<p>A gyakorlatt\u00edpusok r\u00e9szletesen:<\/p>\n<p><u>BLS-AED gyakorlat<\/u><\/p>\n<p>Az alapszint\u0171 \u00fajra\u00e9leszt\u00e9s (r\u00f6viden: BLS (Basic Life Support)) gyakorlat sor\u00e1n a r\u00e9sztvev\u0151knek lehet\u0151s\u00e9g\u00fck van k\u00e9szs\u00e9gszinten elsaj\u00e1t\u00edtani:<\/p>\n<ul>\n<li>az Eur\u00f3pai \u00dajra\u00e9leszt\u00e9si T\u00e1rsas\u00e1g (ERC) \u00e1ltal kiadott legfrissebb protokoll alkalmaz\u00e1sa ment\u00e9n az \u00fajra\u00e9leszt\u00e9s alapvet\u0151 met\u00f3dus\u00e1t \u00e9s a f\u00e9lautomata defibrill\u00e1tor (r\u00f6viden: AED (automated external defibrillator)) haszn\u00e1lat\u00e1t, valamint<\/li>\n<li>a stabil oldalfektet\u00e9st \u00e9s<\/li>\n<li>a l\u00e9g\u00fati idegentest hat\u00e9kony elt\u00e1vol\u00edt\u00e1s\u00e1nak m\u00f3dszer\u00e9t.<\/li>\n<\/ul>\n<p><u>\u00a0<\/u><\/p>\n<p><u>ABCDE-gyorsvizsg\u00e1lat + SBAR kommunik\u00e1ci\u00f3<\/u><\/p>\n<p>Az eg\u00e9szs\u00e9g\u00fcgyi munka mindennapjaiban el\u0151fordul olyan helyzet, amikor egy r\u00e1n\u00e9z\u00e9sre \u201cigen rosszul l\u00e9v\u0151\u201d p\u00e1cienst \u201ctal\u00e1lunk\u201d. Egy ilyen szitu\u00e1ci\u00f3ban a szakember sz\u00e1m\u00e1ra jellemz\u0151en hamar \u00e9rz\u0151dik, hogy a beteg \u2013 a tov\u00e1bbi \u00e1llapotroml\u00e1s, illetve a kering\u00e9smeg\u00e1ll\u00e1s szempontj\u00e1b\u00f3l \u2013 vesz\u00e9lyeztetett \u00e1llapotban van. A tov\u00e1bbi \u00e1llapotroml\u00e1s, illetve a kering\u00e9smeg\u00e1ll\u00e1s megel\u0151z\u00e9se \u00e9rdek\u00e9ben teh\u00e1t gyors \u00e1llapotfelm\u00e9r\u00e9sre \u00e9s hat\u00e9kony seg\u00edts\u00e9gh\u00edv\u00e1sra van sz\u00fcks\u00e9g.<\/p>\n<p>Ilyen esetekben az ABCDE-szeml\u00e9letm\u00f3d \u00e9rtelm\u00e9ben egy olyan szisztematikus csekklista alapj\u00e1n vizsg\u00e1ljuk v\u00e9gig a kering\u00e9smeg\u00e1ll\u00e1s szempontj\u00e1b\u00f3l vesz\u00e9lyeztetett p\u00e1cienst, ahol<\/p>\n<p>\u2013 mindig azzal foglalkozunk el\u0151bb, ami potenci\u00e1lisan el\u0151bb vezet kering\u00e9smeg\u00e1ll\u00e1shoz (a sorrendis\u00e9g ez\u00e9rt szigor\u00fa);<\/p>\n<p>\u2013 sz\u00fcks\u00e9g eset\u00e9n be is avatkozunk;<\/p>\n<p>\u2013 id\u0151r\u0151l id\u0151re \u00fajravizsg\u00e1ljuk a p\u00e1cienst<\/p>\n<p>A kering\u00e9smeg\u00e1ll\u00e1s szempontj\u00e1b\u00f3l vesz\u00e9lyeztetett p\u00e1cienssel val\u00f3 foglalkoz\u00e1s mindemellett megk\u00f6veteli a hat\u00e9kony kommunik\u00e1ci\u00f3t is.<\/p>\n<p>A kommunik\u00e1ci\u00f3 hat\u00e9konys\u00e1g\u00e1nak egyik lehets\u00e9ges m\u00f3dja, amikor a k\u00f6zl\u0151 \u00e9s a befogad\u00f3 felek azonos hull\u00e1mhosszra ker\u00fclnek. Az SBAR-kommunik\u00e1ci\u00f3 legf\u0151k\u00e9ppen a k\u00f6zl\u00e9s inform\u00e1ci\u00f3tartalm\u00e1nak protokoll\u00e1ris struktur\u00e1l\u00e1sa r\u00e9v\u00e9n \u00e9ri el e hat\u00e1st.<\/p>\n<p><u>Jelentkez\u00e9s \u00e9s tov\u00e1bbi inform\u00e1ci\u00f3:<\/u><a href=\"mailto:szimulacioskozpont@semmelweis-univ.hu\">szimulacioskozpont@semmelweis-univ.hu<\/a><\/p>\n","protected":false},"excerpt":{"rendered":"<p>A Klinikai Szimul\u00e1ci\u00f3s Tansz\u00e9ki Csoport a Semmelweis Egyetem int\u00e9zetei \u00e9s klinik\u00e1i sz\u00e1m\u00e1ra alapszint\u0171 \u00fajra\u00e9leszt\u00e9st (BLS-AED), valamint a vesz\u00e9lyeztetett \u00e1llapot\u00fa p\u00e1ciens felismer\u00e9s\u00e9nek \u00e9s ell\u00e1t\u00e1s\u00e1nak k\u00e9szs\u00e9gszint\u0171 elsaj\u00e1t\u00edt\u00e1s\u00e1t (ABCDE-SBAR) c\u00e9lz\u00f3 k\u00e9pz\u00e9seket szervez. Az alapszint\u0171 \u00fajra\u00e9leszt\u00e9s k\u00e9pz\u00e9st az ABCDE-SBAR gyakorlatt\u00f3l f\u00fcggetlen\u00fcl is tartjuk. A BLS-AED \u00e9s ABCDE-SBAR gyakorlatok egy\u00fcttes elv\u00e9gz\u00e9s\u00e9t, azonban kifejezetten aj\u00e1nljuk beteg\u00e1gy mellett dolgoz\u00f3 munkat\u00e1rsaink r\u00e9sz\u00e9re. Az &hellip;<\/p>\n","protected":false},"author":101484,"featured_media":0,"parent":27,"menu_order":2,"comment_status":"closed","ping_status":"closed","template":"","meta":{"_acf_changed":false,"footnotes":""},"categories":[],"tags":[],"class_list":["post-85","page","type-page","status-publish","hentry"],"acf":[],"_links":{"self":[{"href":"https:\/\/semmelweis.hu\/szimulacios-kozpont\/wp-json\/wp\/v2\/pages\/85","targetHints":{"allow":["GET"]}}],"collection":[{"href":"https:\/\/semmelweis.hu\/szimulacios-kozpont\/wp-json\/wp\/v2\/pages"}],"about":[{"href":"https:\/\/semmelweis.hu\/szimulacios-kozpont\/wp-json\/wp\/v2\/types\/page"}],"author":[{"embeddable":true,"href":"https:\/\/semmelweis.hu\/szimulacios-kozpont\/wp-json\/wp\/v2\/users\/101484"}],"replies":[{"embeddable":true,"href":"https:\/\/semmelweis.hu\/szimulacios-kozpont\/wp-json\/wp\/v2\/comments?post=85"}],"version-history":[{"count":1,"href":"https:\/\/semmelweis.hu\/szimulacios-kozpont\/wp-json\/wp\/v2\/pages\/85\/revisions"}],"predecessor-version":[{"id":86,"href":"https:\/\/semmelweis.hu\/szimulacios-kozpont\/wp-json\/wp\/v2\/pages\/85\/revisions\/86"}],"up":[{"embeddable":true,"href":"https:\/\/semmelweis.hu\/szimulacios-kozpont\/wp-json\/wp\/v2\/pages\/27"}],"wp:attachment":[{"href":"https:\/\/semmelweis.hu\/szimulacios-kozpont\/wp-json\/wp\/v2\/media?parent=85"}],"wp:term":[{"taxonomy":"category","embeddable":true,"href":"https:\/\/semmelweis.hu\/szimulacios-kozpont\/wp-json\/wp\/v2\/categories?post=85"},{"taxonomy":"post_tag","embeddable":true,"href":"https:\/\/semmelweis.hu\/szimulacios-kozpont\/wp-json\/wp\/v2\/tags?post=85"}],"curies":[{"name":"wp","href":"https:\/\/api.w.org\/{rel}","templated":true}]}}