{"id":63,"date":"2019-10-29T12:51:48","date_gmt":"2019-10-29T11:51:48","guid":{"rendered":"http:\/\/semmelweis.hu\/szimulacios-kozpont\/?page_id=63"},"modified":"2019-10-29T12:53:48","modified_gmt":"2019-10-29T11:53:48","slug":"a-klinikai-szimulacios-instruktori-jelentkezes-feltetelei","status":"publish","type":"page","link":"https:\/\/semmelweis.hu\/szimulacios-kozpont\/oktatas\/gradualis-kepzes\/instruktorkepzes-az-aitk-demonstratorai-es-klinikai-szimulacios-instruktorai-reszere\/a-klinikai-szimulacios-instruktori-jelentkezes-feltetelei\/","title":{"rendered":"A klinikai szimul\u00e1ci\u00f3s instruktori jelentkez\u00e9s felt\u00e9telei"},"content":{"rendered":"<p><strong>A klinikai szimul\u00e1ci\u00f3s instruktori p\u00e1ly\u00e1zat lead\u00e1s\u00e1nak hat\u00e1rideje:<br \/>\n<\/strong><strong><span style=\"color: #ff0000\">2019. m\u00e1jus 24. <\/span><\/strong><span style=\"color: #ff0000\">p\u00e9ntek <\/span><\/p>\n<p>A p\u00e1ly\u00e1zatot a <a href=\"mailto:demonstratorok.aitk@med.semmelweis-univ.hu\">demonstratorok.aitk@med.semmelweis-univ.hu<\/a> emailc\u00edmre v\u00e1rjuk.<\/p>\n<p>Azon hallgat\u00f3 jelentkez\u00e9s\u00e9t v\u00e1rjuk, aki a szkill- \u00e9s szimul\u00e1ci\u00f3s oktat\u00e1s ter\u00fclet\u00e9n kifejezett \u00e9rdekl\u0151d\u00e9st mutat.<\/p>\n<p style=\"padding-left: 60px\">\n","protected":false},"excerpt":{"rendered":"<p>A klinikai szimul\u00e1ci\u00f3s instruktori p\u00e1ly\u00e1zat lead\u00e1s\u00e1nak hat\u00e1rideje:<br \/>\n2019. m\u00e1jus 24. p\u00e9ntek<br \/>\nA p\u00e1ly\u00e1zatot a <a href=\"mailto:demonstratorok.aitk@med.semmelweis-univ.hu\">demonstratorok.aitk@med.semmelweis-univ.hu<\/a> emailc\u00edmre v\u00e1rjuk.<br \/>\nAzon hallgat\u00f3 jelentkez\u00e9s\u00e9t v\u00e1rjuk, aki a szkill- \u00e9s szimul\u00e1ci\u00f3s oktat\u00e1s ter\u00fclet\u00e9n kifejezett \u00e9rdekl\u0151d\u00e9st mutat.<\/p>\n","protected":false},"author":101484,"featured_media":0,"parent":59,"menu_order":2,"comment_status":"closed","ping_status":"closed","template":"","meta":{"_acf_changed":false,"footnotes":""},"categories":[],"tags":[],"class_list":["post-63","page","type-page","status-publish","hentry"],"acf":[],"_links":{"self":[{"href":"https:\/\/semmelweis.hu\/szimulacios-kozpont\/wp-json\/wp\/v2\/pages\/63","targetHints":{"allow":["GET"]}}],"collection":[{"href":"https:\/\/semmelweis.hu\/szimulacios-kozpont\/wp-json\/wp\/v2\/pages"}],"about":[{"href":"https:\/\/semmelweis.hu\/szimulacios-kozpont\/wp-json\/wp\/v2\/types\/page"}],"author":[{"embeddable":true,"href":"https:\/\/semmelweis.hu\/szimulacios-kozpont\/wp-json\/wp\/v2\/users\/101484"}],"replies":[{"embeddable":true,"href":"https:\/\/semmelweis.hu\/szimulacios-kozpont\/wp-json\/wp\/v2\/comments?post=63"}],"version-history":[{"count":2,"href":"https:\/\/semmelweis.hu\/szimulacios-kozpont\/wp-json\/wp\/v2\/pages\/63\/revisions"}],"predecessor-version":[{"id":67,"href":"https:\/\/semmelweis.hu\/szimulacios-kozpont\/wp-json\/wp\/v2\/pages\/63\/revisions\/67"}],"up":[{"embeddable":true,"href":"https:\/\/semmelweis.hu\/szimulacios-kozpont\/wp-json\/wp\/v2\/pages\/59"}],"wp:attachment":[{"href":"https:\/\/semmelweis.hu\/szimulacios-kozpont\/wp-json\/wp\/v2\/media?parent=63"}],"wp:term":[{"taxonomy":"category","embeddable":true,"href":"https:\/\/semmelweis.hu\/szimulacios-kozpont\/wp-json\/wp\/v2\/categories?post=63"},{"taxonomy":"post_tag","embeddable":true,"href":"https:\/\/semmelweis.hu\/szimulacios-kozpont\/wp-json\/wp\/v2\/tags?post=63"}],"curies":[{"name":"wp","href":"https:\/\/api.w.org\/{rel}","templated":true}]}}