{"id":61,"date":"2019-10-29T12:51:16","date_gmt":"2019-10-29T11:51:16","guid":{"rendered":"http:\/\/semmelweis.hu\/szimulacios-kozpont\/?page_id=61"},"modified":"2019-10-29T12:51:16","modified_gmt":"2019-10-29T11:51:16","slug":"a-klinikai-szimulacios-instruktorral-szembeni-elvarasok","status":"publish","type":"page","link":"https:\/\/semmelweis.hu\/szimulacios-kozpont\/oktatas\/gradualis-kepzes\/instruktorkepzes-az-aitk-demonstratorai-es-klinikai-szimulacios-instruktorai-reszere\/a-klinikai-szimulacios-instruktorral-szembeni-elvarasok\/","title":{"rendered":"A klinikai szimul\u00e1ci\u00f3s instruktorral szembeni elv\u00e1r\u00e1sok"},"content":{"rendered":"<p>Az Aneszteziol\u00f3giai \u00e9s Intenz\u00edv Ter\u00e1pi\u00e1s Klinik\u00e1n a klinikai szimul\u00e1ci\u00f3s instruktort\u00f3l elv\u00e1rt tev\u00e9kenys\u00e9gek:<\/p>\n<p style=\"padding-left: 30px\">&#8211; <strong><span style=\"color: #0000ff\">hallgat\u00f3k\u00e9nt <\/span><\/strong>az <strong>oktat\u00e1s-m\u00f3dszertani <\/strong>\u00e9s<strong> bels\u0151 szakmai k\u00e9pz\u00e9seken <\/strong>val\u00f3 r\u00e9szv\u00e9tel: a demonstr\u00e1tori tev\u00e9kenys\u00e9gre val\u00f3 felk\u00e9sz\u00edt\u00e9s jegy\u00e9ben a ny\u00e1r elej\u00e9n<br \/>\n(<span style=\"color: #ff0000\">2019. j\u00fanius 24-\u00e9n, 25-\u00e9n \u00e9s 27-\u00e9n<\/span>, mindh\u00e1rom napon, egyeztetett, kb. 6 \u00f3r\u00e1s id\u0151s\u00e1vokban)<br \/>\n\u00e9s a ny\u00e1r v\u00e9g\u00e9n a tan\u00e9vkezd\u00e9s el\u0151tt, illetve k\u00e9s\u0151bb a tan\u00e9v folyam\u00e1n sz\u00fcks\u00e9g szerint;<\/p>\n<p style=\"padding-left: 30px\">&#8211; <strong><span style=\"color: #0000ff\">t\u00e1rs-gyakorlatvezet\u0151k\u00e9nt<\/span> <\/strong>a szkill- vagy szimul\u00e1ci\u00f3s k\u00e9pz\u00e9selemet tartalmaz\u00f3 gyakorlatokon val\u00f3 r\u00e9szv\u00e9tel: el\u0151zetesen egyeztetett beoszt\u00e1s alapj\u00e1n<\/p>\n<p style=\"padding-left: 60px\"><span style=\"color: #ff0000\"> hatod\u00e9ves klinikai szimul\u00e1ci\u00f3s instruktork\u00e9nt:<br \/>\n<\/span>\u2022 az \u00f6t\u00f6d\u00e9ves <strong> Intenz\u00edv ter\u00e1pia \u00e9s aneszteziol\u00f3gia<\/strong> <strong>t\u00e1rgy <\/strong>gyakorlatain val\u00f3 r\u00e9szv\u00e9tel, mint<br \/>\n&#8211; a CPR-alap, a CPR-Sim1 \u00e9s a CPR-Sim2 szimul\u00e1ci\u00f3s gyakorlatok,<br \/>\n&#8211; a HiFi-Sim szimul\u00e1ci\u00f3s gyakorlat,<br \/>\n&#8211; a gyakorlati vizsgaelem sor\u00e1n.<\/p>\n<p style=\"padding-left: 60px\"><span style=\"color: #ff0000\">negyed- vagy \u00f6t\u00f6d\u00e9ves klinikai szimul\u00e1ci\u00f3s instruktork\u00e9nt:<br \/>\n<\/span> &#8211; a harmad\u00e9ves ABCDE-SBAR HiFi-gyakorlaton technikai instruktork\u00e9nt val\u00f3 r\u00e9szv\u00e9tel;<br \/>\n&#8211; a harmad\u00e9ves friss\u00edt\u0151 KhBLS-k\u00e9pz\u00e9sen val\u00f3 r\u00e9szv\u00e9tel;<br \/>\n&#8211; az els\u0151- \u00e9s m\u00e1sod\u00e9ves \u00c1pol\u00e1stani k\u00e9szs\u00e9gfejleszt\u00e9si gyakorlaton val\u00f3 r\u00e9szv\u00e9tel t\u00e1rs-instruktork\u00e9nt.<\/p>\n<p style=\"padding-left: 60px\"><span style=\"color: #ff0000\">harmad\u00e9ves klinikai szimul\u00e1ci\u00f3s instruktork\u00e9nt:<\/span><br \/>\n&#8211; az els\u0151- \u00e9s m\u00e1sod\u00e9ves \u00c1pol\u00e1stani k\u00e9szs\u00e9gfejleszt\u00e9si gyakorlatokon val\u00f3 r\u00e9szv\u00e9tel t\u00e1rs-instruktork\u00e9nt.<\/p>\n<p style=\"padding-left: 30px\">&#8211; <strong><span style=\"color: #0000ff\">teremfelel\u0151sk\u00e9nt<\/span><\/strong> el\u0151zetesen egyeztetett beoszt\u00e1s alapj\u00e1n a Klinika \u00e1ltal tartott<br \/>\n&#8211; el\u0151ad\u00e1sokon t\u00f6rt\u00e9n\u0151 r\u00e9szv\u00e9tel \u00e9s a hallgat\u00f3i visszajelz\u0151 formul\u00e1k feldolgoz\u00e1s\u00e1ban val\u00f3 r\u00e9szv\u00e9tel;<br \/>\n&#8211; \u00edr\u00e1sbeli\/elektronikus kollokvium lebonyol\u00edt\u00e1s\u00e1ban val\u00f3 r\u00e9szv\u00e9tel;<br \/>\n&#8211; a Klinika \u00e1ltal szervezett oktat\u00e1si \u00e9s tudom\u00e1nyos f\u00f3rumokon (pl. SIASTOK) t\u00f6rt\u00e9n\u0151 r\u00e9szv\u00e9tel.<\/p>\n","protected":false},"excerpt":{"rendered":"<p>Az Aneszteziol\u00f3giai \u00e9s Intenz\u00edv Ter\u00e1pi\u00e1s Klinik\u00e1n a klinikai szimul\u00e1ci\u00f3s instruktort\u00f3l elv\u00e1rt tev\u00e9kenys\u00e9gek: &#8211; hallgat\u00f3k\u00e9nt az oktat\u00e1s-m\u00f3dszertani \u00e9s bels\u0151 szakmai k\u00e9pz\u00e9seken val\u00f3 r\u00e9szv\u00e9tel: a demonstr\u00e1tori tev\u00e9kenys\u00e9gre val\u00f3 felk\u00e9sz\u00edt\u00e9s jegy\u00e9ben a ny\u00e1r elej\u00e9n (2019. j\u00fanius 24-\u00e9n, 25-\u00e9n \u00e9s 27-\u00e9n, mindh\u00e1rom napon, egyeztetett, kb. 6 \u00f3r\u00e1s id\u0151s\u00e1vokban) \u00e9s a ny\u00e1r v\u00e9g\u00e9n a tan\u00e9vkezd\u00e9s el\u0151tt, illetve k\u00e9s\u0151bb a tan\u00e9v &hellip;<\/p>\n","protected":false},"author":101484,"featured_media":0,"parent":59,"menu_order":1,"comment_status":"closed","ping_status":"closed","template":"","meta":{"_acf_changed":false,"footnotes":""},"categories":[],"tags":[],"class_list":["post-61","page","type-page","status-publish","hentry"],"acf":[],"_links":{"self":[{"href":"https:\/\/semmelweis.hu\/szimulacios-kozpont\/wp-json\/wp\/v2\/pages\/61","targetHints":{"allow":["GET"]}}],"collection":[{"href":"https:\/\/semmelweis.hu\/szimulacios-kozpont\/wp-json\/wp\/v2\/pages"}],"about":[{"href":"https:\/\/semmelweis.hu\/szimulacios-kozpont\/wp-json\/wp\/v2\/types\/page"}],"author":[{"embeddable":true,"href":"https:\/\/semmelweis.hu\/szimulacios-kozpont\/wp-json\/wp\/v2\/users\/101484"}],"replies":[{"embeddable":true,"href":"https:\/\/semmelweis.hu\/szimulacios-kozpont\/wp-json\/wp\/v2\/comments?post=61"}],"version-history":[{"count":1,"href":"https:\/\/semmelweis.hu\/szimulacios-kozpont\/wp-json\/wp\/v2\/pages\/61\/revisions"}],"predecessor-version":[{"id":62,"href":"https:\/\/semmelweis.hu\/szimulacios-kozpont\/wp-json\/wp\/v2\/pages\/61\/revisions\/62"}],"up":[{"embeddable":true,"href":"https:\/\/semmelweis.hu\/szimulacios-kozpont\/wp-json\/wp\/v2\/pages\/59"}],"wp:attachment":[{"href":"https:\/\/semmelweis.hu\/szimulacios-kozpont\/wp-json\/wp\/v2\/media?parent=61"}],"wp:term":[{"taxonomy":"category","embeddable":true,"href":"https:\/\/semmelweis.hu\/szimulacios-kozpont\/wp-json\/wp\/v2\/categories?post=61"},{"taxonomy":"post_tag","embeddable":true,"href":"https:\/\/semmelweis.hu\/szimulacios-kozpont\/wp-json\/wp\/v2\/tags?post=61"}],"curies":[{"name":"wp","href":"https:\/\/api.w.org\/{rel}","templated":true}]}}