{"id":59,"date":"2019-10-29T12:50:07","date_gmt":"2019-10-29T11:50:07","guid":{"rendered":"http:\/\/semmelweis.hu\/szimulacios-kozpont\/?page_id=59"},"modified":"2021-11-08T07:52:30","modified_gmt":"2021-11-08T06:52:30","slug":"instruktorkepzes-az-aitk-demonstratorai-es-klinikai-szimulacios-instruktorai-reszere","status":"publish","type":"page","link":"https:\/\/semmelweis.hu\/szimulacios-kozpont\/oktatas\/gradualis-kepzes\/instruktorkepzes-az-aitk-demonstratorai-es-klinikai-szimulacios-instruktorai-reszere\/","title":{"rendered":"Instruktork\u00e9pz\u00e9s az AITK demonstr\u00e1torai \u00e9s klinikai szimul\u00e1ci\u00f3s instruktorai r\u00e9sz\u00e9re"},"content":{"rendered":"<p><span style=\"color: #00587b\">\u00c9rdekel az oktat\u00e1s?<\/span> <span style=\"color: #00587b\"> <br \/>Szeretsz akt\u00edv k\u00f6z\u00f6ss\u00e9gi \u00e9letet \u00e9lni?<\/span> <br \/><span style=\"color: #00587b\"> Szeretn\u00e9l egy eredm\u00e9nyes oktat\u00f3i csapat tagja lenni?<\/span> <span style=\"color: #00587b\"> <br \/>Akkor a k\u00f6vetkez\u0151 felh\u00edv\u00e1s NEKED sz\u00f3l!<\/span><\/p>\n<p><b><strong>Kedves Hallgat\u00f3!<\/strong><\/b> <br \/><b><strong>\u00d6r\u00f6mmel \u00e9rtes\u00edt\u00fcnk, hogy <\/strong><\/b><b><strong>az <\/strong><\/b><b><strong>Aneszteziol\u00f3giai \u00e9s Intenz\u00edv Ter\u00e1pi\u00e1s Klinika, Klinikai Szimul\u00e1ci\u00f3s Tansz\u00e9ki Csoportja a 2021\/2022. tan\u00e9vre <\/strong><\/b><b><strong><span style=\"color: #00587b\">klinikai szimul\u00e1ci\u00f3s instruktori megb\u00edz\u00e1sok elnyer\u00e9s\u00e9re p\u00e1ly\u00e1zat<\/span>ot hirdet meg.<\/strong><\/b> <b><strong>A p\u00e1ly\u00e1zatot elektronikusan a <\/strong><\/b><b><strong> demonstratorok.aitk@med.semmelweis-univ.hu c\u00edmre kell k\u00fcldeni. <br \/>A hat\u00e1rid\u0151 folyamatos.<\/strong><\/b><\/p>\n<p>Egy\u00e9b r\u00e9szletes inform\u00e1ci\u00f3k az al\u00e1bbi aloldalakon tal\u00e1lhat\u00f3k: <br \/><a href=\"https:\/\/semmelweis.hu\/szimulacios-kozpont\/oktatas\/gradualis-kepzes\/instruktorkepzes-az-aitk-demonstratorai-es-klinikai-szimulacios-instruktorai-reszere\/a-klinikai-szimulacios-instruktorral-szembeni-elvarasok\/\">A klinikai szimul\u00e1ci\u00f3s instruktorral szembeni elv\u00e1r\u00e1sok<\/a> <br \/><a href=\"https:\/\/semmelweis.hu\/szimulacios-kozpont\/oktatas\/gradualis-kepzes\/instruktorkepzes-az-aitk-demonstratorai-es-klinikai-szimulacios-instruktorai-reszere\/a-klinikai-szimulacios-instruktori-jelentkezes-feltetelei\/\">A jelentkez\u00e9s felt\u00e9telei<\/a> <br \/><a href=\"https:\/\/semmelweis.hu\/szimulacios-kozpont\/oktatas\/gradualis-kepzes\/instruktorkepzes-az-aitk-demonstratorai-es-klinikai-szimulacios-instruktorai-reszere\/a-klinikai-szimulacios-instruktori-palyazat-menete\/\">A p\u00e1ly\u00e1zat menete<\/a><\/p>\n<p><b><strong>Eredm\u00e9nyes p\u00e1ly\u00e1zat\u00edr\u00e1st k\u00edv\u00e1nunk!<\/strong><\/b><\/p>\n<p><b><strong>Dr. K\u00f3ph\u00e1zi Luca <\/strong><\/b>\u00e9s <b><strong>Dr. Berczi M\u00e1t\u00e9 <br \/>demonstr\u00e1tor \u00e9s instruktor t\u00e1rgyfelel\u0151s\u00f6k <\/strong><\/b><\/p>\n<p><b><strong>Dr. K\u00e1llai Andr\u00e1s Dr. Frit\u00faz G\u00e1bor<\/strong><\/b> <br \/>Klinikai Szimul\u00e1ci\u00f3s Tansz\u00e9ki Csoport Aneszteziol\u00f3giai \u00e9s Intenz\u00edv Ter\u00e1pi\u00e1s Klinika \u00a0<\/p>\n","protected":false},"excerpt":{"rendered":"<p>\u00c9rdekel az oktat\u00e1s? Szeretsz akt\u00edv k\u00f6z\u00f6ss\u00e9gi \u00e9letet \u00e9lni? Szeretn\u00e9l egy eredm\u00e9nyes oktat\u00f3i csapat tagja lenni? Akkor a k\u00f6vetkez\u0151 felh\u00edv\u00e1s NEKED sz\u00f3l! Kedves Hallgat\u00f3! \u00d6r\u00f6mmel \u00e9rtes\u00edt\u00fcnk, hogy az Aneszteziol\u00f3giai \u00e9s Intenz\u00edv Ter\u00e1pi\u00e1s Klinika, Klinikai Szimul\u00e1ci\u00f3s Tansz\u00e9ki Csoportja a 2021\/2022. tan\u00e9vre klinikai szimul\u00e1ci\u00f3s instruktori megb\u00edz\u00e1sok elnyer\u00e9s\u00e9re p\u00e1ly\u00e1zatot hirdet meg. A p\u00e1ly\u00e1zatot elektronikusan a demonstratorok.aitk@med.semmelweis-univ.hu c\u00edmre kell k\u00fcldeni. &hellip;<\/p>\n","protected":false},"author":101484,"featured_media":0,"parent":43,"menu_order":8,"comment_status":"closed","ping_status":"closed","template":"","meta":{"_acf_changed":false,"footnotes":""},"categories":[],"tags":[],"class_list":["post-59","page","type-page","status-publish","hentry"],"acf":[],"_links":{"self":[{"href":"https:\/\/semmelweis.hu\/szimulacios-kozpont\/wp-json\/wp\/v2\/pages\/59","targetHints":{"allow":["GET"]}}],"collection":[{"href":"https:\/\/semmelweis.hu\/szimulacios-kozpont\/wp-json\/wp\/v2\/pages"}],"about":[{"href":"https:\/\/semmelweis.hu\/szimulacios-kozpont\/wp-json\/wp\/v2\/types\/page"}],"author":[{"embeddable":true,"href":"https:\/\/semmelweis.hu\/szimulacios-kozpont\/wp-json\/wp\/v2\/users\/101484"}],"replies":[{"embeddable":true,"href":"https:\/\/semmelweis.hu\/szimulacios-kozpont\/wp-json\/wp\/v2\/comments?post=59"}],"version-history":[{"count":6,"href":"https:\/\/semmelweis.hu\/szimulacios-kozpont\/wp-json\/wp\/v2\/pages\/59\/revisions"}],"predecessor-version":[{"id":221,"href":"https:\/\/semmelweis.hu\/szimulacios-kozpont\/wp-json\/wp\/v2\/pages\/59\/revisions\/221"}],"up":[{"embeddable":true,"href":"https:\/\/semmelweis.hu\/szimulacios-kozpont\/wp-json\/wp\/v2\/pages\/43"}],"wp:attachment":[{"href":"https:\/\/semmelweis.hu\/szimulacios-kozpont\/wp-json\/wp\/v2\/media?parent=59"}],"wp:term":[{"taxonomy":"category","embeddable":true,"href":"https:\/\/semmelweis.hu\/szimulacios-kozpont\/wp-json\/wp\/v2\/categories?post=59"},{"taxonomy":"post_tag","embeddable":true,"href":"https:\/\/semmelweis.hu\/szimulacios-kozpont\/wp-json\/wp\/v2\/tags?post=59"}],"curies":[{"name":"wp","href":"https:\/\/api.w.org\/{rel}","templated":true}]}}