{"id":51,"date":"2019-10-29T12:41:10","date_gmt":"2019-10-29T11:41:10","guid":{"rendered":"http:\/\/semmelweis.hu\/szimulacios-kozpont\/?page_id=51"},"modified":"2021-10-12T15:07:17","modified_gmt":"2021-10-12T13:07:17","slug":"radiologia-ultrahangos-szkill-gyakorlatok","status":"publish","type":"page","link":"https:\/\/semmelweis.hu\/szimulacios-kozpont\/oktatas\/gradualis-kepzes\/radiologia-ultrahangos-szkill-gyakorlatok\/","title":{"rendered":"Radiol\u00f3gia: Ultrahangos szkill-gyakorlatok"},"content":{"rendered":"<p>A gyakorlatok keret\u00e9ben a modern diagnosztik\u00e1ban alkalmazott k\u00e9palkot\u00f3 elj\u00e1r\u00e1sok technikai megval\u00f3s\u00edt\u00e1s\u00e1t mutatj\u00e1k be az oktat\u00f3k, ahol esetorient\u00e1lt feldolgoz\u00e1sban interakt\u00edv m\u00f3don ismerkedhetnek meg a hallgat\u00f3k a szervi elv\u00e1ltoz\u00e1sok radiol\u00f3giai k\u00f3rk\u00e9peivel. A hallgat\u00f3k a Szimul\u00e1ci\u00f3s K\u00f6zpontban tal\u00e1lhat\u00f3 3 db, kardio, line\u00e1ris \u00e9s konvex vizsg\u00e1l\u00f3fejjel ell\u00e1tott Philips CX50 t\u00edpus\u00fa ultrahang k\u00e9sz\u00fcl\u00e9ken gyakorolj\u00e1k a k\u00e9pess\u00e9g elsaj\u00e1t\u00edt\u00e1s\u00e1hoz sz\u00fcks\u00e9ges technik\u00e1kat. A gyakorlatokat a Radiol\u00f3gia \u00e9s Orvosi k\u00e9palkot\u00f3 elj\u00e1r\u00e1sok t\u00e1rgyak keret\u00e9ben a Radiol\u00f3gia Klinika \u00e9s a Sug\u00e1rbiol\u00f3giai \u00e9s Biofizikai Int\u00e9zet koll\u00e9g\u00e1i szervezik \u00e9s tartj\u00e1k. \u00a0 A t\u00e1rgyat felvett hallgat\u00f3k sz\u00e1m\u00e1ra pontos inform\u00e1ci\u00f3k itt:<\/p>\n<p><a class=\"button-big\" href=\"https:\/\/itc.semmelweis.hu\/moodle\/login\/index.php\" target=\"_blank\" rel=\"noopener noreferrer\"><strong>E-learning<\/strong><\/a><\/p>\n","protected":false},"excerpt":{"rendered":"<p>A gyakorlatok keret\u00e9ben a modern diagnosztik\u00e1ban alkalmazott k\u00e9palkot\u00f3 elj\u00e1r\u00e1sok technikai megval\u00f3s\u00edt\u00e1s\u00e1t mutatj\u00e1k be az oktat\u00f3k, ahol esetorient\u00e1lt feldolgoz\u00e1sban interakt\u00edv m\u00f3don ismerkedhetnek meg a hallgat\u00f3k a szervi elv\u00e1ltoz\u00e1sok radiol\u00f3giai k\u00f3rk\u00e9peivel. A hallgat\u00f3k a Szimul\u00e1ci\u00f3s K\u00f6zpontban tal\u00e1lhat\u00f3 3 db, kardio, line\u00e1ris \u00e9s konvex vizsg\u00e1l\u00f3fejjel ell\u00e1tott Philips CX50 t\u00edpus\u00fa ultrahang k\u00e9sz\u00fcl\u00e9ken gyakorolj\u00e1k a k\u00e9pess\u00e9g elsaj\u00e1t\u00edt\u00e1s\u00e1hoz sz\u00fcks\u00e9ges technik\u00e1kat. A &hellip;<\/p>\n","protected":false},"author":101484,"featured_media":0,"parent":43,"menu_order":4,"comment_status":"closed","ping_status":"closed","template":"","meta":{"_acf_changed":false,"footnotes":""},"categories":[],"tags":[],"class_list":["post-51","page","type-page","status-publish","hentry"],"acf":[],"_links":{"self":[{"href":"https:\/\/semmelweis.hu\/szimulacios-kozpont\/wp-json\/wp\/v2\/pages\/51","targetHints":{"allow":["GET"]}}],"collection":[{"href":"https:\/\/semmelweis.hu\/szimulacios-kozpont\/wp-json\/wp\/v2\/pages"}],"about":[{"href":"https:\/\/semmelweis.hu\/szimulacios-kozpont\/wp-json\/wp\/v2\/types\/page"}],"author":[{"embeddable":true,"href":"https:\/\/semmelweis.hu\/szimulacios-kozpont\/wp-json\/wp\/v2\/users\/101484"}],"replies":[{"embeddable":true,"href":"https:\/\/semmelweis.hu\/szimulacios-kozpont\/wp-json\/wp\/v2\/comments?post=51"}],"version-history":[{"count":2,"href":"https:\/\/semmelweis.hu\/szimulacios-kozpont\/wp-json\/wp\/v2\/pages\/51\/revisions"}],"predecessor-version":[{"id":212,"href":"https:\/\/semmelweis.hu\/szimulacios-kozpont\/wp-json\/wp\/v2\/pages\/51\/revisions\/212"}],"up":[{"embeddable":true,"href":"https:\/\/semmelweis.hu\/szimulacios-kozpont\/wp-json\/wp\/v2\/pages\/43"}],"wp:attachment":[{"href":"https:\/\/semmelweis.hu\/szimulacios-kozpont\/wp-json\/wp\/v2\/media?parent=51"}],"wp:term":[{"taxonomy":"category","embeddable":true,"href":"https:\/\/semmelweis.hu\/szimulacios-kozpont\/wp-json\/wp\/v2\/categories?post=51"},{"taxonomy":"post_tag","embeddable":true,"href":"https:\/\/semmelweis.hu\/szimulacios-kozpont\/wp-json\/wp\/v2\/tags?post=51"}],"curies":[{"name":"wp","href":"https:\/\/api.w.org\/{rel}","templated":true}]}}