{"id":99270,"date":"2023-08-21T17:38:31","date_gmt":"2023-08-21T15:38:31","guid":{"rendered":"https:\/\/semmelweis.hu\/human\/?page_id=99270"},"modified":"2025-11-25T12:31:19","modified_gmt":"2025-11-25T11:31:19","slug":"a-vezetes-alapjai-trening","status":"publish","type":"page","link":"https:\/\/semmelweis.hu\/szervezetfejlesztes\/kompetencia-kozpont\/a-vezetes-alapjai-trening\/","title":{"rendered":"A vezet\u00e9s alapjai"},"content":{"rendered":"<div class=\"keretes w-100\" style=\"border: 0px solid !important;background-color: #e3d496 !important\">\n<h6 style=\"font-size: 18.6667px;text-align: center\"><strong><span style=\"color: #ff0000\">Figyelem!<\/span> A Kompetencia K\u00f6zpont szolg\u00e1ltat\u00e1sai \u00e9s tr\u00e9ningjei kiz\u00e1r\u00f3lag a Semmelweis Egyetem munkat\u00e1rsai sz\u00e1m\u00e1ra \u00e9rhet\u0151k el<\/strong> a szervezeti egys\u00e9gek vezet\u0151ivel t\u00f6rt\u00e9nt egyeztet\u00e9s alapj\u00e1n.<\/h6>\n<\/div>\n\n<div class=\"fontos_div\">\n<p>Ide\u00e1lis l\u00e9tsz\u00e1m: 6-16 f\u0151<\/p>\n<p>Aj\u00e1nlott id\u0151tartam: 2\u00d77 \u00f3ra<\/p>\n<\/div>\n<p>Mi a vezet\u00e9s? Egy \u00f6sszetett fogalom, komoly \u00e9s sokr\u00e9t\u0171 kih\u00edv\u00e1s. Dr. Paul Hersey szerint &#8222;a vezet\u00e9s egy\u00e9nek vagy csoportok viselked\u00e9s\u00e9nek befoly\u00e1sol\u00e1sa a c\u00e9lok el\u00e9r\u00e9se \u00e9rdek\u00e9ben.&#8221;<\/p>\n<p><span style=\"font-size: 1rem\">Egy\u00e1ltal\u00e1n nem mindegy azonban, milyen eszk\u00f6z\u00f6kkel \u00e9rj\u00fck el ezt a hat\u00e1st.<\/span><\/p>\n<p>A vezet\u00e9s k\u00e9pess\u00e9ge nem vel\u00fcnk sz\u00fcletett adotts\u00e1g, hanem egy fejleszthet\u0151 k\u00e9szs\u00e9gk\u00e9szlet, olyan, mint egy mesterien elsaj\u00e1t\u00edtott szakma: az elm\u00e9leti ismeretek \u00e9s a gyakorlati tapasztalatok \u00f6tv\u00f6z\u00e9se r\u00e9v\u00e9n a vezet\u0151 k\u00e9pes alkalmazkodni a v\u00e1ltoz\u00f3 helyzetekhez, hat\u00e9kony d\u00f6nt\u00e9seket hozni \u00e9s inspir\u00e1lni csapat\u00e1t.\u00a0 K\u00e9pz\u00e9s\u00fcnket olyan vezet\u0151knek aj\u00e1nljuk, akik vagy nemr\u00e9giben ker\u00fcltek poz\u00edci\u00f3jukba, vagy a sz\u00e1mtalan operat\u00edv feladatuk mellett eddig nem tudtak id\u0151t sz\u00e1nni vezet\u0151i k\u00e9szs\u00e9geik fejleszt\u00e9s\u00e9re.\u00a0<\/p>\n<hr \/>\n<h5>K\u00e9rem, gondolja \u00e1t az al\u00e1bbi k\u00e9rd\u00e9seket!<\/h5>\n<p>Szeretn\u00e9, hogy \u00d6n vagy az \u00d6n vezet\u0151 poz\u00edci\u00f3j\u00fa beosztottja:<\/p>\n<ul>\n<li>Teljesk\u00f6r\u0171en tiszt\u00e1ban legyen vezet\u0151i feladataival?<\/li>\n<li>Ismerje a k\u00fcl\u00f6nb\u00f6z\u0151 vezet\u0151i t\u00edpusokat, \u00e9s tiszt\u00e1ban legyen azok m\u0171k\u00f6d\u00e9si saj\u00e1toss\u00e1gaival, el\u0151nyeivel \u00e9s h\u00e1tr\u00e1nyaival?<\/li>\n<li>Tudatosan felismerje saj\u00e1t vezet\u0151i er\u0151ss\u00e9geit, \u00e9s azonos\u00edtsa a fejl\u0151d\u00e9si lehet\u0151s\u00e9geket? C\u00e9ltudatosan \u00e9p\u00edtsen vezet\u0151i er\u0151ss\u00e9geire?<\/li>\n<li>Hat\u00e9konyabban ir\u00e1ny\u00edtsa a csapat\u00e1t?<\/li>\n<li>Magabiztosabban l\u00e1ssa el a feladatok deleg\u00e1l\u00e1s\u00e1t?<\/li>\n<li>Fejl\u0151dj\u00f6n a beosztottak motiv\u00e1l\u00e1s\u00e1ban \u00e9s inspir\u00e1l\u00e1s\u00e1ban?<\/li>\n<\/ul>\n<p>Amennyiben legal\u00e1bb h\u00e1rom k\u00e9rd\u00e9sre igennel v\u00e1laszol, k\u00e9rj\u00fck, a MySemmelweis fel\u00fclet\u00e9n \u2013 <a href=\"https:\/\/mysemmelweis.hu\/issue-tracker\/17\/categories\/49\/tickets\" target=\"_blank\" rel=\"noopener\">az al\u00e1bbi linken<\/a> \u2013 ny\u00fajtsa be a szervezeti egys\u00e9g tr\u00e9ningig\u00e9nyl\u00e9s\u00e9re vonatkoz\u00f3 \u0171rlapot.<\/p>\n<p>&nbsp;<\/p>\n","protected":false},"excerpt":{"rendered":"<p>Ide\u00e1lis l\u00e9tsz\u00e1m: 6-16 f\u0151 Aj\u00e1nlott id\u0151tartam: 2\u00d77 \u00f3ra Mi a vezet\u00e9s? Egy \u00f6sszetett fogalom, komoly \u00e9s sokr\u00e9t\u0171 kih\u00edv\u00e1s. Dr. Paul Hersey szerint &#8222;a vezet\u00e9s egy\u00e9nek vagy csoportok viselked\u00e9s\u00e9nek befoly\u00e1sol\u00e1sa a c\u00e9lok el\u00e9r\u00e9se \u00e9rdek\u00e9ben.&#8221; Egy\u00e1ltal\u00e1n nem mindegy azonban, milyen eszk\u00f6z\u00f6kkel \u00e9rj\u00fck el ezt a hat\u00e1st. A vezet\u00e9s k\u00e9pess\u00e9ge nem vel\u00fcnk sz\u00fcletett adotts\u00e1g, hanem egy fejleszthet\u0151 k\u00e9szs\u00e9gk\u00e9szlet, &hellip;<\/p>\n","protected":false},"author":102321,"featured_media":99830,"parent":33,"menu_order":1,"comment_status":"closed","ping_status":"closed","template":"template-fullwidth.php","meta":{"_acf_changed":false,"footnotes":""},"categories":[23],"tags":[25],"class_list":["post-99270","page","type-page","status-publish","has-post-thumbnail","hentry","category-trening","tag-vezetoi-trening"],"acf":[],"_links":{"self":[{"href":"https:\/\/semmelweis.hu\/szervezetfejlesztes\/wp-json\/wp\/v2\/pages\/99270","targetHints":{"allow":["GET"]}}],"collection":[{"href":"https:\/\/semmelweis.hu\/szervezetfejlesztes\/wp-json\/wp\/v2\/pages"}],"about":[{"href":"https:\/\/semmelweis.hu\/szervezetfejlesztes\/wp-json\/wp\/v2\/types\/page"}],"author":[{"embeddable":true,"href":"https:\/\/semmelweis.hu\/szervezetfejlesztes\/wp-json\/wp\/v2\/users\/102321"}],"replies":[{"embeddable":true,"href":"https:\/\/semmelweis.hu\/szervezetfejlesztes\/wp-json\/wp\/v2\/comments?post=99270"}],"version-history":[{"count":10,"href":"https:\/\/semmelweis.hu\/szervezetfejlesztes\/wp-json\/wp\/v2\/pages\/99270\/revisions"}],"predecessor-version":[{"id":100108,"href":"https:\/\/semmelweis.hu\/szervezetfejlesztes\/wp-json\/wp\/v2\/pages\/99270\/revisions\/100108"}],"up":[{"embeddable":true,"href":"https:\/\/semmelweis.hu\/szervezetfejlesztes\/wp-json\/wp\/v2\/pages\/33"}],"wp:featuredmedia":[{"embeddable":true,"href":"https:\/\/semmelweis.hu\/szervezetfejlesztes\/wp-json\/wp\/v2\/media\/99830"}],"wp:attachment":[{"href":"https:\/\/semmelweis.hu\/szervezetfejlesztes\/wp-json\/wp\/v2\/media?parent=99270"}],"wp:term":[{"taxonomy":"category","embeddable":true,"href":"https:\/\/semmelweis.hu\/szervezetfejlesztes\/wp-json\/wp\/v2\/categories?post=99270"},{"taxonomy":"post_tag","embeddable":true,"href":"https:\/\/semmelweis.hu\/szervezetfejlesztes\/wp-json\/wp\/v2\/tags?post=99270"}],"curies":[{"name":"wp","href":"https:\/\/api.w.org\/{rel}","templated":true}]}}