{"id":41,"date":"2025-01-16T12:27:20","date_gmt":"2025-01-16T11:27:20","guid":{"rendered":"https:\/\/semmelweis.hu\/szervezetfejlesztes\/?page_id=41"},"modified":"2025-01-23T14:28:45","modified_gmt":"2025-01-23T13:28:45","slug":"bemutatkozas","status":"publish","type":"page","link":"https:\/\/semmelweis.hu\/szervezetfejlesztes\/rolunk\/bemutatkozas\/","title":{"rendered":"Bemutatkoz\u00e1s"},"content":{"rendered":"<div class=\"keretes w-100\">\n<p style=\"text-align: justify;\">F\u0151igazgat\u00f3s\u00e1gunk c\u00e9lja, hogy <strong>az egyetem strat\u00e9giai fejl\u0151d\u00e9s\u00e9hez \u00e9s mindennapi m\u0171k\u00f6d\u00e9s\u00e9hez egyar\u00e1nt stabil alapot ny\u00fajtsunk<\/strong> a hum\u00e1ner\u0151forr\u00e1st \u00e9rint\u0151 adatok \u00e9s elemz\u00e9sek r\u00e9v\u00e9n. Olyan \u00e1tfog\u00f3 teljes\u00edtm\u00e9nyelemz\u00e9si rendszert dolgozunk ki, amely seg\u00edti a vezet\u0151ket a tudatos d\u00f6nt\u00e9shozatalban. A <strong>munk\u00e1nk f\u00f3kusz\u00e1ban az egyetemi polg\u00e1rok \u00e1llnak<\/strong>. Nagy hangs\u00falyt fektet\u00fcnk a kompetenciafejleszt\u00e9sre, a munkav\u00e1llal\u00f3i j\u00f3ll\u00e9t t\u00e1mogat\u00e1s\u00e1ra \u00e9s a munkat\u00e1rsak elk\u00f6telez\u0151d\u00e9s\u00e9nek n\u00f6vel\u00e9s\u00e9re. Ezek r\u00e9v\u00e9n egyar\u00e1nt t\u00e1mogatjuk az egy\u00e9ni karrierutakat, valamint az \u00f6sszegyetemi teljes\u00edtm\u00e9ny maximaliz\u00e1l\u00e1s\u00e1t. <strong>Szervezeti egys\u00e9g\u00fcnk h\u00edd a sz\u00e1mok, az adatok \u00e9s a munkav\u00e1llal\u00f3k k\u00f6z\u00f6tt<\/strong>, hogy a mindennapokban k\u00f6nnyebb legyen a k\u00f6z\u00f6s c\u00e9lok el\u00e9r\u00e9se.<\/p>\n<p style=\"text-align: justify;\">Sz\u00e1m\u00edthat r\u00e1nk, amikor a j\u00f6v\u0151j\u00e9t tervezi, ak\u00e1r szem\u00e9lyes karrier\u00fatj\u00e1r\u00f3l, ak\u00e1r a szervezet fejl\u0151d\u00e9s\u00e9r\u0151l van sz\u00f3!<\/p>\n<\/div>\n<p><a href=\"https:\/\/semmelweis.hu\/szervezetfejlesztes\/files\/2025\/01\/Sitemap-Whiteboard-in-Green-Purple-Basic-Style.png\"><img loading=\"lazy\" decoding=\"async\" class=\"aligncenter wp-image-39 size-full\" src=\"https:\/\/semmelweis.hu\/szervezetfejlesztes\/files\/2025\/01\/Sitemap-Whiteboard-in-Green-Purple-Basic-Style.png\" alt=\"\" width=\"1920\" height=\"1080\" srcset=\"https:\/\/semmelweis.hu\/szervezetfejlesztes\/files\/2025\/01\/Sitemap-Whiteboard-in-Green-Purple-Basic-Style.png 1920w, https:\/\/semmelweis.hu\/szervezetfejlesztes\/files\/2025\/01\/Sitemap-Whiteboard-in-Green-Purple-Basic-Style-400x225.png 400w, https:\/\/semmelweis.hu\/szervezetfejlesztes\/files\/2025\/01\/Sitemap-Whiteboard-in-Green-Purple-Basic-Style-1024x576.png 1024w, https:\/\/semmelweis.hu\/szervezetfejlesztes\/files\/2025\/01\/Sitemap-Whiteboard-in-Green-Purple-Basic-Style-768x432.png 768w, https:\/\/semmelweis.hu\/szervezetfejlesztes\/files\/2025\/01\/Sitemap-Whiteboard-in-Green-Purple-Basic-Style-1536x864.png 1536w, https:\/\/semmelweis.hu\/szervezetfejlesztes\/files\/2025\/01\/Sitemap-Whiteboard-in-Green-Purple-Basic-Style-753x424.png 753w\" sizes=\"auto, (max-width: 1920px) 100vw, 1920px\" \/><\/a><\/p>\n","protected":false},"excerpt":{"rendered":"<p>F\u0151igazgat\u00f3s\u00e1gunk c\u00e9lja, hogy az egyetem strat\u00e9giai fejl\u0151d\u00e9s\u00e9hez \u00e9s mindennapi m\u0171k\u00f6d\u00e9s\u00e9hez egyar\u00e1nt stabil alapot ny\u00fajtsunk a hum\u00e1ner\u0151forr\u00e1st \u00e9rint\u0151 adatok \u00e9s elemz\u00e9sek r\u00e9v\u00e9n. Olyan \u00e1tfog\u00f3 teljes\u00edtm\u00e9nyelemz\u00e9si rendszert dolgozunk ki, amely seg\u00edti a vezet\u0151ket a tudatos d\u00f6nt\u00e9shozatalban. A munk\u00e1nk f\u00f3kusz\u00e1ban az egyetemi polg\u00e1rok \u00e1llnak. Nagy hangs\u00falyt fektet\u00fcnk a kompetenciafejleszt\u00e9sre, a munkav\u00e1llal\u00f3i j\u00f3ll\u00e9t t\u00e1mogat\u00e1s\u00e1ra \u00e9s a munkat\u00e1rsak elk\u00f6telez\u0151d\u00e9s\u00e9nek n\u00f6vel\u00e9s\u00e9re. &hellip;<\/p>\n","protected":false},"author":101174,"featured_media":0,"parent":6,"menu_order":1,"comment_status":"closed","ping_status":"closed","template":"template-fullwidth.php","meta":{"_acf_changed":false,"footnotes":""},"categories":[],"tags":[],"class_list":["post-41","page","type-page","status-publish","hentry"],"acf":[],"_links":{"self":[{"href":"https:\/\/semmelweis.hu\/szervezetfejlesztes\/wp-json\/wp\/v2\/pages\/41","targetHints":{"allow":["GET"]}}],"collection":[{"href":"https:\/\/semmelweis.hu\/szervezetfejlesztes\/wp-json\/wp\/v2\/pages"}],"about":[{"href":"https:\/\/semmelweis.hu\/szervezetfejlesztes\/wp-json\/wp\/v2\/types\/page"}],"author":[{"embeddable":true,"href":"https:\/\/semmelweis.hu\/szervezetfejlesztes\/wp-json\/wp\/v2\/users\/101174"}],"replies":[{"embeddable":true,"href":"https:\/\/semmelweis.hu\/szervezetfejlesztes\/wp-json\/wp\/v2\/comments?post=41"}],"version-history":[{"count":7,"href":"https:\/\/semmelweis.hu\/szervezetfejlesztes\/wp-json\/wp\/v2\/pages\/41\/revisions"}],"predecessor-version":[{"id":127,"href":"https:\/\/semmelweis.hu\/szervezetfejlesztes\/wp-json\/wp\/v2\/pages\/41\/revisions\/127"}],"up":[{"embeddable":true,"href":"https:\/\/semmelweis.hu\/szervezetfejlesztes\/wp-json\/wp\/v2\/pages\/6"}],"wp:attachment":[{"href":"https:\/\/semmelweis.hu\/szervezetfejlesztes\/wp-json\/wp\/v2\/media?parent=41"}],"wp:term":[{"taxonomy":"category","embeddable":true,"href":"https:\/\/semmelweis.hu\/szervezetfejlesztes\/wp-json\/wp\/v2\/categories?post=41"},{"taxonomy":"post_tag","embeddable":true,"href":"https:\/\/semmelweis.hu\/szervezetfejlesztes\/wp-json\/wp\/v2\/tags?post=41"}],"curies":[{"name":"wp","href":"https:\/\/api.w.org\/{rel}","templated":true}]}}