{"id":23,"date":"2024-12-18T16:29:13","date_gmt":"2024-12-18T15:29:13","guid":{"rendered":"https:\/\/semmelweis.hu\/szervezetfejlesztes\/?page_id=23"},"modified":"2025-01-23T14:26:45","modified_gmt":"2025-01-23T13:26:45","slug":"koszonto","status":"publish","type":"page","link":"https:\/\/semmelweis.hu\/szervezetfejlesztes\/rolunk\/koszonto\/","title":{"rendered":"K\u00f6sz\u00f6nt\u0151"},"content":{"rendered":"<p>&nbsp;<\/p>\n<p style=\"text-align: justify;\"><img loading=\"lazy\" decoding=\"async\" class=\"size-medium wp-image-110 alignleft\" src=\"https:\/\/semmelweis.hu\/szervezetfejlesztes\/files\/2025\/01\/RS205964_GV5A5985-400x267.jpg\" alt=\"\" width=\"400\" height=\"267\" srcset=\"https:\/\/semmelweis.hu\/szervezetfejlesztes\/files\/2025\/01\/RS205964_GV5A5985-400x267.jpg 400w, https:\/\/semmelweis.hu\/szervezetfejlesztes\/files\/2025\/01\/RS205964_GV5A5985-1024x682.jpg 1024w, https:\/\/semmelweis.hu\/szervezetfejlesztes\/files\/2025\/01\/RS205964_GV5A5985-768x512.jpg 768w, https:\/\/semmelweis.hu\/szervezetfejlesztes\/files\/2025\/01\/RS205964_GV5A5985-1536x1024.jpg 1536w, https:\/\/semmelweis.hu\/szervezetfejlesztes\/files\/2025\/01\/RS205964_GV5A5985-753x502.jpg 753w, https:\/\/semmelweis.hu\/szervezetfejlesztes\/files\/2025\/01\/RS205964_GV5A5985-203x135.jpg 203w, https:\/\/semmelweis.hu\/szervezetfejlesztes\/files\/2025\/01\/RS205964_GV5A5985.jpg 2000w\" sizes=\"auto, (max-width: 400px) 100vw, 400px\" \/><strong>Kedves Munkat\u00e1rsam!<\/strong><\/p>\n<p style=\"text-align: justify;\">Az ambici\u00f3zus egyetemi strat\u00e9giai c\u00e9lok megval\u00f3s\u00edt\u00e1s\u00e1hoz n\u00e9lk\u00fcl\u00f6zhetetlen a hat\u00e9kony szervezetfejleszt\u00e9si strat\u00e9gia, tov\u00e1bb\u00e1 hogy k\u00e9pesek legy\u00fcnk bevonzani a legkiv\u00e1l\u00f3bb munkaer\u0151t \u00e9s meg is tartani azt. A 2024 \u0151sz\u00e9n l\u00e9trehozott Strat\u00e9giai Szervezetfejleszt\u00e9si F\u0151igazgat\u00f3s\u00e1g c\u00e9lja, hogy er\u0151s\u00edtse \u00e9s t\u00e1mogassa egyetem\u00fcnk kiemelked\u0151 emberi er\u0151forr\u00e1s-gazd\u00e1lkod\u00e1si strat\u00e9gi\u00e1j\u00e1t, valamint seg\u00edtse az int\u00e9zm\u00e9nyi strat\u00e9giai c\u00e9lkit\u0171z\u00e9sek megval\u00f3s\u00edt\u00e1s\u00e1t.<\/p>\n<p style=\"text-align: justify;\">Ahhoz, hogy a Semmelweis Egyetem tov\u00e1bbra is vonz\u00f3 \u00e9s megtart\u00f3 munk\u00e1ltat\u00f3 maradjon, elengedhetetlen, hogy kiemelt figyelmet ford\u00edtsunk munkat\u00e1rsaink j\u00f3ll\u00e9t\u00e9re \u00e9s szakmai fejl\u0151d\u00e9s\u00e9re. Az \u00faj f\u0151igazgat\u00f3s\u00e1g olyan komplex rendszereket \u00e9s programokat ind\u00edt el, amelyek az egy\u00e9ni teljes\u00edtm\u00e9ny\u00e9rt\u00e9kel\u00e9st \u00e9s -fejleszt\u00e9st \u00f6sszehangolj\u00e1k az int\u00e9zm\u00e9nyi c\u00e9lokkal.<\/p>\n<p style=\"text-align: justify;\">Kiemelt szerepet kap a d\u00f6nt\u00e9st\u00e1mogat\u00e1s, a vezet\u0151k\u00e9pz\u00e9s, a karrier- \u00e9s ut\u00e1np\u00f3tl\u00e1stervez\u00e9s, valamint az onboarding folyamat fejleszt\u00e9se.\u00a0A f\u0151igazgat\u00f3s\u00e1g alatt h\u00e1rom szervezeti egys\u00e9g \u2013 a Kompetencia K\u00f6zpont, a Strat\u00e9giai Adatelemz\u0151 Igazgat\u00f3s\u00e1g \u00e9s a Csal\u00e1dbar\u00e1t Egyetem K\u00f6zpont \u2013 m\u0171k\u00f6dik \u00f6sszehangoltan annak \u00e9rdek\u00e9ben, hogy a Semmelweis Egyetem ne csak Magyarorsz\u00e1g legkiv\u00e1l\u00f3bb fels\u0151oktat\u00e1si int\u00e9zm\u00e9nye, de egyik legvonz\u00f3bb munk\u00e1ltat\u00f3ja is lehessen.<\/p>\n<p>Adonicsn\u00e9 P\u00fcski Kata<br \/>\nf\u0151igazgat\u00f3<\/p>\n","protected":false},"excerpt":{"rendered":"<p>&nbsp; Kedves Munkat\u00e1rsam! Az ambici\u00f3zus egyetemi strat\u00e9giai c\u00e9lok megval\u00f3s\u00edt\u00e1s\u00e1hoz n\u00e9lk\u00fcl\u00f6zhetetlen a hat\u00e9kony szervezetfejleszt\u00e9si strat\u00e9gia, tov\u00e1bb\u00e1 hogy k\u00e9pesek legy\u00fcnk bevonzani a legkiv\u00e1l\u00f3bb munkaer\u0151t \u00e9s meg is tartani azt. A 2024 \u0151sz\u00e9n l\u00e9trehozott Strat\u00e9giai Szervezetfejleszt\u00e9si F\u0151igazgat\u00f3s\u00e1g c\u00e9lja, hogy er\u0151s\u00edtse \u00e9s t\u00e1mogassa egyetem\u00fcnk kiemelked\u0151 emberi er\u0151forr\u00e1s-gazd\u00e1lkod\u00e1si strat\u00e9gi\u00e1j\u00e1t, valamint seg\u00edtse az int\u00e9zm\u00e9nyi strat\u00e9giai c\u00e9lkit\u0171z\u00e9sek megval\u00f3s\u00edt\u00e1s\u00e1t. Ahhoz, hogy a Semmelweis &hellip;<\/p>\n","protected":false},"author":101174,"featured_media":0,"parent":6,"menu_order":0,"comment_status":"closed","ping_status":"closed","template":"template-fullwidth.php","meta":{"_acf_changed":false,"footnotes":""},"categories":[],"tags":[],"class_list":["post-23","page","type-page","status-publish","hentry"],"acf":[],"_links":{"self":[{"href":"https:\/\/semmelweis.hu\/szervezetfejlesztes\/wp-json\/wp\/v2\/pages\/23","targetHints":{"allow":["GET"]}}],"collection":[{"href":"https:\/\/semmelweis.hu\/szervezetfejlesztes\/wp-json\/wp\/v2\/pages"}],"about":[{"href":"https:\/\/semmelweis.hu\/szervezetfejlesztes\/wp-json\/wp\/v2\/types\/page"}],"author":[{"embeddable":true,"href":"https:\/\/semmelweis.hu\/szervezetfejlesztes\/wp-json\/wp\/v2\/users\/101174"}],"replies":[{"embeddable":true,"href":"https:\/\/semmelweis.hu\/szervezetfejlesztes\/wp-json\/wp\/v2\/comments?post=23"}],"version-history":[{"count":9,"href":"https:\/\/semmelweis.hu\/szervezetfejlesztes\/wp-json\/wp\/v2\/pages\/23\/revisions"}],"predecessor-version":[{"id":123,"href":"https:\/\/semmelweis.hu\/szervezetfejlesztes\/wp-json\/wp\/v2\/pages\/23\/revisions\/123"}],"up":[{"embeddable":true,"href":"https:\/\/semmelweis.hu\/szervezetfejlesztes\/wp-json\/wp\/v2\/pages\/6"}],"wp:attachment":[{"href":"https:\/\/semmelweis.hu\/szervezetfejlesztes\/wp-json\/wp\/v2\/media?parent=23"}],"wp:term":[{"taxonomy":"category","embeddable":true,"href":"https:\/\/semmelweis.hu\/szervezetfejlesztes\/wp-json\/wp\/v2\/categories?post=23"},{"taxonomy":"post_tag","embeddable":true,"href":"https:\/\/semmelweis.hu\/szervezetfejlesztes\/wp-json\/wp\/v2\/tags?post=23"}],"curies":[{"name":"wp","href":"https:\/\/api.w.org\/{rel}","templated":true}]}}