{"id":9,"date":"2012-01-17T12:46:27","date_gmt":"2012-01-17T12:46:27","guid":{"rendered":"http:\/\/semmelweis-egyetem.hu\/szemeszet\/?page_id=9"},"modified":"2022-03-22T09:57:37","modified_gmt":"2022-03-22T08:57:37","slug":"szakmai-profilok","status":"publish","type":"page","link":"https:\/\/semmelweis.hu\/szemeszet\/altalanos-informaciok\/szakmai-profilok\/","title":{"rendered":"Szakmai profilok"},"content":{"rendered":"<ul>\n<li>A k\u00f6nnyszervek, a szemh\u00e9jak \u00e9s szemgoly\u00f3 betegs\u00e9geinek minden m\u0171t\u00e9te (phacoemulsificatio m\u0171lencse-be\u00fcltet\u00e9ssel, szaruh\u00e1rtya-\u00e1t\u00fcltet\u00e9s, z\u00f6ldh\u00e1lyog-ellenes m\u0171t\u00e9tek, idegh\u00e1rtya-lev\u00e1l\u00e1s \u00e9s \u00fcvegtest seb\u00e9szet, plasztikai seb\u00e9szet<\/li>\n<li>Gyermekszem\u00e9szet (kancsals\u00e1g, velesz\u00fcletett sz\u00fcrkeh\u00e1lyog \u00e9s egy\u00e9b rendelleness\u00e9gek diagnosztik\u00e1ja \u00e9s m\u0171t\u00e9tei, korasz\u00fcl\u00f6tt retinopathia kezel\u00e9se)<\/li>\n<li>Szaruh\u00e1rtya- \u00e9s szemfelsz\u00edn- betegs\u00e9gek konzervat\u00edv \u00e9s m\u0171t\u00e9ti kezel\u00e9se<\/li>\n<li>Glauk\u00f3ma diagnosztika, neuroophthalmol\u00f3gia, szembetegs\u00e9gek elektrofiziol\u00f3giai- \u00e9s ultrahangdiagnosztik\u00e1ja<\/li>\n<li>Gyullad\u00e1sos betegs\u00e9gek m\u0171t\u00e9ti \u00e9s konzervat\u00edv kezel\u00e9se<\/li>\n<li>Refrakt\u00edv hib\u00e1k kezel\u00e9se (excimer l\u00e9zer cornea seb\u00e9szet)<\/li>\n<li>Id\u0151skori s\u00e1rgafolt-betegs\u00e9gek l\u00e9zeres, m\u0171t\u00e9ti \u00e9s photodynami\u00e1s kezel\u00e9se<\/li>\n<li>L\u00e1t\u00e1s rehabilit\u00e1ci\u00f3<\/li>\n<\/ul>\n<p>&nbsp;<\/p>\n","protected":false},"excerpt":{"rendered":"<p>A k\u00f6nnyszervek, a szemh\u00e9jak \u00e9s szemgoly\u00f3 betegs\u00e9geinek minden m\u0171t\u00e9te (phacoemulsificatio m\u0171lencse-be\u00fcltet\u00e9ssel, szaruh\u00e1rtya-\u00e1t\u00fcltet\u00e9s, z\u00f6ldh\u00e1lyog-ellenes m\u0171t\u00e9tek, idegh\u00e1rtya-lev\u00e1l\u00e1s \u00e9s \u00fcvegtest seb\u00e9szet, plasztikai seb\u00e9szet Gyermekszem\u00e9szet (kancsals\u00e1g, velesz\u00fcletett sz\u00fcrkeh\u00e1lyog \u00e9s egy\u00e9b rendelleness\u00e9gek diagnosztik\u00e1ja \u00e9s m\u0171t\u00e9tei, korasz\u00fcl\u00f6tt retinopathia kezel\u00e9se) Szaruh\u00e1rtya- \u00e9s szemfelsz\u00edn- betegs\u00e9gek konzervat\u00edv \u00e9s m\u0171t\u00e9ti kezel\u00e9se Glauk\u00f3ma diagnosztika, neuroophthalmol\u00f3gia, szembetegs\u00e9gek elektrofiziol\u00f3giai- \u00e9s ultrahangdiagnosztik\u00e1ja Gyullad\u00e1sos betegs\u00e9gek m\u0171t\u00e9ti \u00e9s konzervat\u00edv kezel\u00e9se Refrakt\u00edv &hellip;<\/p>\n","protected":false},"author":178,"featured_media":0,"parent":7,"menu_order":3,"comment_status":"open","ping_status":"open","template":"","meta":{"_acf_changed":false,"footnotes":""},"categories":[],"tags":[],"class_list":["post-9","page","type-page","status-publish","hentry"],"acf":[],"_links":{"self":[{"href":"https:\/\/semmelweis.hu\/szemeszet\/wp-json\/wp\/v2\/pages\/9","targetHints":{"allow":["GET"]}}],"collection":[{"href":"https:\/\/semmelweis.hu\/szemeszet\/wp-json\/wp\/v2\/pages"}],"about":[{"href":"https:\/\/semmelweis.hu\/szemeszet\/wp-json\/wp\/v2\/types\/page"}],"author":[{"embeddable":true,"href":"https:\/\/semmelweis.hu\/szemeszet\/wp-json\/wp\/v2\/users\/178"}],"replies":[{"embeddable":true,"href":"https:\/\/semmelweis.hu\/szemeszet\/wp-json\/wp\/v2\/comments?post=9"}],"version-history":[{"count":4,"href":"https:\/\/semmelweis.hu\/szemeszet\/wp-json\/wp\/v2\/pages\/9\/revisions"}],"predecessor-version":[{"id":1717,"href":"https:\/\/semmelweis.hu\/szemeszet\/wp-json\/wp\/v2\/pages\/9\/revisions\/1717"}],"up":[{"embeddable":true,"href":"https:\/\/semmelweis.hu\/szemeszet\/wp-json\/wp\/v2\/pages\/7"}],"wp:attachment":[{"href":"https:\/\/semmelweis.hu\/szemeszet\/wp-json\/wp\/v2\/media?parent=9"}],"wp:term":[{"taxonomy":"category","embeddable":true,"href":"https:\/\/semmelweis.hu\/szemeszet\/wp-json\/wp\/v2\/categories?post=9"},{"taxonomy":"post_tag","embeddable":true,"href":"https:\/\/semmelweis.hu\/szemeszet\/wp-json\/wp\/v2\/tags?post=9"}],"curies":[{"name":"wp","href":"https:\/\/api.w.org\/{rel}","templated":true}]}}

<ul>
<li>A könnyszervek, a szemhéjak és szemgolyó betegségeinek minden műtéte (phacoemulsificatio műlencse-beültetéssel, szaruhártya-átültetés, zöldhályog-ellenes műtétek, ideghártya-leválás és üvegtest sebészet, plasztikai sebészet</li>
<li>Gyermekszemészet (kancsalság, veleszületett szürkehályog és egyéb rendellenességek diagnosztikája és műtétei, koraszülött retinopathia kezelése)</li>
<li>Szaruhártya- és szemfelszín- betegségek konzervatív és műtéti kezelése</li>
<li>Glaukóma diagnosztika, neuroophthalmológia, szembetegségek elektrofiziológiai- és ultrahangdiagnosztikája</li>
<li>Gyulladásos betegségek műtéti és konzervatív kezelése</li>
<li>Refraktív hibák kezelése (excimer lézer cornea sebészet)</li>
<li>Időskori sárgafolt-betegségek lézeres, műtéti és photodynamiás kezelése</li>
<li>Látás rehabilitáció</li>
</ul>
<p>&nbsp;</p>

<p>A könnyszervek, a szemhéjak és szemgolyó betegségeinek minden műtéte (phacoemulsificatio műlencse-beültetéssel, szaruhártya-átültetés, zöldhályog-ellenes műtétek, ideghártya-leválás és üvegtest sebészet, plasztikai sebészet Gyermekszemészet (kancsalság, veleszületett szürkehályog és egyéb rendellenességek diagnosztikája és műtétei, koraszülött retinopathia kezelése) Szaruhártya- és szemfelszín- betegségek konzervatív és műtéti kezelése Glaukóma diagnosztika, neuroophthalmológia, szembetegségek elektrofiziológiai- és ultrahangdiagnosztikája Gyulladásos betegségek műtéti és konzervatív kezelése Refraktív &hellip;</p>
