{"id":490,"date":"2017-02-20T10:52:35","date_gmt":"2017-02-20T09:52:35","guid":{"rendered":"http:\/\/semmelweis.hu\/szemeszet\/?page_id=490"},"modified":"2026-01-07T13:43:31","modified_gmt":"2026-01-07T12:43:31","slug":"mir","status":"publish","type":"page","link":"https:\/\/semmelweis.hu\/szemeszet\/altalanos-informaciok\/mir\/","title":{"rendered":"MIR"},"content":{"rendered":"<p style=\"text-align: left\"><span style=\"font-size: 14pt\">\u00dcdv\u00f6z\u00f6lj\u00fck a Semmelweis Egyetem Szem\u00e9szeti Klinika Min\u0151s\u00e9gir\u00e1ny\u00edt\u00e1si oldal\u00e1n!<\/span><\/p>\n<p><strong><span style=\"font-size: 14pt\">Al\u00e1bb let\u00f6lthet\u0151k klinik\u00e1nk min\u0151s\u00e9gir\u00e1ny\u00edt\u00e1s\u00e1val kapcsolatos dokumentumai.<\/span><\/strong><\/p>\n<ul>\n<li>SZERVEZETI \u00c9S M\u0170K\u00d6D\u00c9SI REND &#8211;\u00a0<a href=\"https:\/\/semmelweis.hu\/szemeszet\/files\/2016\/09\/1-SE-SZEM-SZMR.pdf\">01-SE-SZEM-SZMR<\/a><\/li>\n<li>SZEM\u00c9SZETI KLINIKA\u00a0MIN\u0150S\u00c9GIR\u00c1NY\u00cdT\u00c1SI K\u00c9ZIK\u00d6NYVE &#8211;\u00a0<a href=\"https:\/\/semmelweis.hu\/szemeszet\/files\/2016\/09\/02-SE-SZEM-MK.pdf\">02-SE-SZEM-MK<\/a>\n<ul>\n<li>A Klinika organoramja &#8211;\u00a0<a href=\"https:\/\/semmelweis.hu\/szemeszet\/files\/2016\/09\/02a-SE-SZEM-MK-M01.pdf\">02a-SE-SZEM-MK-M01<\/a><\/li>\n<\/ul>\n<\/li>\n<\/ul>\n<h4><strong>MIN\u0150S\u00c9G- \u00c9S K\u00d6RNYEZETIR\u00c1NY\u00cdT\u00c1SI ELJ\u00c1R\u00c1S\u00a0<\/strong><\/h4>\n<ul>\n<li>FEKV\u0150BETEG-ELL\u00c1T\u00c1S FEL\u00dcGYELETE &#8211; <a href=\"https:\/\/semmelweis.hu\/szemeszet\/files\/2026\/01\/03-SE-SZEM-ME-01_2025.pdf\">03-SE-SZEM-ME-01_2025<\/a><\/li>\n<li>J\u00c1R\u00d3BETEG-ELL\u00c1T\u00c1S FEL\u00dcGYELETE &#8211;\u00a0<a href=\"https:\/\/semmelweis.hu\/szemeszet\/files\/2016\/09\/04-SE-SZEM-ME-02.pdf\">04-SE-SZEM-ME-02<\/a><\/li>\n<li>AZ OKTAT\u00c1SI TEV\u00c9KENYS\u00c9G FEL\u00dcGYELETE &#8211;\u00a0<a href=\"https:\/\/semmelweis.hu\/szemeszet\/files\/2016\/09\/05-SE-SZEM-ME-03-.pdf\">05-SE-SZEM-ME-03<\/a><\/li>\n<li>KUTAT\u00c1SI TEV\u00c9KENYS\u00c9G\u00a0FEL\u00dcGYELETE &#8211;\u00a0<a href=\"https:\/\/semmelweis.hu\/szemeszet\/files\/2016\/09\/06-SE-SZEM-ME-04.pdf\">06-SE-SZEM-ME-04<\/a><\/li>\n<\/ul>\n<h4><strong>EGYS\u00c9GSZINT\u0170 M\u0170K\u00d6D\u00c9SI SZAB\u00c1LYZAT<\/strong><\/h4>\n<ul>\n<li>FEKV\u0150BETEG OSZT\u00c1LYOK &#8211; <a href=\"https:\/\/semmelweis.hu\/szemeszet\/files\/2026\/01\/07-SE-SZEM-F-EMSZ_2025.pdf\">07-SE-SZEM-F-EMSZ_2025<\/a><\/li>\n<li>EGYNAPOS SZEMSEB\u00c9SZETI OSZT\u00c1LY &#8211;\u00a0<a href=\"https:\/\/semmelweis.hu\/szemeszet\/files\/2016\/09\/08-SE-SZEM-1NAP-EMSZ.pdf\">08-SE-SZEM-1NAP-EMSZ<\/a><\/li>\n<li>M\u0170T\u0150 R\u00c9SZLEG &#8211;\u00a0<a href=\"https:\/\/semmelweis.hu\/szemeszet\/files\/2016\/09\/10-SE-SZEM-MUTO-EMSZ.pdf\">10-SE-SZEM-MUTO-EMSZ<\/a><\/li>\n<li>GYAKORL\u00d3 M\u0170T\u0150 R\u00c9SZLEG &#8211;\u00a0<a href=\"https:\/\/semmelweis.hu\/szemeszet\/files\/2016\/09\/10a-SE-SZEM-GYMU-EMSZ.pdf\">10a-SE-SZEM-GYMU-EMSZ<\/a><\/li>\n<li>\u00c1POL\u00c1SVEZET\u00c9S &#8211; <a href=\"https:\/\/semmelweis.hu\/szemeszet\/files\/2026\/01\/11-SE-SZEM-AP-EMSZ_2025.pdf\">11-SE-SZEM-AP-EMSZ_2025<\/a><\/li>\n<li>\u00c1LTAL\u00c1NOS SZEM\u00c9SZETI AMBULANCIA &#8211;\u00a0<a href=\"https:\/\/semmelweis.hu\/szemeszet\/files\/2016\/09\/12-SE-SZEM-ALTA-EMSZ.pdf\">12-SE-SZEM-ALTA-EMSZ<\/a>\n<ul style=\"list-style-type: circle\">\n<li>1. MELL\u00c9KLET: V\u00e1r\u00f3lista kezel\u00e9si protokoll &#8211;\u00a0<a href=\"https:\/\/semmelweis.hu\/szemeszet\/files\/2016\/09\/12a-SE-SZEM-ALTA-MU-01.pdf\">12a-SE-SZEM-ALTA-MU-01<\/a><\/li>\n<li>2. MELL\u00c9KLET: \u00c1ltal\u00e1nos ambulancia bels\u0151 m\u0171k\u00f6d\u00e9si szab\u00e1lyzat:\u00a0<a href=\"https:\/\/semmelweis.hu\/szemeszet\/files\/2016\/09\/12b-SE-SZEM-ALTA-MU-02.pdf\">12b-SE-SZEM-ALTA-MU-02<\/a><\/li>\n<li>3. MELL\u00c9KLET:\u00a0J\u00e1r\u00f3beteg ell\u00e1t\u00e1si orvosi dokument\u00e1ci\u00f3s protokoll &#8211;\u00a0<a href=\"https:\/\/semmelweis.hu\/szemeszet\/files\/2016\/09\/12c-SE-SZEM-ALTA-MU-03.pdf\">12c-SE-SZEM-ALTA-MU-03<\/a><\/li>\n<li>4. MELL\u00c9KLET: J\u00e1r\u00f3beteg ell\u00e1t\u00e1si k\u00f3dol\u00e1si protokoll &#8211;\u00a0<a href=\"https:\/\/semmelweis.hu\/szemeszet\/files\/2016\/09\/12d-SE-SZEM-ALTA-MU-04.pdf\">12d-SE-SZEM-ALTA-MU-04<\/a><\/li>\n<li>5. MELL\u00c9KLET:\u00a0Szemcseppek \u00e9s szem\u00e9szeti k\u00e9sz\u00edtm\u00e9nyek alkalmaz\u00e1si \u00e9s t\u00e1rol\u00e1si protokollja &#8211;\u00a0<a href=\"https:\/\/semmelweis.hu\/szemeszet\/files\/2016\/09\/12e-SE-SZEM-ALTA-MU-05.pdf\">12e-SE-SZEM-ALTA-MU-05<\/a><\/li>\n<li>6. MELL\u00c9KLET:\u00a0Visus felv\u00e9teli protokoll &#8211;\u00a0<a href=\"https:\/\/semmelweis.hu\/szemeszet\/files\/2016\/09\/12f-SE-SZEM-ALTA-MU-06.pdf\">12f-SE-SZEM-ALTA-MU-06<\/a><\/li>\n<\/ul>\n<\/li>\n<li>CORNEA SZAKAMBULANCIA &#8211;\u00a0<a href=\"https:\/\/semmelweis.hu\/szemeszet\/files\/2016\/09\/13-SE-SZEM-CA-EMSZ.pdf\">13-SE-SZEM-CA-EMSZ<\/a><\/li>\n<li>RETINA SZAKAMBULANCIA &#8211; <a href=\"https:\/\/semmelweis.hu\/szemeszet\/files\/2026\/01\/14-SE-SZEM-RET-EMSZ_2025.pdf\">14-SE-SZEM-RET-EMSZ_2025<\/a><\/li>\n<li>GLAUCOMA SZAKAMBULANCIA &#8211;\u00a0<a href=\"https:\/\/semmelweis.hu\/szemeszet\/files\/2016\/09\/15-SE-SZEM-GLA-EMSZ.pdf\">15-SE-SZEM-GLA-EMSZ<\/a>\n<ul style=\"list-style-type: circle\">\n<li>Tonom\u00e9ter prizm\u00e1k \u00e9s Goldmann h\u00e1rmast\u00fck\u00f6r sterilit\u00e1s\u00e1nak biztos\u00edt\u00e1sa &#8211;\u00a0<a href=\"https:\/\/semmelweis.hu\/szemeszet\/files\/2016\/09\/15a-SE-SZEM-GLA-EMSZ-M01.pdf\">15a-SE-SZEM-GLA-EMSZ-M01<\/a><\/li>\n<\/ul>\n<\/li>\n<li>GYERMEKSZEM\u00c9SZETI SZAKAMBULANCIA &#8211; <a href=\"https:\/\/semmelweis.hu\/szemeszet\/files\/2026\/01\/16-SE-SZEM-GYERA-EMSZ_2025.pdf\">16-SE-SZEM-GYERA-EMSZ_2025<\/a>\n<ul style=\"list-style-type: circle\">\n<li>Gyermekszem\u00e9szeti rendel\u0151\/ vizsg\u00e1l\u00f3 t\u00e1rgyi, eszk\u00f6zi minimumfelt\u00e9telei &#8211;\u00a0<a href=\"https:\/\/semmelweis.hu\/szemeszet\/files\/2016\/09\/16a-SE-SZEM-GYERA-EMSZ-M01.pdf\">16a-SE-SZEM-GYERA-EMSZ-M01<\/a><\/li>\n<\/ul>\n<\/li>\n<li>ONKOL\u00d3GIAI- \u00c9S REKONSTRUKCI\u00d3S SEB\u00c9SZETI AMBULANCIA &#8211;\u00a0<a href=\"https:\/\/semmelweis.hu\/szemeszet\/files\/2016\/09\/17-SE-SZEM-PLAS-EMSZ.pdf\">17-SE-SZEM-PLAS-EMSZ<\/a><\/li>\n<li>UVEITIS SZAKAMBULANCIA &#8211;\u00a0<a href=\"https:\/\/semmelweis.hu\/szemeszet\/files\/2016\/09\/18-SE-SZEM-UVE-EMSZ.pdf\">18-SE-SZEM-UVE-EMSZ<\/a><\/li>\n<li>S\u00dcRG\u0150SS\u00c9GI AMBULANCIA (NAPPAL, \u00dcGYELET) &#8211;\u00a0<a href=\"https:\/\/semmelweis.hu\/szemeszet\/files\/2016\/09\/19-SE-SZEM-SURA-EMSZ.pdf\">19-SE-SZEM-SURA-EMSZ<\/a><\/li>\n<li>K\u00dcLS\u0150 KLINIKAI T\u00d6MB KONZ\u00cdLIUM &#8211; <a href=\"https:\/\/semmelweis.hu\/szemeszet\/files\/2026\/01\/20-SE-SZEM-KKTK-EMSZ_2025.pdf\">20-SE-SZEM-KKTK-EMSZ_2025<\/a><\/li>\n<li>ULTRAHANG LABORAT\u00d3RIUM &#8211; <a href=\"https:\/\/semmelweis.hu\/szemeszet\/files\/2026\/01\/21-SE-SZEM-UH-EMSZ_2025.pdf\">21-SE-SZEM-UH-EMSZ_2025<\/a><\/li>\n<li>ELEKTROFIZIOL\u00d3GIAI LABOR &#8211;\u00a0<a href=\"https:\/\/semmelweis.hu\/szemeszet\/files\/2016\/09\/22-SE-SZEM-EFL-EMSZ.pdf\">22-SE-SZEM-EFL-EMSZ<\/a><\/li>\n<li>PERIMETRIA SZAKAMBULANCIA &#8211;\u00a0<a href=\"https:\/\/semmelweis.hu\/szemeszet\/files\/2016\/09\/23-SE-SZEM-PER-EMSZ.pdf\">23-SE-SZEM-PER-EMSZ<\/a>\n<ul style=\"list-style-type: circle\">\n<li>Automata perimetria kivitelez\u00e9se, a hib\u00e1k elker\u00fcl\u00e9se &#8211;\u00a0<a href=\"https:\/\/semmelweis.hu\/szemeszet\/files\/2016\/09\/23a-SE-SZEM-PER-EMSZ-M01.pdf\">23a-SE-SZEM-PER-EMSZ-M01<\/a><\/li>\n<\/ul>\n<\/li>\n<li>READING CENTER &#8211;\u00a0<a href=\"https:\/\/semmelweis.hu\/szemeszet\/files\/2016\/09\/24-SE-SZEM-RC-EMSZ.pdf\">24-SE-SZEM-RC-EMSZ<\/a><\/li>\n<li>SEMMELWEIS CORNEA BANK &#8211; <a href=\"https:\/\/semmelweis.hu\/szemeszet\/files\/2026\/01\/25-SE-SZEM-SCB-EMSZ_2025.pdf\">25-SE-SZEM-SCB-EMSZ_2025<\/a><\/li>\n<\/ul>\n<p>MUNKAUTAS\u00cdT\u00c1S \/ PROTOKOLL:<br \/>\nGY\u00d3GYSZERT\u00c1R M\u0170K\u00d6D\u00c9SI RENDJE &#8211;\u00a0<a href=\"https:\/\/semmelweis.hu\/szemeszet\/files\/2016\/09\/27-SE-SZEM-MU-02.pdf\">27-SE-SZEM-MU-02<\/a><\/p>\n<p>BIZONYLATI ALBUM &#8211;\u00a0<a href=\"https:\/\/semmelweis.hu\/szemeszet\/files\/2016\/09\/28-SE-SZEM-BA.pdf\">28-SE-SZEM-BA<\/a><\/p>\n<p>SZERVEZETI \u00dcGYREND<\/p>\n<p>Bels\u0151 Klinikai T\u00f6mb\u00a0Szem\u00e9szeti Klinika gazdas\u00e1gi oszt\u00e1ly &#8211;\u00a0<a href=\"https:\/\/semmelweis.hu\/szemeszet\/files\/2016\/09\/09-SE-SZEM-GAZD-SZR.pdf\">09-SE-SZEM-GAZD-SZR<\/a><\/p>\n","protected":false},"excerpt":{"rendered":"<p>\u00dcdv\u00f6z\u00f6lj\u00fck a Semmelweis Egyetem Szem\u00e9szeti Klinika Min\u0151s\u00e9gir\u00e1ny\u00edt\u00e1si oldal\u00e1n! Al\u00e1bb let\u00f6lthet\u0151k klinik\u00e1nk min\u0151s\u00e9gir\u00e1ny\u00edt\u00e1s\u00e1val kapcsolatos dokumentumai. SZERVEZETI \u00c9S M\u0170K\u00d6D\u00c9SI REND &#8211;\u00a0 <a href=\"https:\/\/semmelweis.hu\/szemeszet\/files\/2016\/09\/1-SE-SZEM-SZMR.pdf\">01-SE-SZEM-SZMR<\/a> SZEM\u00c9SZETI KLINIKA\u00a0MIN\u0150S\u00c9GIR\u00c1NY\u00cdT\u00c1SI K\u00c9ZIK\u00d6NYVE &#8211;\u00a0 <a href=\"https:\/\/semmelweis.hu\/szemeszet\/files\/2016\/09\/02-SE-SZEM-MK.pdf\">02-SE-SZEM-MK<\/a> A Klinika organoramja &#8211;\u00a0 <a href=\"https:\/\/semmelweis.hu\/szemeszet\/files\/2016\/09\/02a-SE-SZEM-MK-M01.pdf\">02a-SE-SZEM-MK-M01<\/a> MIN\u0150S\u00c9G- \u00c9S K\u00d6RNYEZETIR\u00c1NY\u00cdT\u00c1SI ELJ\u00c1R\u00c1S\u00a0 FEKV\u0150BETEG-ELL\u00c1T\u00c1S FEL\u00dcGYELETE &#8211; <a href=\"https:\/\/semmelweis.hu\/szemeszet\/files\/2026\/01\/03-SE-SZEM-ME-01_2025.pdf\">03-SE-SZEM-ME-01_2025<\/a> J\u00c1R\u00d3BETEG-ELL\u00c1T\u00c1S FEL\u00dcGYELETE &#8211;\u00a0 <a href=\"https:\/\/semmelweis.hu\/szemeszet\/files\/2016\/09\/04-SE-SZEM-ME-02.pdf\">04-SE-SZEM-ME-02<\/a> AZ OKTAT\u00c1SI TEV\u00c9KENYS\u00c9G FEL\u00dcGYELETE &#8211;\u00a0 <a href=\"https:\/\/semmelweis.hu\/szemeszet\/files\/2016\/09\/05-SE-SZEM-ME-03-.pdf\">05-SE-SZEM-ME-03<\/a> KUTAT\u00c1SI TEV\u00c9KENYS\u00c9G\u00a0FEL\u00dcGYELETE &#8211;\u00a0 <a href=\"https:\/\/semmelweis.hu\/szemeszet\/files\/2016\/09\/06-SE-SZEM-ME-04.pdf\">06-SE-SZEM-ME-04<\/a> EGYS\u00c9GSZINT\u0170 M\u0170K\u00d6D\u00c9SI SZAB\u00c1LYZAT FEKV\u0150BETEG OSZT\u00c1LYOK &#8211; <a href=\"https:\/\/semmelweis.hu\/szemeszet\/files\/2026\/01\/07-SE-SZEM-F-EMSZ_2025.pdf\">07-SE-SZEM-F-EMSZ_2025<\/a> EGYNAPOS SZEMSEB\u00c9SZETI OSZT\u00c1LY &#8211;\u00a0 <a href=\"https:\/\/semmelweis.hu\/szemeszet\/files\/2016\/09\/08-SE-SZEM-1NAP-EMSZ.pdf\">08-SE-SZEM-1NAP-EMSZ<\/a> &hellip;<\/p>\n","protected":false},"author":178,"featured_media":0,"parent":7,"menu_order":5,"comment_status":"closed","ping_status":"closed","template":"","meta":{"_acf_changed":false,"footnotes":""},"categories":[],"tags":[],"class_list":["post-490","page","type-page","status-publish","hentry"],"acf":[],"_links":{"self":[{"href":"https:\/\/semmelweis.hu\/szemeszet\/wp-json\/wp\/v2\/pages\/490","targetHints":{"allow":["GET"]}}],"collection":[{"href":"https:\/\/semmelweis.hu\/szemeszet\/wp-json\/wp\/v2\/pages"}],"about":[{"href":"https:\/\/semmelweis.hu\/szemeszet\/wp-json\/wp\/v2\/types\/page"}],"author":[{"embeddable":true,"href":"https:\/\/semmelweis.hu\/szemeszet\/wp-json\/wp\/v2\/users\/178"}],"replies":[{"embeddable":true,"href":"https:\/\/semmelweis.hu\/szemeszet\/wp-json\/wp\/v2\/comments?post=490"}],"version-history":[{"count":10,"href":"https:\/\/semmelweis.hu\/szemeszet\/wp-json\/wp\/v2\/pages\/490\/revisions"}],"predecessor-version":[{"id":2271,"href":"https:\/\/semmelweis.hu\/szemeszet\/wp-json\/wp\/v2\/pages\/490\/revisions\/2271"}],"up":[{"embeddable":true,"href":"https:\/\/semmelweis.hu\/szemeszet\/wp-json\/wp\/v2\/pages\/7"}],"wp:attachment":[{"href":"https:\/\/semmelweis.hu\/szemeszet\/wp-json\/wp\/v2\/media?parent=490"}],"wp:term":[{"taxonomy":"category","embeddable":true,"href":"https:\/\/semmelweis.hu\/szemeszet\/wp-json\/wp\/v2\/categories?post=490"},{"taxonomy":"post_tag","embeddable":true,"href":"https:\/\/semmelweis.hu\/szemeszet\/wp-json\/wp\/v2\/tags?post=490"}],"curies":[{"name":"wp","href":"https:\/\/api.w.org\/{rel}","templated":true}]}}