{"id":297,"date":"2014-03-03T08:24:22","date_gmt":"2014-03-03T08:24:22","guid":{"rendered":"http:\/\/semmelweis.hu\/szemeszet\/?page_id=297"},"modified":"2014-03-03T08:24:22","modified_gmt":"2014-03-03T08:24:22","slug":"koraszulottek-ideghartya-karosodasa","status":"publish","type":"page","link":"https:\/\/semmelweis.hu\/szemeszet\/a-szem-betegsegei\/koraszulottek-ideghartya-karosodasa\/","title":{"rendered":"Korasz\u00fcl\u00f6ttek idegh\u00e1rtya k\u00e1rosod\u00e1sa"},"content":{"rendered":"<p>A korasz\u00fcl\u00f6ttek idegh\u00e1rtya k\u00e1rosod\u00e1sa (latinul: retinopathia prematurorum, r\u00f6vid\u00edtve ROP) olyan szem\u00e9szeti megbeteged\u00e9s, amely korasz\u00fcl\u00f6ttek szem\u00e9n alakul ki.<br \/>\nAz idegh\u00e1rtya fejl\u0151d\u00e9se norm\u00e1lis esetben a magzati \u00e9let sor\u00e1n a megsz\u00fclet\u00e9s idej\u00e9re \u00e9ppen befejez\u0151dik. Az idegh\u00e1rtya ereinek fejl\u0151d\u00e9se a tervezett id\u0151ben t\u00f6rt\u00e9n\u0151 sz\u00fclet\u00e9s el\u0151tt n\u00e9h\u00e1ny h\u00e9ttel fejez\u0151dik csak be. \u00cdgy a tervezett id\u0151 el\u0151tt sz\u00fcletett gyermekek l\u00e1t\u00f3h\u00e1rty\u00e1ja m\u00e9g erezetlen, amely miatt az idegh\u00e1rtya is \u00e9retlen marad. A korai megsz\u00fclet\u00e9st k\u00f6vet\u0151en a gyermek \u00e9letben marad\u00e1sa a legfontosabb, ez az elv vez\u00e9rli az alkalmazott kezel\u00e9seket. Az alkalmazott oxig\u00e9n kezel\u00e9s sz\u00fcks\u00e9ges az \u00e9letben marad\u00e1shoz, de sajnos le\u00e1ll\u00edtja az idegh\u00e1rtya norm\u00e1lis fejl\u0151d\u00e9s\u00e9t. \u00cdgy az idegh\u00e1rtya \u00e9r\u00e9se m\u00e1r nem tud rendesen folytat\u00f3dni, az idegh\u00e1rtya fejl\u0151d\u00e9se elmarad, \u00e9s \u00edgy a l\u00e1t\u00e1s k\u00fcl\u00f6nb\u00f6z\u0151 m\u00e9rt\u00e9kben k\u00e1rosodhat.<br \/>\nAz \u00e9rell\u00e1t\u00e1s n\u00e9lk\u00fcl maradt l\u00e1t\u00f3h\u00e1rtya ter\u00fclet\u00e9n ugyanis olyan anyagok k\u00e9pz\u0151dnek, amelyek nem a norm\u00e1lis erek fejl\u0151d\u00e9s\u00e9t seg\u00edtik el\u0151, hanem k\u00f3ros erek kialakul\u00e1s\u00e1t okozz\u00e1k. Ezek a k\u00f3ros erek burj\u00e1noznak, nem csak az idegh\u00e1rtya s\u00edkj\u00e1ban helyezkednek el, hanem ben\u0151nek a szemgoly\u00f3 belsej\u00e9be is. Az idegh\u00e1rtya zsugorod\u00e1s\u00e1t is l\u00e9trehozhatj\u00e1k, ezzel annak lev\u00e1l\u00e1s\u00e1t okozva. Az erek burj\u00e1nz\u00e1sa k\u00f6vetkezt\u00e9ben olyan vaskos k\u00f6t\u0151sz\u00f6vet is kialakulhat, amely a szemgoly\u00f3 el\u00fcls\u0151 r\u00e9sz\u00e9ben, a szemlencse m\u00f6g\u00f6tt fesz\u00fcl ki.<br \/>\nA korasz\u00fcl\u00f6ttek idegh\u00e1rtya k\u00e1rosod\u00e1sa nagyobb val\u00f3sz\u00edn\u0171s\u00e9ggel akalul ki, ha a sz\u00fclet\u00e9s a 28. h\u00e9t el\u0151tt k\u00f6vetkezik be, ha a gyermek s\u00falya alacsony, ha hosszabb ideig kap oxig\u00e9n kezel\u00e9st, ha v\u00e9rszeg\u00e9ny, ha l\u00e9gz\u00e9si probl\u00e9m\u00e1i is vannak, vagy ha E vitamin hi\u00e1nyos, illetve ha fert\u0151z\u00e9se van.<br \/>\nAz idegh\u00e1rtya k\u00e1rosod\u00e1s mellett egy\u00e9b szem\u00e9szeti sz\u00f6v\u0151dm\u00e9nyek is fell\u00e9phetnek. Ilyenek az \u00e1ltal\u00e1ban nagyfok\u00fa r\u00f6vidl\u00e1t\u00e1s, az idegh\u00e1rtya lev\u00e1l\u00e1s, a tompal\u00e1t\u00e1s, a kancsals\u00e1g, vagy a z\u00f6ldh\u00e1lyog. Sajnos ezek a folyamatok gyakran nagyfok\u00fa l\u00e1t\u00e1sroml\u00e1st, vagy ak\u00e1r vaks\u00e1got is okozhatnak.<br \/>\nA betegs\u00e9g \u00e9s k\u00f6vetkezm\u00e9nyeinek s\u00falyoss\u00e1ga miatt a korasz\u00fcl\u00f6ttek szem\u00e9szeti vizsg\u00e1laton (szembog\u00e1r t\u00e1g\u00edt\u00e1sban v\u00e9gzett szemfen\u00e9k vizsg\u00e1laton) esnek \u00e1t a sz\u00fclt\u00e9s ut\u00e1ni 4-6 h\u00e9ten bel\u00fcl. Ha a folyamat jelentkezik, akkor az ellen\u0151rz\u00e9st rendszeres id\u0151k\u00f6z\u00f6nk\u00e9nt folytatj\u00e1k, \u00e9s esetleg kezel\u00e9s is sz\u00f3ba j\u00f6het.<br \/>\nHa a betegs\u00e9gnek csak a korai el\u0151rehaladotts\u00e1gi szinjte \u00e1ll fent, akkor nem sz\u00fcks\u00e9ges kezel\u00e9s. S\u00falyosabb esetben l\u00e9zer-, vagy fagyaszt\u00e1sos kezel\u00e9s indokolt. Ezek a kezel\u00e9sek sajnos nem gy\u00f3gy\u00edtj\u00e1k meg a betegs\u00e9g ok\u00e1t, csak a tov\u00e1bbi sz\u00f6v\u0151dm\u00e9nyek fell\u00e9p\u00e9s\u00e9t v\u00e9dik ki.<\/p>\n","protected":false},"excerpt":{"rendered":"<p>A korasz\u00fcl\u00f6ttek idegh\u00e1rtya k\u00e1rosod\u00e1sa (latinul: retinopathia prematurorum, r\u00f6vid\u00edtve ROP) olyan szem\u00e9szeti megbeteged\u00e9s, amely korasz\u00fcl\u00f6ttek szem\u00e9n alakul ki. Az idegh\u00e1rtya fejl\u0151d\u00e9se norm\u00e1lis esetben a magzati \u00e9let sor\u00e1n a megsz\u00fclet\u00e9s idej\u00e9re \u00e9ppen befejez\u0151dik. Az idegh\u00e1rtya ereinek fejl\u0151d\u00e9se a tervezett id\u0151ben t\u00f6rt\u00e9n\u0151 sz\u00fclet\u00e9s el\u0151tt n\u00e9h\u00e1ny h\u00e9ttel fejez\u0151dik csak be. \u00cdgy a tervezett id\u0151 el\u0151tt sz\u00fcletett gyermekek l\u00e1t\u00f3h\u00e1rty\u00e1ja m\u00e9g &hellip;<\/p>\n","protected":false},"author":178,"featured_media":0,"parent":276,"menu_order":7,"comment_status":"open","ping_status":"open","template":"","meta":{"_acf_changed":false,"footnotes":""},"categories":[],"tags":[],"class_list":["post-297","page","type-page","status-publish","hentry"],"acf":[],"_links":{"self":[{"href":"https:\/\/semmelweis.hu\/szemeszet\/wp-json\/wp\/v2\/pages\/297","targetHints":{"allow":["GET"]}}],"collection":[{"href":"https:\/\/semmelweis.hu\/szemeszet\/wp-json\/wp\/v2\/pages"}],"about":[{"href":"https:\/\/semmelweis.hu\/szemeszet\/wp-json\/wp\/v2\/types\/page"}],"author":[{"embeddable":true,"href":"https:\/\/semmelweis.hu\/szemeszet\/wp-json\/wp\/v2\/users\/178"}],"replies":[{"embeddable":true,"href":"https:\/\/semmelweis.hu\/szemeszet\/wp-json\/wp\/v2\/comments?post=297"}],"version-history":[{"count":1,"href":"https:\/\/semmelweis.hu\/szemeszet\/wp-json\/wp\/v2\/pages\/297\/revisions"}],"predecessor-version":[{"id":298,"href":"https:\/\/semmelweis.hu\/szemeszet\/wp-json\/wp\/v2\/pages\/297\/revisions\/298"}],"up":[{"embeddable":true,"href":"https:\/\/semmelweis.hu\/szemeszet\/wp-json\/wp\/v2\/pages\/276"}],"wp:attachment":[{"href":"https:\/\/semmelweis.hu\/szemeszet\/wp-json\/wp\/v2\/media?parent=297"}],"wp:term":[{"taxonomy":"category","embeddable":true,"href":"https:\/\/semmelweis.hu\/szemeszet\/wp-json\/wp\/v2\/categories?post=297"},{"taxonomy":"post_tag","embeddable":true,"href":"https:\/\/semmelweis.hu\/szemeszet\/wp-json\/wp\/v2\/tags?post=297"}],"curies":[{"name":"wp","href":"https:\/\/api.w.org\/{rel}","templated":true}]}}