{"id":295,"date":"2014-03-03T08:23:43","date_gmt":"2014-03-03T08:23:43","guid":{"rendered":"http:\/\/semmelweis.hu\/szemeszet\/?page_id=295"},"modified":"2014-03-03T08:23:43","modified_gmt":"2014-03-03T08:23:43","slug":"a-szurkehalyogrol","status":"publish","type":"page","link":"https:\/\/semmelweis.hu\/szemeszet\/a-szem-betegsegei\/a-szurkehalyogrol\/","title":{"rendered":"A sz\u00fcrkeh\u00e1lyogr\u00f3l"},"content":{"rendered":"<p>A sz\u00fcrkeh\u00e1lyog a szemlencse elhom\u00e1lyosod\u00e1s\u00e1t, \u00e1tl\u00e1tszatlann\u00e1 v\u00e1l\u00e1s\u00e1t jelenti. Rendszerint feln\u0151ttkorban jelentkezik, \u00e9s mindk\u00e9t szemet \u00e9rinti. Ismeretes emellett velesz\u00fcletett, vagy valamilyen egy\u00e9b betegs\u00e9ghez t\u00e1rsul\u00f3, \u00e9s s\u00e9r\u00fcl\u00e9ses form\u00e1ja is.<\/p>\n<p>A fejlett ipari orsz\u00e1gokban 10.000 \u00e9lvesz\u00fclet\u00e9sre 4-5 velesz\u00fcletett sz\u00fcrkeh\u00e1lyogos \u00fajsz\u00fcl\u00f6tt jut. A velesz\u00fcletett sz\u00fcrkeh\u00e1lyog m\u0171t\u00e9ti megold\u00e1sa s\u00fcrg\u0151s, esetenk\u00e9nt az \u00e9let els\u0151 h\u00f3napjaiban elv\u00e9gzend\u0151 a m\u0171t\u00e9t, a s\u00falyos tompal\u00e1t\u00e1s megel\u0151z\u00e9se \u00e9rdek\u00e9ben. Korai felismer\u00e9se gyermekorvosi \u00e9s v\u00e9d\u0151n\u0151i feladat. Mind a m\u0171t\u00e9t, mind a m\u0171t\u00e9t ut\u00e1ni l\u00e1t\u00e1srehabilit\u00e1ci\u00f3s kezel\u00e9s, \u00e9s k\u00f6vet\u00e9s nagyon k\u00fcl\u00f6nb\u00f6zik a feln\u0151ttkori sz\u00fcrkeh\u00e1lyog\u00e9t\u00f3l.<\/p>\n<p>A feln\u0151ttkori sz\u00fcrkeh\u00e1lyog a k\u00e9t szemben \u00e1ltal\u00e1ban nem azonos gyorsas\u00e1ggal fejl\u0151dik ki, \u00e9s n\u00e9ha \u00e9vekig j\u00f3 lehet m\u00e9g az egyik szemen a l\u00e1t\u00e1s.<br \/>\nA feln\u0151ttkori sz\u00fcrkeh\u00e1lyog multifaktori\u00e1lis megbeteged\u00e9s. Kialakul\u00e1s\u00e1ban szerepet j\u00e1tszhat az \u00e9letkor, a nem, a t\u00e1pl\u00e1lkoz\u00e1si szok\u00e1sok, a szoci\u00e1lis k\u00f6r\u00fclm\u00e9nyek, az UV sug\u00e1rz\u00e1s, az alkohol fogyaszt\u00e1s, a doh\u00e1nyz\u00e1s, egyes betegs\u00e9gek (cukorbetegs\u00e9g, magas v\u00e9rnyom\u00e1s betegs\u00e9g) valamint bizonyos gy\u00f3gyszerek szed\u00e9se.<br \/>\nA sz\u00fckeheh\u00e1lyog fokozatosan cs\u00f6kken\u0151 l\u00e1t\u00e1st okoz, amely megnyilv\u00e1nulhat a t\u00e1voli vagy a k\u00f6zeli l\u00e1t\u00e1s roml\u00e1s\u00e1ban. Egyes form\u00e1i szemk\u00e1pr\u00e1z\u00e1st okozva az esti aut\u00f3vezet\u00e9st er\u0151sen korl\u00e1tozz\u00e1k. A t\u00e1voli l\u00e1t\u00e1s roml\u00e1sa a k\u00f6zleked\u00e9sben, a k\u00f6zeli l\u00e1t\u00f3\u00e9less\u00e9g cs\u00f6kken\u00e9se az olvas\u00e1sban, a sz\u00e1m\u00edt\u00f3g\u00e9p haszn\u00e1lat\u00e1ban g\u00e1tolja a p\u00e1cienst.<\/p>\n<p>A diagn\u00f3zis fel\u00e1ll\u00edt\u00e1sa a szemorvos feladata. A sz\u00fcrkeh\u00e1lyog gy\u00f3gy\u00edt\u00e1sa m\u0171t\u00e9ti. A sz\u00fcrkeh\u00e1lyogm\u0171t\u00e9t a vil\u00e1gon a legsikeresebb (\u00e9s az egyik legnagyobb sz\u00e1mban v\u00e9gzett) m\u0171t\u00e9ti beavatkoz\u00e1s, mellyel a betegek l\u00e1t\u00e1sa \u00e9s \u00e9letmin\u0151s\u00e9ge jelent\u0151sen.<\/p>\n","protected":false},"excerpt":{"rendered":"<p>A sz\u00fcrkeh\u00e1lyog a szemlencse elhom\u00e1lyosod\u00e1s\u00e1t, \u00e1tl\u00e1tszatlann\u00e1 v\u00e1l\u00e1s\u00e1t jelenti. Rendszerint feln\u0151ttkorban jelentkezik, \u00e9s mindk\u00e9t szemet \u00e9rinti. Ismeretes emellett velesz\u00fcletett, vagy valamilyen egy\u00e9b betegs\u00e9ghez t\u00e1rsul\u00f3, \u00e9s s\u00e9r\u00fcl\u00e9ses form\u00e1ja is. A fejlett ipari orsz\u00e1gokban 10.000 \u00e9lvesz\u00fclet\u00e9sre 4-5 velesz\u00fcletett sz\u00fcrkeh\u00e1lyogos \u00fajsz\u00fcl\u00f6tt jut. A velesz\u00fcletett sz\u00fcrkeh\u00e1lyog m\u0171t\u00e9ti megold\u00e1sa s\u00fcrg\u0151s, esetenk\u00e9nt az \u00e9let els\u0151 h\u00f3napjaiban elv\u00e9gzend\u0151 a m\u0171t\u00e9t, a s\u00falyos tompal\u00e1t\u00e1s &hellip;<\/p>\n","protected":false},"author":178,"featured_media":0,"parent":276,"menu_order":6,"comment_status":"open","ping_status":"open","template":"","meta":{"_acf_changed":false,"footnotes":""},"categories":[],"tags":[],"class_list":["post-295","page","type-page","status-publish","hentry"],"acf":[],"_links":{"self":[{"href":"https:\/\/semmelweis.hu\/szemeszet\/wp-json\/wp\/v2\/pages\/295","targetHints":{"allow":["GET"]}}],"collection":[{"href":"https:\/\/semmelweis.hu\/szemeszet\/wp-json\/wp\/v2\/pages"}],"about":[{"href":"https:\/\/semmelweis.hu\/szemeszet\/wp-json\/wp\/v2\/types\/page"}],"author":[{"embeddable":true,"href":"https:\/\/semmelweis.hu\/szemeszet\/wp-json\/wp\/v2\/users\/178"}],"replies":[{"embeddable":true,"href":"https:\/\/semmelweis.hu\/szemeszet\/wp-json\/wp\/v2\/comments?post=295"}],"version-history":[{"count":1,"href":"https:\/\/semmelweis.hu\/szemeszet\/wp-json\/wp\/v2\/pages\/295\/revisions"}],"predecessor-version":[{"id":296,"href":"https:\/\/semmelweis.hu\/szemeszet\/wp-json\/wp\/v2\/pages\/295\/revisions\/296"}],"up":[{"embeddable":true,"href":"https:\/\/semmelweis.hu\/szemeszet\/wp-json\/wp\/v2\/pages\/276"}],"wp:attachment":[{"href":"https:\/\/semmelweis.hu\/szemeszet\/wp-json\/wp\/v2\/media?parent=295"}],"wp:term":[{"taxonomy":"category","embeddable":true,"href":"https:\/\/semmelweis.hu\/szemeszet\/wp-json\/wp\/v2\/categories?post=295"},{"taxonomy":"post_tag","embeddable":true,"href":"https:\/\/semmelweis.hu\/szemeszet\/wp-json\/wp\/v2\/tags?post=295"}],"curies":[{"name":"wp","href":"https:\/\/api.w.org\/{rel}","templated":true}]}}