{"id":286,"date":"2014-03-03T08:17:08","date_gmt":"2014-03-03T08:17:08","guid":{"rendered":"http:\/\/semmelweis.hu\/szemeszet\/?page_id=286"},"modified":"2014-03-03T08:17:08","modified_gmt":"2014-03-03T08:17:08","slug":"a-szemfeneki-lezerkezelesekrol","status":"publish","type":"page","link":"https:\/\/semmelweis.hu\/szemeszet\/a-szem-betegsegei\/a-szemfeneki-lezerkezelesekrol\/","title":{"rendered":"A szemfen\u00e9ki l\u00e9zerkezel\u00e9sekr\u0151l"},"content":{"rendered":"<p>A szemfen\u00e9ki l\u00e9zerkezel\u00e9s sor\u00e1n f\u00f3kusz\u00e1lt l\u00e9zerf\u00e9nyt juttatunk a l\u00e1t\u00f3h\u00e1rtya meghat\u00e1rozott ter\u00fcleteire, mely \u00e9g\u00e9si s\u00e9r\u00fcl\u00e9st, gyullad\u00e1st \u00e9s hegesed\u00e9st okoz. A 100-300 mikrom\u00e9ter \u00e1tm\u00e9r\u0151j\u0171 l\u00e9zerg\u00f3cokat sakkt\u00e1bla alakzatban helyezz\u00fck el, \u00edgy a kezel\u00e9s nem okoz jelent\u0151s l\u00e1t\u00f3t\u00e9r-kies\u00e9st \u00e9s l\u00e1t\u00e1sroml\u00e1st. A l\u00e9zerkezel\u00e9s a l\u00e1t\u00f3h\u00e1rtya ter\u00e1pi\u00e1s c\u00e9l\u00fa, c\u00e9lzott, korl\u00e1tozott elpuszt\u00edt\u00e1sa. A szemfen\u00e9ki l\u00e9zerkezel\u00e9st\u0151l nem v\u00e1rhat\u00f3 l\u00e1t\u00e1sjavul\u00e1s, de sikeres esetben a l\u00e1t\u00e1sroml\u00e1s meg\u00e1ll\u00edthat\u00f3 illetve megel\u0151zhet\u0151 vele.<br \/>\nSzemfen\u00e9ki l\u00e9zerkezel\u00e9sre t\u00f6bb okb\u00f3l ker\u00fclhet sor:<\/p>\n<p>1. S\u00falyos oxig\u00e9nhi\u00e1nnyal \u00e9s \u00e9r\u00fajdonk\u00e9pz\u0151d\u00e9ssel j\u00e1r\u00f3 l\u00e1t\u00f3h\u00e1rtya elv\u00e1ltoz\u00e1sok kezel\u00e9s\u00e9re (pl. cukorbetegs\u00e9g, szemfen\u00e9ki tromb\u00f3zis) u.n. p\u00e1nretin\u00e1lis, vagyis az \u00e9lesl\u00e1t\u00e1s hely\u00e9n k\u00edv\u00fcl a l\u00e1t\u00f3h\u00e1rtya teljes ter\u00fclet\u00e9t \u00e9rint\u0151 l\u00e9zerkezel\u00e9st v\u00e9gz\u00fcnk. A l\u00e1t\u00f3h\u00e1rty\u00e1ra 2-3 alkalommal \u00f6sszesen kb. 3000 l\u00e9zerg\u00f3cot helyez\u00fcnk el. Ezzel cs\u00f6kken a l\u00e1t\u00f3h\u00e1rtya oxig\u00e9nig\u00e9nye, \u00e9s az \u00e9r\u00fajdonk\u00e9pz\u0151d\u00e9st serkent\u0151 anyagok felszabadul\u00e1sa.<\/p>\n<p>2. A cukorbetegs\u00e9g talaj\u00e1n kialakult makula\u00f6d\u00e9ma (az \u00e9lesl\u00e1t\u00e1s hely\u00e9nek vizeny\u0151je) l\u00e9zerkezel\u00e9se sor\u00e1n a vizeny\u0151t okoz\u00f3 elt\u00e9r\u00e9seket puszt\u00edtjuk el, illetve a l\u00e1t\u00f3h\u00e1rtya alatti sejtr\u00e9tegen kereszt\u00fcl utat nyitunk a vizeny\u0151 felsz\u00edv\u00f3d\u00e1s\u00e1hoz. A kezel\u00e9s az \u00e9lesl\u00e1t\u00e1s hely\u00e9nek k\u00f6zvetlen k\u00f6rnyezet\u00e9ben t\u00f6rt\u00e9nik, hat\u00e1s\u00e1ra pedig 50%-kal cs\u00f6kken a k\u00e9s\u0151bbi l\u00e1t\u00e1sroml\u00e1s es\u00e9lye.<\/p>\n<p>3. A l\u00e1t\u00f3h\u00e1rtya szakad\u00e1sai k\u00f6nnyen vezethetnek a l\u00e1t\u00f3h\u00e1rtya lev\u00e1l\u00e1s\u00e1hoz. Az id\u0151ben elv\u00e9gzett l\u00e9zerkezel\u00e9s k\u00e9pes a l\u00e1t\u00f3h\u00e1rtya lev\u00e1l\u00e1st megakad\u00e1lyozni az\u00e1ltal, hogy a szakad\u00e1s k\u00f6r\u00fcl a l\u00e1t\u00f3h\u00e1rty\u00e1t az alatta fekv\u0151 r\u00e9teghez heges\u00edti, \u00edgy a szakad\u00e1son kereszt\u00fcl nem tud folyad\u00e9k ker\u00fclni a l\u00e1t\u00f3h\u00e1rtya al\u00e1.<br \/>\nA szemfen\u00e9ki l\u00e9zerkezel\u00e9s szemfelsz\u00edni \u00e9rz\u00e9stelen\u00edt\u00e9s \u00e9s pupillat\u00e1g\u00edt\u00e1s ut\u00e1n t\u00f6rt\u00e9nik. A kezelend\u0151 szemre speci\u00e1lis lencse ker\u00fcl. Fontos, hogy a p\u00e1ciens a kezel\u00e9s sor\u00e1n folyamatosan egy pontra n\u00e9zzen, \u00e9s ne v\u00e9gezzen olyan szemmozg\u00e1st, melyre a kezel\u0151orvosa nem sz\u00e1m\u00edthat. L\u00e9zerkezel\u00e9s ut\u00e1n \u00e1tmenetileg kifejezetten hom\u00e1lyos lehet a p\u00e1ciens l\u00e1t\u00e1sa, ez azonban p\u00e1r perc alatt sokat javul, \u00e9s m\u00e1snapra vissza\u00e1ll a kezel\u00e9s el\u0151tti \u00e1llapot. A kezel\u00e9s napj\u00e1n el\u0151fordulhat sz\u00far\u00f3 \u00e9rz\u00e9s a szemben, mely hat\u00e1sosan cs\u00f6kkenthet\u0151 m\u0171k\u00f6nny.<\/p>\n","protected":false},"excerpt":{"rendered":"<p>A szemfen\u00e9ki l\u00e9zerkezel\u00e9s sor\u00e1n f\u00f3kusz\u00e1lt l\u00e9zerf\u00e9nyt juttatunk a l\u00e1t\u00f3h\u00e1rtya meghat\u00e1rozott ter\u00fcleteire, mely \u00e9g\u00e9si s\u00e9r\u00fcl\u00e9st, gyullad\u00e1st \u00e9s hegesed\u00e9st okoz. A 100-300 mikrom\u00e9ter \u00e1tm\u00e9r\u0151j\u0171 l\u00e9zerg\u00f3cokat sakkt\u00e1bla alakzatban helyezz\u00fck el, \u00edgy a kezel\u00e9s nem okoz jelent\u0151s l\u00e1t\u00f3t\u00e9r-kies\u00e9st \u00e9s l\u00e1t\u00e1sroml\u00e1st. A l\u00e9zerkezel\u00e9s a l\u00e1t\u00f3h\u00e1rtya ter\u00e1pi\u00e1s c\u00e9l\u00fa, c\u00e9lzott, korl\u00e1tozott elpuszt\u00edt\u00e1sa. A szemfen\u00e9ki l\u00e9zerkezel\u00e9st\u0151l nem v\u00e1rhat\u00f3 l\u00e1t\u00e1sjavul\u00e1s, de sikeres esetben a &hellip;<\/p>\n","protected":false},"author":178,"featured_media":0,"parent":276,"menu_order":2,"comment_status":"open","ping_status":"open","template":"","meta":{"_acf_changed":false,"footnotes":""},"categories":[],"tags":[],"class_list":["post-286","page","type-page","status-publish","hentry"],"acf":[],"_links":{"self":[{"href":"https:\/\/semmelweis.hu\/szemeszet\/wp-json\/wp\/v2\/pages\/286","targetHints":{"allow":["GET"]}}],"collection":[{"href":"https:\/\/semmelweis.hu\/szemeszet\/wp-json\/wp\/v2\/pages"}],"about":[{"href":"https:\/\/semmelweis.hu\/szemeszet\/wp-json\/wp\/v2\/types\/page"}],"author":[{"embeddable":true,"href":"https:\/\/semmelweis.hu\/szemeszet\/wp-json\/wp\/v2\/users\/178"}],"replies":[{"embeddable":true,"href":"https:\/\/semmelweis.hu\/szemeszet\/wp-json\/wp\/v2\/comments?post=286"}],"version-history":[{"count":1,"href":"https:\/\/semmelweis.hu\/szemeszet\/wp-json\/wp\/v2\/pages\/286\/revisions"}],"predecessor-version":[{"id":287,"href":"https:\/\/semmelweis.hu\/szemeszet\/wp-json\/wp\/v2\/pages\/286\/revisions\/287"}],"up":[{"embeddable":true,"href":"https:\/\/semmelweis.hu\/szemeszet\/wp-json\/wp\/v2\/pages\/276"}],"wp:attachment":[{"href":"https:\/\/semmelweis.hu\/szemeszet\/wp-json\/wp\/v2\/media?parent=286"}],"wp:term":[{"taxonomy":"category","embeddable":true,"href":"https:\/\/semmelweis.hu\/szemeszet\/wp-json\/wp\/v2\/categories?post=286"},{"taxonomy":"post_tag","embeddable":true,"href":"https:\/\/semmelweis.hu\/szemeszet\/wp-json\/wp\/v2\/tags?post=286"}],"curies":[{"name":"wp","href":"https:\/\/api.w.org\/{rel}","templated":true}]}}

A szemfenéki lézerkezelésekről

<p>A szemfenéki lézerkezelés során fókuszált lézerfényt juttatunk a látóhártya meghatározott területeire, mely égési sérülést, gyulladást és hegesedést okoz. A 100-300 mikrométer átmérőjű lézergócokat sakktábla alakzatban helyezzük el, így a kezelés nem okoz jelentős látótér-kiesést és látásromlást. A lézerkezelés a látóhártya terápiás célú, célzott, korlátozott elpusztítása. A szemfenéki lézerkezeléstől nem várható látásjavulás, de sikeres esetben a látásromlás megállítható illetve megelőzhető vele.<br />
Szemfenéki lézerkezelésre több okból kerülhet sor:</p>
<p>1. Súlyos oxigénhiánnyal és érújdonképződéssel járó látóhártya elváltozások kezelésére (pl. cukorbetegség, szemfenéki trombózis) u.n. pánretinális, vagyis az éleslátás helyén kívül a látóhártya teljes területét érintő lézerkezelést végzünk. A látóhártyára 2-3 alkalommal összesen kb. 3000 lézergócot helyezünk el. Ezzel csökken a látóhártya oxigénigénye, és az érújdonképződést serkentő anyagok felszabadulása.</p>
<p>2. A cukorbetegség talaján kialakult makulaödéma (az éleslátás helyének vizenyője) lézerkezelése során a vizenyőt okozó eltéréseket pusztítjuk el, illetve a látóhártya alatti sejtrétegen keresztül utat nyitunk a vizenyő felszívódásához. A kezelés az éleslátás helyének közvetlen környezetében történik, hatására pedig 50%-kal csökken a későbbi látásromlás esélye.</p>
<p>3. A látóhártya szakadásai könnyen vezethetnek a látóhártya leválásához. Az időben elvégzett lézerkezelés képes a látóhártya leválást megakadályozni azáltal, hogy a szakadás körül a látóhártyát az alatta fekvő réteghez hegesíti, így a szakadáson keresztül nem tud folyadék kerülni a látóhártya alá.<br />
A szemfenéki lézerkezelés szemfelszíni érzéstelenítés és pupillatágítás után történik. A kezelendő szemre speciális lencse kerül. Fontos, hogy a páciens a kezelés során folyamatosan egy pontra nézzen, és ne végezzen olyan szemmozgást, melyre a kezelőorvosa nem számíthat. Lézerkezelés után átmenetileg kifejezetten homályos lehet a páciens látása, ez azonban pár perc alatt sokat javul, és másnapra visszaáll a kezelés előtti állapot. A kezelés napján előfordulhat szúró érzés a szemben, mely hatásosan csökkenthető műkönny.</p>

<p>A szemfenéki lézerkezelés során fókuszált lézerfényt juttatunk a látóhártya meghatározott területeire, mely égési sérülést, gyulladást és hegesedést okoz. A 100-300 mikrométer átmérőjű lézergócokat sakktábla alakzatban helyezzük el, így a kezelés nem okoz jelentős látótér-kiesést és látásromlást. A lézerkezelés a látóhártya terápiás célú, célzott, korlátozott elpusztítása. A szemfenéki lézerkezeléstől nem várható látásjavulás, de sikeres esetben a &hellip;</p>
