{"id":1786,"date":"2023-04-04T12:12:55","date_gmt":"2023-04-04T10:12:55","guid":{"rendered":"https:\/\/semmelweis.hu\/szemeszet\/?page_id=1786"},"modified":"2023-04-27T15:20:30","modified_gmt":"2023-04-27T13:20:30","slug":"beziehung","status":"publish","type":"page","link":"https:\/\/semmelweis.hu\/szemeszet\/de\/beziehung\/","title":{"rendered":"Beziehung"},"content":{"rendered":"<h3>AUGENHEILKUNDE<\/h3>\n<p><strong>Direktor:<\/strong> Dr. Zolt\u00e1n Zsolt Nagy, Universit\u00e4tsprofessor <br \/>\n<strong>Adresse:<\/strong> 1085 Budapest, M\u00e1ria strasse 39. <br \/>\n<strong>Postanschrift:<\/strong> 1085 Budapest, \u00dcll\u0151i Stra\u00dfe 26.\u00a0 1428 Budapest, Pf.2. <br \/>\n<strong>Telefon:\u00a0<\/strong>+36 1 459-1500 \/54500<\/p>\n<p><strong>Gesch\u00e4ftsf\u00fchrendes Sekretariat:<\/strong> <br \/>\n<strong>Telefon:<\/strong> +36 1\u00a0 303-9435 \/ 54611, +36 1 267-4951 \/ 54534 <br \/>\n<strong>Fax:<\/strong> +36 1 210-0309 <br \/>\n<strong>Email:<\/strong> <a href=\"mailto:titkarsag.szem@med.semmelweis-univ.hu\">titkarsag.szem@med.semmelweis-univ.hu<\/a><\/p>\n\n<!-- iframe plugin v.4.9 wordpress.org\/plugins\/iframe\/ -->\n<iframe loading=\"lazy\" src=\"https:\/\/www.google.com\/maps\/embed?pb=!1m18!1m12!1m3!1d2696.105921891792!2d19.06605141562634!3d47.487849879176935!2m3!1f0!2f0!3f0!3m2!1i1024!2i768!4f13.1!3m3!1m2!1s0x4741dc59bb7056cd%3A0xad0ca743671a3968!2sSemmelweis+Egyetem+Szem%C3%A9szeti+Klinika!5e0!3m2!1shu!2shu!4v1503565039149\" width=\"100%\" height=\"400\" scrolling=\"yes\" class=\"iframe-class\" frameborder=\"0\"><\/iframe>\n\n","protected":false},"excerpt":{"rendered":"<p>AUGENHEILKUNDE<br \/>\nDirektor: Dr. Zolt\u00e1n Zsolt Nagy, Universit\u00e4tsprofessor<br \/>\nAdresse: 1085 Budapest, M\u00e1ria strasse 39.<br \/>\nPostanschrift: 1085 Budapest, \u00dcll\u0151i Stra\u00dfe 26.\u00a0 1428 Budapest, Pf.2.<br \/>\nTelefon:\u00a0+36 1 459-1500 \/54500<br \/>\nGesch\u00e4ftsf\u00fchrendes Sekretariat:<br \/>\nTelefon: +36 1\u00a0 303-9435 \/ 54611, +36 1 267-4951 \/ 54534<br \/>\nFax: +36 1 210-0309<br \/>\nEmail: <a href=\"mailto:titkarsag.szem@med.semmelweis-univ.hu\">titkarsag.szem@med.semmelweis-univ.hu<\/a><\/p>\n","protected":false},"author":178,"featured_media":0,"parent":0,"menu_order":3,"comment_status":"closed","ping_status":"closed","template":"template-fullwidth.php","meta":{"_acf_changed":false,"footnotes":""},"categories":[],"tags":[],"class_list":["post-1786","page","type-page","status-publish","hentry"],"acf":[],"_links":{"self":[{"href":"https:\/\/semmelweis.hu\/szemeszet\/wp-json\/wp\/v2\/pages\/1786","targetHints":{"allow":["GET"]}}],"collection":[{"href":"https:\/\/semmelweis.hu\/szemeszet\/wp-json\/wp\/v2\/pages"}],"about":[{"href":"https:\/\/semmelweis.hu\/szemeszet\/wp-json\/wp\/v2\/types\/page"}],"author":[{"embeddable":true,"href":"https:\/\/semmelweis.hu\/szemeszet\/wp-json\/wp\/v2\/users\/178"}],"replies":[{"embeddable":true,"href":"https:\/\/semmelweis.hu\/szemeszet\/wp-json\/wp\/v2\/comments?post=1786"}],"version-history":[{"count":2,"href":"https:\/\/semmelweis.hu\/szemeszet\/wp-json\/wp\/v2\/pages\/1786\/revisions"}],"predecessor-version":[{"id":1925,"href":"https:\/\/semmelweis.hu\/szemeszet\/wp-json\/wp\/v2\/pages\/1786\/revisions\/1925"}],"wp:attachment":[{"href":"https:\/\/semmelweis.hu\/szemeszet\/wp-json\/wp\/v2\/media?parent=1786"}],"wp:term":[{"taxonomy":"category","embeddable":true,"href":"https:\/\/semmelweis.hu\/szemeszet\/wp-json\/wp\/v2\/categories?post=1786"},{"taxonomy":"post_tag","embeddable":true,"href":"https:\/\/semmelweis.hu\/szemeszet\/wp-json\/wp\/v2\/tags?post=1786"}],"curies":[{"name":"wp","href":"https:\/\/api.w.org\/{rel}","templated":true}]}}